--
-- Host: localhost    Database: smrphvco_medication
-- ------------------------------------------------------


--
-- Table structure for table `device`
--

CREATE TABLE `device` (
  `id` int(11) NOT NULL AUTO_INCREMENT,
  `gcm` varchar(255) NOT NULL,
  `patient_id` varchar(50) NOT NULL,
  `os` varchar(10) NOT NULL,
  PRIMARY KEY (`id`)
) ENGINE=MyISAM AUTO_INCREMENT=58 DEFAULT CHARSET=latin1;

--
-- Dumping data for table `device`
--

INSERT INTO `device` VALUES (40,'9ff9b66f-26bb-4aa5-ada4-7e54f08351ae','123','ios'),(41,'9ff9b66f-26bb-4aa5-ada4-7e54f08351ae','123','ios'),(42,'9ff9b66f-26bb-4aa5-ada4-7e54f08351ae','123','ios'),(43,'9ff9b66f-26bb-4aa5-ada4-7e54f08351ae','123','ios'),(44,'a5c4fb77-9619-4373-8170-c8fe449edef1','123','ios'),(45,'APA91bEE7VHlh6eDjj_pq0Rmf5cgzyjfYNY2oespAxMQVc44hwBYb5ctM9IHJBAGSS0aHFttyxcupAXjkPy1RC0mEL1R3I_ZGtYvRHritbvdCWugfCGXVpY','ianama','android'),(46,'9ff9b66f-26bb-4aa5-ada4-7e54f08351ae','123','ios'),(47,'9ff9b66f-26bb-4aa5-ada4-7e54f08351ae','123','ios'),(48,'a5c4fb77-9619-4373-8170-c8fe449edef1','Welby','ios'),(49,'9ff9b66f-26bb-4aa5-ada4-7e54f08351ae','123','ios'),(50,'cfe7e025-a848-460e-be04-f6f106a34666','123','ios'),(51,'cfe7e025-a848-460e-be04-f6f106a34666','Welby','ios'),(52,'9ff9b66f-26bb-4aa5-ada4-7e54f08351ae','123','ios'),(53,'9ff9b66f-26bb-4aa5-ada4-7e54f08351ae','D3','ios'),(54,'9ff9b66f-26bb-4aa5-ada4-7e54f08351ae','D3','ios'),(55,'9ff9b66f-26bb-4aa5-ada4-7e54f08351ae','123','ios'),(56,'9ff9b66f-26bb-4aa5-ada4-7e54f08351ae','new123','ios'),(57,'9ff9b66f-26bb-4aa5-ada4-7e54f08351ae','new123','ios');

--
-- Table structure for table `mapping`
--

CREATE TABLE `mapping` (
  `patient_id` varchar(50) NOT NULL,
  `patient_name` varchar(100) NOT NULL,
  `record_id` varchar(50) NOT NULL,
  `created` datetime NOT NULL,
  PRIMARY KEY (`patient_id`)
) ENGINE=MyISAM DEFAULT CHARSET=latin1;

--
-- Dumping data for table `mapping`
--

INSERT INTO `mapping` VALUES ('123','ONE TESTPATIENT','TESON000','2016-04-03 21:41:11'),('687640218','ANTHONY TESTAVERDE','TESAN000','2016-04-04 02:45:24'),('new123','CHRISTOPHER ','COLCH001','2016-04-12 02:14:43');

--
-- Table structure for table `medlist`
--

CREATE TABLE `medlist` (
  `patient_id` varchar(50) NOT NULL,
  `med_id` int(11) NOT NULL AUTO_INCREMENT,
  `med_name` varchar(50) CHARACTER SET utf8 COLLATE utf8_unicode_ci NOT NULL,
  `dosage` varchar(50) CHARACTER SET utf8 COLLATE utf8_unicode_ci NOT NULL,
  `time_per_day` int(3) NOT NULL,
  `active_ind` tinyint(1) NOT NULL,
  `num_dosages` int(4) NOT NULL,
  `num_refills` int(4) NOT NULL,
  `end_date` datetime NOT NULL,
  `date` datetime NOT NULL,
  `creator` varchar(50) NOT NULL,
  `updater` varchar(50) NOT NULL,
  `update_action` varchar(20) NOT NULL,
  `update_time` datetime NOT NULL,
  PRIMARY KEY (`patient_id`,`med_id`)
) ENGINE=MyISAM DEFAULT CHARSET=latin1;

--
-- Dumping data for table `medlist`
--

INSERT INTO `medlist` VALUES ('123',1,'TEST MED 1 Capsule','',1,1,3,0,'2016-04-06 21:41:11','2016-04-03 21:41:11','123','123','CREATED','2016-04-03 21:41:11'),('123',2,'Test2','300mg',4,1,100,3,'2016-04-28 22:03:56','2016-04-03 22:03:56','123','123','CREATED','2016-04-03 22:03:56'),('687640218',1,'HAPPY PILL Capsule','',1,1,3,0,'2016-04-07 02:45:24','2016-04-04 02:45:24','687640218','687640218','CREATED','2016-04-04 02:45:24'),('123',3,'Heroin','1000',5,0,2,30,'2016-04-05 18:49:32','2016-04-05 18:49:32','Welby','Welby','CHANGED','2016-04-05 18:49:43'),('123',4,'Heroin','1000',5,1,2,30,'2016-04-05 18:49:43','2016-04-05 18:49:43','Welby','Welby','CREATED','2016-04-05 18:49:43'),('123',5,'TEST1','100mg',5,1,30,3,'2016-04-18 01:55:09','2016-04-12 01:55:09','123','123','CREATED','2016-04-12 01:55:09'),('new123',1,'COREG Capsule 20 MG','',1,1,1,0,'2016-04-13 02:14:43','2016-04-12 02:14:43','new123','new123','CREATED','2016-04-12 02:14:43'),('new123',2,'ENALAPRIL MALEATE Tablet 20 MG','',1,1,1,0,'2016-04-13 02:14:43','2016-04-12 02:14:43','new123','new123','CREATED','2016-04-12 02:14:43'),('new123',3,'HYDROCHLOROTHIAZIDE Tablet 12.5 MG','',1,1,1,0,'2016-04-13 02:14:43','2016-04-12 02:14:43','new123','new123','CREATED','2016-04-12 02:14:43'),('new123',4,'FUROSEMIDE Tablet 20 MG','',1,1,1,0,'2016-04-13 02:14:43','2016-04-12 02:14:43','new123','new123','CREATED','2016-04-12 02:14:43'),('new123',5,'AZELASTINE HCL Drops 0.05 %','',1,1,1,0,'2016-04-13 02:14:43','2016-04-12 02:14:43','new123','new123','CREATED','2016-04-12 02:14:43'),('new123',6,'CHOLESTYRAMINE SCOOP 4 GM','',1,1,1,0,'2016-04-13 02:14:43','2016-04-12 02:14:43','new123','new123','CREATED','2016-04-12 02:14:43'),('new123',7,'ZOLOFT Tablet 25 MG/ML','',1,1,1,0,'2016-04-13 02:14:43','2016-04-12 02:14:43','new123','new123','CREATED','2016-04-12 02:14:43'),('new123',8,'HUMULIN R 10 MG','',1,1,1,0,'2016-04-13 02:14:43','2016-04-12 02:14:43','new123','new123','CREATED','2016-04-12 02:14:43'),('new123',9,'SERTRALINE HCL 50 MG','',1,1,1,0,'2016-04-13 02:14:43','2016-04-12 02:14:43','new123','new123','CREATED','2016-04-12 02:14:43'),('new123',10,'CHOLESTERINE','',1,1,1,0,'2016-04-13 02:14:43','2016-04-12 02:14:43','new123','new123','CREATED','2016-04-12 02:14:43'),('new123',11,'ASPIRIN Tablet 81 MG','',1,1,1,0,'2016-04-13 02:14:43','2016-04-12 02:14:43','new123','new123','CREATED','2016-04-12 02:14:43'),('new123',12,'AZELASTINE HCL Drops 0.05 %','',1,1,1,0,'2016-04-13 02:14:43','2016-04-12 02:14:43','new123','new123','CREATED','2016-04-12 02:14:43'),('new123',13,'METOPROLOL ER Tablet 50 MG','',1,1,1,0,'2016-04-13 02:14:43','2016-04-12 02:14:43','new123','new123','CREATED','2016-04-12 02:14:43'),('new123',14,'HYDROCHLOROTHIAZIDE Tablet 20 MG','',1,1,1,0,'2016-04-13 02:14:43','2016-04-12 02:14:43','new123','new123','CREATED','2016-04-12 02:14:43'),('new123',15,'AMIODARONE Capsule 200 MG','',1,1,1,0,'2016-04-13 02:14:43','2016-04-12 02:14:43','new123','new123','CREATED','2016-04-12 02:14:43'),('new123',16,'HUMULIN R 10 MG','',1,1,1,0,'2016-04-13 02:14:43','2016-04-12 02:14:43','new123','new123','CREATED','2016-04-12 02:14:43'),('new123',17,'AMIODARONE HCL Capsule 200 MG','',1,1,1,0,'2016-04-13 02:14:43','2016-04-12 02:14:43','new123','new123','CREATED','2016-04-12 02:14:43'),('new123',18,'AMIODARONE HCL Capsule 200 MG','',1,1,1,0,'2016-04-13 02:14:43','2016-04-12 02:14:43','new123','new123','CREATED','2016-04-12 02:14:43'),('new123',19,'AMIODARONE HCL Capsule 200 MG','',1,1,1,0,'2016-04-13 02:14:43','2016-04-12 02:14:43','new123','new123','CREATED','2016-04-12 02:14:43'),('new123',20,'AMIODARONE HCL Capsule 200 MG','',1,1,1,0,'2016-04-13 02:14:43','2016-04-12 02:14:43','new123','new123','CREATED','2016-04-12 02:14:43'),('new123',21,'HUMULIN R','',1,1,1,0,'2016-04-13 02:14:43','2016-04-12 02:14:43','new123','new123','CREATED','2016-04-12 02:14:43'),('new123',22,'COREG CR Capsule ER 24HR 80 MG','',1,1,2,0,'2016-04-14 02:14:43','2016-04-12 02:14:43','new123','new123','CREATED','2016-04-12 02:14:43'),('new123',23,'AMIODARONE HCL Tablet 200 MG','',1,1,2,0,'2016-04-14 02:14:43','2016-04-12 02:14:43','new123','new123','CREATED','2016-04-12 02:14:43'),('new123',24,'LOVAZA Capsule 1 GM','',1,1,2,0,'2016-04-14 02:14:43','2016-04-12 02:14:43','new123','new123','CREATED','2016-04-12 02:14:43'),('new123',25,'COREG CR Capsule ER 24HR 80 MG','',1,1,12,0,'2016-04-24 02:14:43','2016-04-12 02:14:43','new123','new123','CREATED','2016-04-12 02:14:43'),('new123',26,'AMIODARONE HCL Tablet 200 MG','',1,1,2,0,'2016-04-14 02:14:43','2016-04-12 02:14:43','new123','new123','CREATED','2016-04-12 02:14:43'),('new123',27,'LOVAZA Capsule 1 GM','',1,1,2,0,'2016-04-14 02:14:43','2016-04-12 02:14:43','new123','new123','CREATED','2016-04-12 02:14:43'),('new123',28,'AMIODARONE HCL Tablet 200 MG','',1,1,2,0,'2016-04-14 02:14:43','2016-04-12 02:14:43','new123','new123','CREATED','2016-04-12 02:14:43'),('new123',29,'COREG CR Capsule ER 24HR 80 MG','',1,1,4,0,'2016-04-16 02:14:43','2016-04-12 02:14:43','new123','new123','CREATED','2016-04-12 02:14:43'),('new123',30,'LANTUS FOR OPTICLIK Injection 30 UNIT/ML','',1,1,1,0,'2016-04-13 02:14:43','2016-04-12 02:14:43','new123','new123','CREATED','2016-04-12 02:14:43'),('new123',31,'LISINOPRIL Tablet 20 MG','',1,1,1,0,'2016-04-13 02:14:43','2016-04-12 02:14:43','new123','new123','CREATED','2016-04-12 02:14:43'),('new123',32,'CLARITIN-D 12 HOUR Tablet 10 MG','',1,1,1,0,'2016-04-13 02:14:43','2016-04-12 02:14:43','new123','new123','CREATED','2016-04-12 02:14:43'),('new123',33,'ZOLOFT Tablet 150 MG','',1,1,1,0,'2016-04-13 02:14:43','2016-04-12 02:14:43','new123','new123','CREATED','2016-04-12 02:14:43'),('new123',34,'ASPIRIN Tablet 81 MG','',1,1,1,0,'2016-04-13 02:14:43','2016-04-12 02:14:43','new123','new123','CREATED','2016-04-12 02:14:43'),('new123',35,'FUROSEMIDE Tablet 20 MG','',1,1,1,0,'2016-04-13 02:14:43','2016-04-12 02:14:43','new123','new123','CREATED','2016-04-12 02:14:43'),('new123',36,'CHOLESTERINE Powder','',1,1,1,0,'2016-04-13 02:14:43','2016-04-12 02:14:43','new123','new123','CREATED','2016-04-12 02:14:43'),('new123',37,'EYEDROPS OTC Solution','',1,1,1,0,'2016-04-13 02:14:43','2016-04-12 02:14:43','new123','new123','CREATED','2016-04-12 02:14:43'),('new123',38,'HUMALOG Solution 100 UNIT/ML','',1,1,1,0,'2016-04-13 02:14:43','2016-04-12 02:14:43','new123','new123','CREATED','2016-04-12 02:14:43'),('new123',39,'OMEGA 3 Caps DR 340 MG','',1,1,1,0,'2016-04-13 02:14:43','2016-04-12 02:14:43','new123','new123','CREATED','2016-04-12 02:14:43'),('new123',40,'AMIODARONE HCL Tablet 200 MG','',1,1,2,0,'2016-04-14 02:14:43','2016-04-12 02:14:43','new123','new123','CREATED','2016-04-12 02:14:43'),('new123',41,'COREG CR Capsule ER 24HR 80 MG','',1,1,2,0,'2016-04-14 02:14:43','2016-04-12 02:14:43','new123','new123','CREATED','2016-04-12 02:14:43'),('new123',42,'AMIODARONE HCL Tablet 200 MG','',1,1,2,0,'2016-04-14 02:14:43','2016-04-12 02:14:43','new123','new123','CREATED','2016-04-12 02:14:43'),('ianama',1,'viagra','50mg',2,1,2,0,'2016-04-21 16:03:53','2016-04-20 16:03:53','ianama','ianama','CREATED','2016-04-20 16:03:53'),('ianama',2,'viagra','50mg',2,1,2,0,'2016-04-21 16:03:56','2016-04-20 16:03:56','ianama','ianama','CREATED','2016-04-20 16:03:56'),('ianama',3,'viagra','50mg',2,1,2,0,'2016-04-21 16:03:57','2016-04-20 16:03:57','ianama','ianama','CREATED','2016-04-20 16:03:57'),('ianama',4,'viagra','50mg',2,1,2,0,'2016-04-21 16:03:58','2016-04-20 16:03:58','ianama','ianama','CREATED','2016-04-20 16:03:58'),('ianama',5,'viagra','50mg',2,1,2,1,'2016-04-21 16:04:04','2016-04-20 16:04:04','ianama','ianama','CREATED','2016-04-20 16:04:04'),('ianama',6,'viagra','50mg',2,1,2,1,'2016-04-21 16:04:09','2016-04-20 16:04:09','ianama','ianama','CREATED','2016-04-20 16:04:09'),('ianama',7,'viagra','50mg',2,1,2,1,'2016-04-21 16:04:10','2016-04-20 16:04:10','ianama','ianama','CREATED','2016-04-20 16:04:10'),('ianama',8,'viagra','50mg',2,1,2,1,'2016-04-21 16:04:14','2016-04-20 16:04:14','ianama','ianama','CREATED','2016-04-20 16:04:14'),('ianama',9,'viagra','50mg',2,1,2,1,'2016-04-21 16:04:23','2016-04-20 16:04:23','ianama','ianama','CREATED','2016-04-20 16:04:23'),('ianama',10,'viagra','50mg',2,1,2,1,'2016-04-21 16:04:24','2016-04-20 16:04:24','ianama','ianama','CREATED','2016-04-20 16:04:24'),('ianama',11,'viagra','50mg',2,1,2,1,'2016-04-21 16:04:25','2016-04-20 16:04:25','ianama','ianama','CREATED','2016-04-20 16:04:25'),('ianama',12,'viagra','50mg',2,1,2,1,'2016-04-21 16:04:26','2016-04-20 16:04:26','ianama','ianama','CREATED','2016-04-20 16:04:26'),('ianama',13,'viagra','50mg',2,1,2,1,'2016-04-21 16:04:29','2016-04-20 16:04:29','ianama','ianama','CREATED','2016-04-20 16:04:29'),('ianama',14,'viagra','50mg',2,1,2,1,'2016-04-21 16:04:52','2016-04-20 16:04:52','ianama','ianama','CREATED','2016-04-20 16:04:52'),('ianama',15,'viagra','50mg',2,1,2,1,'2016-04-21 16:04:53','2016-04-20 16:04:53','ianama','ianama','CREATED','2016-04-20 16:04:53'),('ianama',16,'viagra','50mg',2,1,2,1,'2016-04-21 16:04:54','2016-04-20 16:04:54','ianama','ianama','CREATED','2016-04-20 16:04:54');

--
-- Table structure for table `registration`
--

CREATE TABLE `registration` (
  `id` int(5) NOT NULL AUTO_INCREMENT,
  `macaddress` varchar(17) NOT NULL,
  `phone` varchar(12) NOT NULL,
  `time` timestamp NOT NULL DEFAULT CURRENT_TIMESTAMP,
  `nod_mac` varchar(18) NOT NULL,
  PRIMARY KEY (`id`),
  UNIQUE KEY `id` (`id`)
) ENGINE=MyISAM AUTO_INCREMENT=1904 DEFAULT CHARSET=latin1;

--
-- Dumping data for table `registration`
--

INSERT INTO `registration` VALUES (295,'B4EF3939BCC3','9739145829','2015-11-25 15:03:46','AC:86:74:47:4D:90'),(176,'34A395CECC69','5162815489','2015-11-18 18:11:10','AC:86:74:47:57:A8'),(177,'5C8D4E746CCC','631-5535834','2015-11-18 18:56:03','AC:86:74:43:61:88'),(178,'70:EC:E4:3A:D3:D6','3479181735','2015-11-18 21:06:55','AC:86:74:47:62:48'),(179,'34A3952E3C71','8622131309','2015-11-18 21:49:38','AC:86:74:47:4D:90'),(180,'703EAC5B350F','9737357322','2015-11-18 22:15:36','AC:86:74:47:A2:50'),(181,'E89120AE5562','3478763456','2015-11-18 22:35:30','AC:86:74:47:62:48'),(182,'343111404CE0','9732428852','2015-11-18 22:50:27','AC:86:74:47:A2:50'),(183,'8C006D1C53A4','2120000123','2015-11-18 23:24:27','AC:86:74:43:61:D8'),(294,'703EAC681C23','9738618610','2015-11-25 14:17:54','AC:86:74:47:4D:90'),(186,'60512CA1D550','7184130844','2015-11-18 23:56:28','AC:86:74:47:A2:80'),(293,'78D75FBC9560','2017851142','2015-11-25 13:16:54','AC:86:74:47:A2:50'),(189,'E4CE8F352AB2','6468530622','2015-11-19 00:21:37','AC:86:74:43:61:D8'),(190,'6809276877C5','9177483695','2015-11-19 00:34:28','AC:86:74:47:4C:C8'),(191,'087402D111A5','5164585177','2015-11-19 01:26:26','AC:86:74:43:61:88'),(292,'80006ECBD35D','8622069300','2015-11-25 00:00:26','AC:86:74:47:62:48'),(193,'7831C100384D','9143567843','2015-11-19 14:48:51','AC:86:74:47:62:48'),(291,'1C1AC0BA488D','3473693248','2015-11-24 23:17:26','AC:86:74:43:61:70'),(195,'FCDBB3DFBD1B','8626841619','2015-11-19 15:41:46','AC:86:74:47:A2:50'),(196,'58B03574CAE0','917-626-5710','2015-11-19 15:47:49','AC:86:74:47:57:A8'),(197,'78D75F7646F6','6468721989','2015-11-19 15:57:14','AC:86:74:43:61:88'),(198,'EC1F72872691','8622626988','2015-11-19 16:38:54','AC:86:74:47:A2:50'),(199,'58B03574CAE0','917-626-5710','2015-11-19 16:50:55','AC:86:74:47:57:A8'),(200,'60512CA1D550','7184130844','2015-11-19 17:23:14','AC:86:74:47:A2:80'),(201,'20C9D0CA119B','917-519-9572','2015-11-19 18:32:26','AC:86:74:43:61:88'),(202,'80000BB185CD','777-222-1111','2015-11-19 18:33:27','AC:86:74:47:62:48'),(203,'A8667FCB6534','5513535929','2015-11-19 19:11:19','AC:86:74:43:61:D8'),(204,'8C2DAA87E42D','5168158382','2015-11-19 19:51:39','AC:86:74:43:62:00'),(205,'4CBB5880B6B8','9177483695','2015-11-19 19:54:37','AC:86:74:47:78:A0'),(206,'5CF5DAB60343','5164510055','2015-11-19 20:09:49','AC:86:74:43:61:D8'),(207,'64899A640B1E','2012461952','2015-11-19 20:13:07','AC:86:74:47:A2:50'),(208,'DC2B2A998C46','9174183321','2015-11-19 20:20:31','AC:86:74:43:61:D8'),(290,'9C35EB95F3A2','3473558977','2015-11-24 23:12:16','AC:86:74:43:61:C0'),(210,'A49A583CE51C','8097967194','2015-11-19 21:04:57','AC:86:74:47:62:48'),(211,'4CBB5880B6B8','9177483695','2015-11-19 21:07:05','AC:86:74:47:78:A0'),(212,'64899A640B1E','2012461952','2015-11-19 21:14:23','AC:86:74:47:A2:50'),(213,'7CD1C39568B6','8459268819','2015-11-19 21:20:36','AC:86:74:47:79:38'),(214,'542696E13665','917-770-9572','2015-11-19 23:02:29','AC:86:74:43:61:D8'),(289,'80006E83727A','8625717926','2015-11-24 22:46:44','AC:86:74:47:4D:90'),(216,'4CBB5880B6B8','9177483695','2015-11-20 00:12:47','AC:86:74:47:78:A0'),(288,'80006E83727A','8625717926','2015-11-24 21:03:24','AC:86:74:47:4D:90'),(218,'E8508B571154','3472339308','2015-11-20 01:26:21','AC:86:74:43:61:D8'),(219,'8C006D1C53A4','2120000123','2015-11-20 02:19:31','AC:86:74:43:61:D8'),(220,'58B03574CAE0','917-626-5710','2015-11-20 03:40:42','AC:86:74:47:57:A8'),(287,'544E9033A45E','646-620-0572','2015-11-24 20:56:29','AC:86:74:47:62:48'),(286,'54EAA835617A','3472438020','2015-11-24 20:39:52','AC:86:74:47:62:48'),(223,'58B03574CAE0','917-626-5710','2015-11-20 14:46:49','AC:86:74:47:57:A8'),(224,'B817C213CBC9','9089027109','2015-11-20 15:30:15','AC:86:74:47:4D:90'),(225,'8C5877867345','973-813-5177','2015-11-20 15:50:08','AC:86:74:47:4D:90'),(226,'8C5877867345','973-813-5177','2015-11-20 16:55:02','AC:86:74:47:4D:90'),(227,'60512CA1D550','7184130844','2015-11-20 16:59:43','AC:86:74:47:62:48'),(228,'8C5877867345','973-813-5177','2015-11-20 18:02:56','AC:86:74:47:4D:90'),(229,'60512CA1D550','7184130844','2015-11-20 18:32:12','AC:86:74:47:A2:80'),(230,'88CB874FFC56','3472272014','2015-11-20 18:49:40','AC:86:74:43:61:D8'),(231,'4CBB5880B6B8','9177483695','2015-11-20 18:55:11','AC:86:74:47:78:A0'),(232,'78FD94BE5D45','9173449423','2015-11-20 19:17:59','AC:86:74:47:A2:80'),(233,'24E3147056B3','3478662840','2015-11-20 19:37:17','AC:86:74:47:A2:80'),(234,'4CBB5880B6B8','9177483695','2015-11-20 19:56:40','AC:86:74:47:78:A0'),(235,'10417F855D62','3478599993','2015-11-20 20:15:44','AC:86:74:47:A2:80'),(236,'C01ADAB04D7C','7183001648','2015-11-20 20:51:23','AC:86:74:47:A2:80'),(237,'9CFC01784916','9739860906','2015-11-20 21:06:09','AC:86:74:47:A2:50'),(238,'C0D962397305','3473367340','2015-11-21 15:13:42','AC:86:74:43:61:88'),(239,'C0D962397305','3473367340','2015-11-21 16:24:19','AC:86:74:43:61:88'),(240,'FCC2DE75C5D4','3473367340','2015-11-21 16:27:56','AC:86:74:43:61:88'),(241,'C0D962397305','3473367340','2015-11-21 18:08:44','AC:86:74:43:61:88'),(242,'FCC2DE75C5D4','3473367340','2015-11-21 18:16:01','AC:86:74:43:61:88'),(243,'F02475316996','3472272014','2015-11-21 19:07:49','AC:86:74:43:61:D8'),(244,'C0D962397305','3473367340','2015-11-21 19:17:46','AC:86:74:43:61:88'),(245,'0016E3AA56F6','3473196605','2015-11-21 19:18:10','AC:86:74:43:61:88'),(246,'549F13385CB5','5628627997','2015-11-21 19:43:51','AC:86:74:43:61:B0'),(247,'C0D962397305','3473367340','2015-11-21 20:19:14','AC:86:74:43:61:88'),(248,'58B03574CAE0','917-626-5710','2015-11-22 00:54:46','AC:86:74:47:57:A8'),(249,'60FEC504C699','3477862865','2015-11-22 02:01:48','AC:86:74:43:61:B0'),(250,'E8508B571154','3472339308','2015-11-22 04:13:59','AC:86:74:43:61:D8'),(285,'4CBB5880B6B8','9177483695','2015-11-24 19:32:54','AC:86:74:47:78:A0'),(252,'34A395CECC69','5162815489','2015-11-22 04:20:55','AC:86:74:47:46:10'),(253,'D02DB3E63928','6316391432','2015-11-22 16:10:07','AC:86:74:43:61:D8'),(254,'9CA9E4AA1B27','516-946-3207','2015-11-22 16:41:34','AC:86:74:43:61:D8'),(255,'0088650CB4EC','9738889253','2015-11-22 18:04:12','AC:86:74:47:62:48'),(256,'784B87D294E7','7183005903','2015-11-22 18:28:26','AC:86:74:43:61:88'),(257,'EC35865EE34D','9178620255','2015-11-22 19:49:53','AC:86:74:47:A2:80'),(258,'1834517CA7A0','5613179618','2015-11-22 20:48:34','AC:86:74:43:61:B0'),(259,'7CD1C3E94AF7','516-829-8718','2015-11-22 22:00:58','AC:86:74:43:61:88'),(260,'7CD1C3E94AF7','516-829-8718','2015-11-22 23:01:55','AC:86:74:43:61:88'),(261,'7CD1C3E94AF7','516-829-8718','2015-11-23 00:16:37','AC:86:74:43:61:88'),(284,'D0A6377830CB','8177015428','2015-11-24 18:53:03','AC:86:74:47:62:48'),(263,'18F64362C51E','3472875646','2015-11-23 11:35:32','AC:86:74:43:61:88'),(264,'848506F13FFD','6466069245','2015-11-23 16:06:25','AC:86:74:47:62:48'),(265,'4CBB5880B6B8','9177483695','2015-11-23 16:10:48','AC:86:74:47:78:A0'),(266,'E89120E22F4A','5166413332','2015-11-23 16:15:51','AC:86:74:43:61:D8'),(267,'84100D0B2CAA','9177219713','2015-11-23 17:14:08','AC:86:74:47:62:48'),(268,'4CBB5880B6B8','9177483695','2015-11-23 17:14:55','AC:86:74:47:78:A0'),(269,'4CBB5880B6B8','9177483695','2015-11-23 18:19:19','AC:86:74:47:78:A0'),(270,'CC29F549B245','3478805240','2015-11-23 18:37:43','AC:86:74:47:A2:80'),(271,'400E855848CF','5168844480','2015-11-23 18:49:48','AC:86:74:43:61:B0'),(272,'544E90B7B4AE','3473647992','2015-11-23 19:37:12','AC:86:74:47:A2:80'),(273,'903C926CB785','6314454345','2015-11-23 20:24:04','AC:86:74:43:61:D8'),(274,'84100D0B2CAA','9177219713','2015-11-23 20:30:39','AC:86:74:47:62:48'),(275,'D0331164BB66','545-555-8658','2015-11-23 21:38:05','AC:86:74:47:A2:50'),(276,'A4B80579AE04','9737478933','2015-11-23 22:17:23','AC:86:74:47:4D:90'),(277,'2C8A7283734D','8622369931','2015-11-23 22:20:12','AC:86:74:47:A2:50'),(278,'60512CA1D550','7184130844','2015-11-23 22:58:59','AC:86:74:47:A2:80'),(279,'1040F3268F5E','3479988821','2015-11-23 23:12:01','AC:86:74:47:62:48'),(280,'D8004DF40135','6467965270','2015-11-24 01:11:05','AC:86:74:47:A2:80'),(281,'3C15C2DDD5D6','9144146249','2015-11-24 16:57:09','AC:86:74:43:61:70'),(282,'848E0C9CF400','2016814344','2015-11-24 17:57:10','AC:86:74:47:4D:90'),(283,'60512CA1D550','7184130844','2015-11-24 17:58:40','AC:86:74:47:A2:80'),(296,'A4B8058966E7','9179390068','2015-11-25 15:06:52','AC:86:74:47:A2:50'),(297,'D4F46F8F5B5E','9738618538','2015-11-25 15:08:48','AC:86:74:47:4D:90'),(307,'4CBB5880B6B8','9177483695','2015-11-25 17:58:30','AC:86:74:47:78:A0'),(332,'64BC0C0E0A74','6462715842','2015-11-26 21:30:29','AC:86:74:43:61:D8'),(331,'D02DB3E63928','6316391432','2015-11-26 17:05:56','AC:86:74:43:61:88'),(308,'848E0C33CB2E','862-571-6212','2015-11-25 18:17:44','AC:86:74:47:A2:50'),(309,'00F76FEFB212','646-584-1838','2015-11-25 18:40:35','AC:86:74:47:A2:80'),(310,'C8F65064DB9F','646-584-1838','2015-11-25 18:41:48','AC:86:74:47:62:48'),(311,'70ECE4DF3A2B','973-615-9181','2015-11-25 18:46:10','AC:86:74:47:A2:50'),(312,'F0247507B9C0','917-334-3830','2015-11-25 19:10:08','AC:86:74:43:61:D8'),(313,'2CF0EE337D20','7186794159','2015-11-25 19:39:19','AC:86:74:47:62:48'),(314,'F02475A0BDC3','7186794159','2015-11-25 19:40:37','AC:86:74:47:A2:80'),(315,'70ECE4DF3A2B','973-615-9181','2015-11-25 19:55:33','AC:86:74:47:4D:90'),(316,'440010660097','5163134999','2015-11-25 20:53:50','AC:86:74:43:62:00'),(317,'BC52B7B0D07D','5615040964','2015-11-25 21:19:10','AC:86:74:43:61:B0'),(318,'703EAC5B350F','9737357322','2015-11-25 21:23:15','AC:86:74:47:A2:50'),(319,'2C8A7283734D','8622369931','2015-11-25 22:08:20','AC:86:74:47:A2:50'),(322,'4CBB5880B6B8','9177483695','2015-11-25 22:33:20','AC:86:74:47:78:A0'),(325,'94E96ABB6CFA','9175543056','2015-11-25 22:53:28','AC:86:74:43:61:D8'),(326,'94E96AA22467','9756754321','2015-11-25 23:16:25','AC:86:74:47:46:10'),(327,'4CBB5880B6B8','9177483695','2015-11-25 23:35:51','AC:86:74:47:78:A0'),(328,'ACBC3215D1EB','5162831836','2015-11-26 06:59:48','AC:86:74:43:61:D8'),(329,'60512CA1D550','7184130844','2015-11-26 15:00:37','AC:86:74:47:A2:80'),(330,'D025984BB4C7','3479136308','2015-11-26 16:07:15','AC:86:74:47:62:48'),(333,'D0A637860D76','6267419692','2015-11-26 22:31:30','AC:86:74:47:62:48'),(334,'FCC2DE4B2533','7188393370','2015-11-27 04:29:16','AC:86:74:43:61:D8'),(335,'60512CA1D550','7184130844','2015-11-27 11:40:55','AC:86:74:47:62:48'),(336,'A8667FE57CB2','6467505152','2015-11-27 14:08:44','AC:86:74:47:62:48'),(337,'90187CACBC45','315-212-1031','2015-11-27 14:21:14','AC:86:74:43:61:D8'),(343,'60512CA1D550','7184130844','2015-11-27 15:55:57','AC:86:74:47:62:48'),(344,'18F64384D053','6467276962','2015-11-27 15:58:02','AC:86:74:47:A2:80'),(345,'784B87DF2255','973-704-5755','2015-11-27 16:18:47','AC:86:74:47:A2:50'),(346,'9CF3871B5D76','5169966376','2015-11-27 17:24:27','AC:86:74:43:61:D8'),(347,'7014A63FDDCC','718-320-0388','2015-11-27 17:34:08','AC:86:74:47:A2:80'),(348,'4CBB5880B6B8','9177483695','2015-11-27 17:45:04','AC:86:74:47:78:A0'),(349,'30766FFDE66B','9732046696','2015-11-27 18:02:03','AC:86:74:47:A2:50'),(350,'4CBB5880B6B8','9177483695','2015-11-27 19:05:17','AC:86:74:47:78:A0'),(351,'70ECE4DF3A2B','973-615-9181','2015-11-27 19:55:17','AC:86:74:47:A2:50'),(352,'F437B79378A3','3477980659','2015-11-27 20:20:38','AC:86:74:47:A2:80'),(353,'60512CA1D550','7184130844','2015-11-27 20:25:40','AC:86:74:47:A2:80'),(354,'78D75F149E35','6463736609','2015-11-27 20:53:29','AC:86:74:47:A2:80'),(356,'70ECE4DF3A2B','973-615-9181','2015-11-27 22:02:16','AC:86:74:47:A2:50'),(357,'903C92AD91CD','5619980364','2015-11-27 22:41:47','AC:86:74:43:61:B0'),(358,'F0DBE26179F2','5614453212','2015-11-27 22:50:17','AC:86:74:47:46:10'),(359,'544E90D24A04','6462916328','2015-11-28 12:39:04','AC:86:74:43:61:D8'),(360,'9CF3871B5D76','5169966376','2015-11-28 17:18:52','AC:86:74:43:61:D8'),(361,'A88808349CA9','5163155237','2015-11-28 21:53:41','AC:86:74:43:61:88'),(362,'544E90D847B3','3478723545','2015-11-28 22:23:27','AC:86:74:43:61:D8'),(365,'58A2B5790F22','5164233501','2015-11-29 14:25:47','AC:86:74:43:61:88'),(1692,'CC29F552786D','5619850615','2016-03-18 21:41:30','AC:86:74:47:46:10'),(1691,'B418D13CD715','9548717144','2016-03-18 20:43:20','AC:86:74:47:46:10'),(369,'BC4CC489E1C9','5616544981','2015-11-29 15:34:44','AC:86:74:43:61:B0'),(1690,'B898F7050DA9','9176153612','2016-03-18 20:15:52','AC:86:74:47:A2:80'),(371,'D02DB3E63928','6316391432','2015-11-29 17:44:52','AC:86:74:43:61:D8'),(372,'D0A637860D76','6267419692','2015-11-29 17:46:19','AC:86:74:47:A2:80'),(373,'78D75F18DD5F','5619290710','2015-11-29 19:16:05','AC:86:74:43:61:B0'),(374,'48E9F144F79B','9149436332','2015-11-29 19:30:23','AC:86:74:47:62:48'),(375,'A81B5A66FBB1','6468753203','2015-11-29 20:45:49','AC:86:74:47:45:E8'),(376,'6092170E7E3A','5517956523','2015-11-29 21:36:17','AC:86:74:47:A2:50'),(377,'60512CA1D550','7184130844','2015-11-29 23:06:01','AC:86:74:47:A2:80'),(378,'48E9F144F79B','9149436332','2015-11-30 00:11:53','AC:86:74:47:62:48'),(379,'34A395018351','973-590-4627','2015-11-30 12:23:18','AC:86:74:47:4D:90'),(380,'30F7C5A8AEF7','8622027850','2015-11-30 14:52:32','AC:86:74:47:4D:90'),(381,'FCC2DEAA811B','9739802307','2015-11-30 15:51:35','AC:86:74:47:4D:90'),(382,'B8C75DB6D6AA','9739145829','2015-11-30 16:07:03','AC:86:74:47:A2:50'),(383,'30F7C5A8AEF7','8622027850','2015-11-30 16:23:03','AC:86:74:47:4D:90'),(384,'60512CA1D550','7184130844','2015-11-30 16:24:38','AC:86:74:47:A2:80'),(385,'10417F73C186','2012478673','2015-11-30 16:43:30','AC:86:74:47:4D:90'),(386,'8C29373F4EB8','9736092599','2015-11-30 17:27:28','AC:86:74:47:A2:50'),(387,'CC20E8109443','8687991067','2015-11-30 18:20:34','AC:86:74:47:46:10'),(388,'4CBB5880B6B8','9177483695','2015-11-30 20:04:28','AC:86:74:47:78:A0'),(389,'D0A63773C93C','3472083945','2015-11-30 20:13:04','AC:86:74:47:A2:80'),(390,'6809276877C5','9177483695','2015-11-30 21:05:20','AC:86:74:47:78:A0'),(391,'4CBB5880B6B8','9177483695','2015-11-30 21:05:31','AC:86:74:47:78:A0'),(392,'BC79AD2FA8E0','9732305454','2015-11-30 22:23:10','AC:86:74:47:A2:50'),(393,'4CBB5880B6B8','9177483695','2015-11-30 22:26:12','AC:86:74:47:78:A0'),(394,'68AE208254C0','9148003426','2015-11-30 23:47:17','AC:86:74:47:62:48'),(395,'0088656C4D31','7183204811','2015-11-30 23:59:48','AC:86:74:47:A2:80'),(396,'D025984BB4C7','3479136308','2015-12-01 01:15:54','AC:86:74:47:A2:80'),(397,'4CBB5880B6B8','9177483695','2015-12-01 03:03:49','AC:86:74:47:4C:C8'),(398,'4CBB5880B6B8','9177483695','2015-12-01 04:04:53','AC:86:74:47:4C:C8'),(399,'4CBB5880B6B8','9177483695','2015-12-01 05:07:07','AC:86:74:47:4C:C8'),(400,'4CBB5880B6B8','9177483695','2015-12-01 12:16:36','AC:86:74:47:4C:C8'),(401,'4CBB5880B6B8','9177483695','2015-12-01 15:29:13','AC:86:74:47:78:A0'),(402,'505527D955C0','8629445274','2015-12-01 15:39:06','AC:86:74:47:4D:90'),(403,'6092174AD0DF','3473725648','2015-12-01 15:49:06','AC:86:74:47:62:48'),(404,'4CBB5880B6B8','9177483695','2015-12-01 16:31:56','AC:86:74:47:78:A0'),(405,'505527D955C0','8629445274','2015-12-01 16:59:44','AC:86:74:47:4D:90'),(406,'4CBB5880B6B8','9177483695','2015-12-01 17:33:19','AC:86:74:47:78:A0'),(407,'F437B771E38D','0509759331','2015-12-01 18:37:45','AC:86:74:47:46:10'),(408,'4CBB5880B6B8','9177483695','2015-12-01 19:10:03','AC:86:74:47:78:A0'),(409,'D02598BFAFFB','2873683158','2015-12-01 21:15:06','AC:86:74:47:A2:80'),(410,'703EAC5B350F','9737357322','2015-12-01 21:44:17','AC:86:74:47:A2:50'),(411,'A039F7118EE0','8637726821','2015-12-01 22:46:01','AC:86:74:47:A2:50'),(412,'4CBB5880B6B8','9177483695','2015-12-01 22:53:02','AC:86:74:47:78:A0'),(413,'A45E6048666C','6318552217','2015-12-02 12:22:19','AC:86:74:43:61:D8'),(414,'D03311B7D60E','6039886841','2015-12-02 15:15:20','AC:86:74:47:46:10'),(415,'A8667FC41442','5163123148','2015-12-02 15:40:52','AC:86:74:43:61:D8'),(416,'70ECE412417A','9172612344','2015-12-02 15:41:47','AC:86:74:43:61:D8'),(417,'400E850A1D50','8622793096','2015-12-02 16:11:42','AC:86:74:47:A2:50'),(418,'400E850A1D50','8622793096','2015-12-02 17:17:50','AC:86:74:47:4D:90'),(419,'A09169A9E247','5055585500','2015-12-02 18:28:35','AC:86:74:47:A2:50'),(420,'848EDF509238','5162428249','2015-12-02 19:01:25','AC:86:74:43:61:88'),(421,'D025981F843D','3477586277','2015-12-02 19:02:09','AC:86:74:47:62:48'),(422,'CC29F5DB6F72','3238752575','2015-12-02 20:55:36','AC:86:74:47:4D:90'),(423,'E4CE8F2705DC','7188237819','2015-12-02 21:46:59','AC:86:74:47:62:48'),(424,'D8D1CB5F4B08','3473921459','2015-12-02 21:53:56','AC:86:74:47:A2:80'),(425,'7C7D3D150585','5164234134','2015-12-02 21:54:20','AC:86:74:43:61:D8'),(426,'4480EB061462','973-932-2920','2015-12-02 22:03:59','AC:86:74:47:4D:90'),(427,'CC29F5DB6F72','3238752575','2015-12-02 22:04:38','AC:86:74:47:4D:90'),(428,'703EAC5B350F','9737357322','2015-12-02 22:45:43','AC:86:74:47:A2:50'),(429,'34A395D562F6','8622334046','2015-12-02 22:47:00','AC:86:74:47:A2:50'),(430,'A018288D856F','5618430893','2015-12-02 23:49:14','AC:86:74:43:61:B0'),(431,'60512CA1D550','7184130844','2015-12-03 00:05:41','AC:86:74:47:A2:80'),(432,'804E81B8C9D7','8624146687','2015-12-03 14:38:33','AC:86:74:47:4D:90'),(433,'382DE8E753CA','4048397009','2015-12-03 14:48:56','AC:86:74:43:61:D8'),(434,'48E9F1A26CDF','9733561026','2015-12-03 15:26:27','AC:86:74:47:A2:50'),(435,'400E85F819AB','2013508083','2015-12-03 15:26:55','AC:86:74:47:4D:90'),(436,'94D859B9AEBC','5514448894','2015-12-03 15:35:56','AC:86:74:47:4D:90'),(437,'6C4008324309','5168089498','2015-12-03 15:38:03','AC:86:74:43:62:00'),(438,'908D6C041DE8','2015631443','2015-12-03 15:51:22','AC:86:74:47:A2:50'),(439,'D0A63774C481','2032122747','2015-12-03 16:36:21','AC:86:74:43:61:88'),(440,'583F54EC6D79','2016775401','2015-12-03 17:05:55','AC:86:74:47:A2:50'),(441,'F82793346FCF','3472757167','2015-12-03 17:48:02','AC:86:74:47:62:48'),(442,'583F54EC6D79','2016775401','2015-12-03 18:06:20','AC:86:74:47:A2:50'),(443,'7824AF21CFC5','2015096776','2015-12-03 18:26:45','AC:86:74:47:A2:50'),(444,'70ECE46C23C1','9735083919','2015-12-03 20:26:19','AC:86:74:47:4D:90'),(445,'9C35EB41DE08','9746710623','2015-12-03 21:13:00','AC:86:74:47:46:10'),(446,'90B68674FB86','3472311268','2015-12-03 21:30:40','AC:86:74:47:A2:80'),(447,'70ECE46C23C1','9735083919','2015-12-03 21:52:12','AC:86:74:47:4D:90'),(448,'70ECE46C23C1','9735083919','2015-12-03 22:53:32','AC:86:74:47:4D:90'),(449,'94E96AB7A4F2','5167765398','2015-12-04 01:44:52','AC:86:74:47:45:E8'),(450,'3871DE5EC2BB','7185432018','2015-12-04 03:19:22','AC:86:74:43:61:D8'),(451,'784B87687632','0546998484','2015-12-04 14:41:07','AC:86:74:43:61:D8'),(452,'D40B1AB370E9','9735726690','2015-12-04 16:06:46','AC:86:74:47:4D:90'),(453,'BC6C21D2B552','5614609455','2015-12-04 17:14:02','AC:86:74:43:61:B0'),(454,'A4B805D67C28','8622131649','2015-12-04 17:30:24','AC:86:74:47:A2:50'),(455,'90B686C747B6','6467182121','2015-12-04 17:41:29','AC:86:74:47:62:48'),(456,'48E9F1A26CDF','9733561026','2015-12-04 18:16:02','AC:86:74:47:A2:50'),(457,'B4CEF64529AA','973-855-2932','2015-12-04 19:14:36','AC:86:74:47:A2:50'),(458,'A09169A9E247','5055585500','2015-12-04 19:19:21','AC:86:74:47:A2:50'),(459,'B4CEF64529AA','973-855-2932','2015-12-04 20:36:06','AC:86:74:47:A2:50'),(460,'2C8A7283734D','8622369931','2015-12-04 20:45:47','AC:86:74:47:A2:50'),(461,'D8BB2C154823','7282496223','2015-12-04 20:45:54','AC:86:74:43:61:88'),(462,'30766FFDE66B','9732046696','2015-12-04 22:09:12','AC:86:74:47:A2:50'),(463,'48E9F1A26CDF','9733561026','2015-12-04 22:10:15','AC:86:74:47:A2:50'),(464,'2CF0EE07EF26','5167855549','2015-12-04 23:44:15','AC:86:74:43:61:D8'),(465,'B03495CFD723','347-276-5987','2015-12-05 15:33:36','AC:86:74:43:61:D8'),(466,'F02475316996','3472272014','2015-12-05 16:00:46','AC:86:74:43:61:D8'),(467,'A09169A9E247','5055585500','2015-12-05 19:53:30','AC:86:74:47:4D:90'),(468,'C8F6501312E3','416-451-1564','2015-12-05 21:31:46','AC:86:74:43:61:88'),(469,'5CADCF15048D','5168557216','2015-12-05 23:02:43','AC:86:74:47:A2:80'),(470,'D0331169944D','954-803-8226','2015-12-05 23:06:46','AC:86:74:47:46:10'),(471,'B418D165ACB6','3475757068','2015-12-06 00:00:49','AC:86:74:47:62:48'),(472,'A886DD624439','3473734439','2015-12-06 00:47:11','AC:86:74:47:A2:80'),(473,'2C1F23E20C26','305-900-3888','2015-12-06 00:59:16','AC:86:74:43:61:B0'),(474,'D437D78BE38F','9147678097','2015-12-06 02:08:54','AC:86:74:47:62:48'),(475,'34A395CECC69','5162815480','2015-12-06 03:55:52','AC:86:74:47:46:10'),(476,'9CFC015032F7','9178558735','2015-12-06 15:27:21','AC:86:74:47:A2:80'),(477,'D02DB3E63928','6316391432','2015-12-06 15:43:37','AC:86:74:43:61:D8'),(478,'DC86D8A63148','7187727591','2015-12-06 16:30:44','AC:86:74:47:A2:80'),(479,'A43135986232','5165038885','2015-12-06 16:43:03','AC:86:74:43:61:88'),(480,'A4B805C2501B','5618595452','2015-12-06 16:59:12','AC:86:74:47:46:10'),(481,'00CDFE791E93','5619267174','2015-12-06 17:33:08','AC:86:74:43:61:B0'),(482,'BC6C21D2B552','5614609455','2015-12-06 17:35:21','AC:86:74:43:61:B0'),(1689,'C0BDD1093E33','9733330409','2016-03-18 18:59:31','AC:86:74:47:4D:90'),(484,'9CFC015032F7','9178558735','2015-12-06 18:20:17','AC:86:74:47:A2:80'),(485,'60512CA1D550','7184130844','2015-12-06 20:30:46','AC:86:74:47:A2:80'),(486,'507A55E6F3D9','6464274884','2015-12-06 20:49:19','AC:86:74:47:62:48'),(487,'D81D72A9CB13','3475175089','2015-12-06 21:21:03','AC:86:74:47:A2:80'),(488,'C8F6501312E3','416-451-1564','2015-12-06 22:30:54','AC:86:74:43:61:88'),(489,'E8508B571154','3472339308','2015-12-07 00:19:42','AC:86:74:43:61:D8'),(490,'C8F6501312E3','416-451-1564','2015-12-07 01:08:29','AC:86:74:43:61:88'),(491,'3C15C2C5805E','7026101788','2015-12-07 01:27:46','AC:86:74:43:61:D8'),(492,'542696DF441F','310-456-7890','2015-12-07 05:05:22','AC:86:74:43:61:D8'),(493,'68644BF25F79','9737657675','2015-12-07 14:36:15','AC:86:74:47:4D:90'),(494,'30F7C5A8AEF7','8622027850','2015-12-07 14:47:02','AC:86:74:47:4D:90'),(495,'CCC3EA3338B1','5164822787','2015-12-07 15:15:35','AC:86:74:43:61:D8'),(496,'48E9F1A26CDF','9733561026','2015-12-07 15:39:15','AC:86:74:47:A2:50'),(497,'CC20E8D861C0','9174349481','2015-12-07 15:56:24','AC:86:74:47:A2:50'),(498,'20C9D07CC7E1','9174349481','2015-12-07 15:59:13','AC:86:74:47:A2:50'),(499,'30F7C5A8AEF7','8622027850','2015-12-07 16:07:07','AC:86:74:47:A2:50'),(500,'F895C7BFB474','6317963626','2015-12-07 17:02:34','AC:86:74:43:61:D8'),(501,'20C9D07CC7E1','9174349481','2015-12-07 17:06:08','AC:86:74:47:A2:50'),(502,'A8667F4B7816','8295633811','2015-12-07 18:16:07','AC:86:74:47:62:48'),(503,'A0EDCD7099DA','8299189600','2015-12-07 18:24:04','AC:86:74:47:62:48'),(504,'EC852FD536F6','8627554560','2015-12-07 18:35:26','AC:86:74:47:A2:50'),(505,'B844D939D9AF','646-410-5065','2015-12-07 19:23:53','AC:86:74:43:61:D8'),(506,'EC852FD536F6','8627554560','2015-12-07 19:37:10','AC:86:74:47:A2:50'),(507,'20C9D07CC7E1','9174349481','2015-12-07 19:37:16','AC:86:74:47:A2:50'),(508,'787E617CF02F','2016470254','2015-12-07 20:20:32','AC:86:74:47:A2:50'),(509,'BC4CC48ADAD6','9172801031','2015-12-07 20:41:35','AC:86:74:43:61:70'),(510,'20C9D07CC7E1','9174349481','2015-12-07 20:46:23','AC:86:74:47:A2:50'),(511,'787E617CF02F','2016470254','2015-12-07 21:21:42','AC:86:74:47:A2:50'),(512,'20C9D07CC7E1','9174349481','2015-12-07 21:47:14','AC:86:74:47:A2:50'),(513,'48E9F1A26CDF','9733561026','2015-12-07 23:16:30','AC:86:74:47:A2:50'),(514,'D02598E42632','5617892670','2015-12-08 13:47:32','AC:86:74:43:61:B0'),(515,'1499E2E8F6BD','5617892670','2015-12-08 13:48:34','AC:86:74:47:46:10'),(516,'B8C75D82A702','5163253201','2015-12-08 17:22:58','AC:86:74:43:61:D8'),(517,'0C3E9F5242FC','201-777-7879','2015-12-08 19:06:48','AC:86:74:47:A2:50'),(518,'ACCF5CAA5879','6466574899','2015-12-08 21:08:51','AC:86:74:43:61:88'),(519,'24240EA07340','3478836046','2015-12-08 23:06:45','AC:86:74:47:62:48'),(520,'24A2E1B8D917','5164924472','2015-12-09 00:16:10','AC:86:74:43:61:88'),(521,'D40B1A7C68BD','3478586047','2015-12-09 00:21:04','AC:86:74:47:62:48'),(522,'64A3CB4444BC','8622160994','2015-12-09 13:51:02','AC:86:74:47:A2:50'),(523,'EC1D7FC8A95D','9732803318','2015-12-09 13:53:01','AC:86:74:47:A2:50'),(524,'A0999B3F7D72','862-262-3270','2015-12-09 14:46:35','AC:86:74:47:A2:50'),(525,'EC1D7FC8A95D','9732803318','2015-12-09 15:10:00','AC:86:74:47:A2:50'),(526,'48E9F1A26CDF','9733561026','2015-12-09 15:55:34','AC:86:74:47:A2:50'),(527,'0C3021168374','8626217300','2015-12-09 17:43:55','AC:86:74:47:A2:50'),(528,'48E9F1A26CDF','9733561026','2015-12-09 18:06:43','AC:86:74:47:A2:50'),(529,'CC29F5DB6F72','3238752575','2015-12-09 18:14:48','AC:86:74:47:4D:90'),(530,'5C8D4EBAA0FE','9545490026','2015-12-09 18:19:04','AC:86:74:47:4D:90'),(531,'0C3021168374','8626217300','2015-12-09 19:16:51','AC:86:74:47:A2:50'),(532,'6C40085B99A9','9176889597','2015-12-09 19:54:04','AC:86:74:47:62:48'),(533,'48E9F1A26CDF','9733561026','2015-12-09 19:55:17','AC:86:74:47:A2:50'),(534,'285AEB37B016','8623075993','2015-12-09 19:56:50','AC:86:74:47:A2:50'),(535,'2C8A7283734D','8622369931','2015-12-09 20:54:21','AC:86:74:47:A2:50'),(536,'C8F6501312E3','416-451-1564','2015-12-09 23:37:53','AC:86:74:43:61:88'),(537,'7831C1A5641C','973-619-3629','2015-12-10 00:37:47','AC:86:74:47:A2:50'),(538,'3871DE5EC2BB','7185432018','2015-12-10 05:39:34','AC:86:74:43:61:D8'),(539,'48E9F1A26CDF','9733561026','2015-12-10 14:23:13','AC:86:74:47:A2:50'),(540,'48E9F1B65828','347-987-9315','2015-12-10 15:18:09','AC:86:74:47:62:48'),(541,'48E9F1A26CDF','9733561026','2015-12-10 15:25:10','AC:86:74:47:A2:50'),(542,'789F70BE327A','9733685302','2015-12-10 16:47:23','AC:86:74:47:A2:50'),(543,'E8508BC5428D','8624145533','2015-12-10 16:58:47','AC:86:74:47:A2:50'),(544,'7CD1C3EB07AF','516-650-2865','2015-12-10 17:06:42','AC:86:74:43:61:88'),(545,'48E9F1A26CDF','9733561026','2015-12-10 17:38:09','AC:86:74:47:A2:50'),(546,'F409D8AFC6BB','7185614998','2015-12-10 17:41:56','AC:86:74:47:A2:80'),(547,'789F70BE327A','9733685302','2015-12-10 17:59:27','AC:86:74:47:A2:50'),(548,'7CD1C3EB07AF','516-650-2865','2015-12-10 18:12:06','AC:86:74:43:61:88'),(549,'48E9F1A26CDF','9733561026','2015-12-10 19:05:00','AC:86:74:47:A2:50'),(550,'7CD1C3EB07AF','516-650-2865','2015-12-10 19:13:49','AC:86:74:43:61:88'),(551,'606944E62EB8','9292396296','2015-12-10 19:34:55','AC:86:74:47:62:48'),(552,'843835B07065','9735375258','2015-12-10 20:12:59','AC:86:74:47:A2:50'),(553,'6476BABDB10D','7723406316','2015-12-10 20:41:24','AC:86:74:47:46:10'),(554,'48E9F1A26CDF','9733561026','2015-12-10 21:58:00','AC:86:74:47:A2:50'),(555,'78F882A24395','9542906976','2015-12-10 22:22:58','AC:86:74:43:61:B0'),(556,'703EACD9CBAA','7185854692','2015-12-10 22:34:04','AC:86:74:47:62:48'),(557,'64BC0C864EA0','4079781035','2015-12-10 22:44:35','AC:86:74:47:62:48'),(558,'C8F6501312E3','416-451-1564','2015-12-10 23:24:28','AC:86:74:43:61:88'),(559,'285AEB50E820','9176985116','2015-12-10 23:35:24','AC:86:74:47:A2:80'),(560,'E8508B571154','3472339308','2015-12-11 03:15:43','AC:86:74:43:61:D8'),(561,'64A5C3D813B4','347-564-6414','2015-12-11 13:46:34','AC:86:74:43:61:D8'),(562,'90B686BB4F34','201-927-0676','2015-12-11 14:23:52','AC:86:74:47:4D:90'),(563,'BC3BAF28718C','6132618681','2015-12-11 15:33:53','AC:86:74:47:46:10'),(564,'D8BB2C4A2314','8622027281','2015-12-11 15:39:29','AC:86:74:47:4D:90'),(565,'908D6C931EB7','6462807952','2015-12-11 16:21:10','AC:86:74:47:A2:50'),(566,'3CA10D558C7D','973-405-0295','2015-12-11 16:27:21','AC:86:74:47:A2:50'),(567,'5C0A5B15693B','3476521357','2015-12-11 16:34:13','AC:86:74:43:61:B0'),(568,'90B686BB4F34','201-927-0676','2015-12-11 16:50:53','AC:86:74:47:4D:90'),(569,'90B6863254AC','2019510145','2015-12-11 17:14:45','AC:86:74:47:A2:50'),(570,'B4CEF64529AA','973-855-2932','2015-12-11 18:52:58','AC:86:74:47:A2:50'),(571,'406F2A0E4355','5168877888','2015-12-11 19:04:36','AC:86:74:47:46:10'),(1688,'D0034B7E879F','973-895-4365','2016-03-18 18:19:11','AC:86:74:47:4D:90'),(573,'80D605269656','8622625447','2015-12-11 19:19:10','AC:86:74:47:A2:50'),(574,'48E9F1A26CDF','9733561026','2015-12-11 19:41:02','AC:86:74:47:A2:50'),(575,'9CFC018055E9','3473284880','2015-12-11 20:12:50','AC:86:74:43:61:D8'),(576,'C88550E988AB','3474090882','2015-12-11 20:24:43','AC:86:74:47:A2:80'),(577,'2C8A7283734D','8622369931','2015-12-11 20:43:45','AC:86:74:47:A2:50'),(578,'2CBE08755A1A','8624857284','2015-12-11 20:59:44','AC:86:74:47:4D:90'),(579,'48E9F1A26CDF','9733561026','2015-12-11 21:03:32','AC:86:74:47:A2:50'),(580,'F099BF1EECD7','9735206429','2015-12-12 00:54:21','AC:86:74:47:A2:50'),(581,'D02DB3E63928','6316391432','2015-12-12 15:46:07','AC:86:74:43:61:D8'),(582,'B844D939D9AF','646-410-5065','2015-12-12 18:30:05','AC:86:74:43:61:D8'),(583,'B8E8567C41B2','3476385373','2015-12-12 19:16:10','AC:86:74:43:61:88'),(584,'300D435911A8','914-208-4281','2015-12-12 23:09:18','AC:86:74:47:A2:80'),(585,'EC3586A4E885','6463999029','2015-12-13 01:20:28','AC:86:74:47:62:48'),(586,'F099BF1EECD7','9735206429','2015-12-13 04:39:23','AC:86:74:47:A2:50'),(587,'64A3CB6518F1','9142556574','2015-12-13 19:44:33','AC:86:74:47:62:48'),(588,'D03311687DA6','6462889639','2015-12-13 20:07:27','AC:86:74:47:62:48'),(1687,'908D6CC2551B','201-248-9267','2016-03-18 17:45:15','AC:86:74:47:46:10'),(590,'F437B79378A3','3477980659','2015-12-13 22:03:23','AC:86:74:47:A2:80'),(591,'E8508B571154','3472339308','2015-12-14 03:16:08','AC:86:74:43:61:D8'),(592,'48E9F1A26CDF','9733561026','2015-12-14 14:59:16','AC:86:74:47:A2:50'),(593,'A8880868E5A5','6468336673','2015-12-14 15:29:03','AC:86:74:47:A2:80'),(594,'48E9F1A26CDF','9733561026','2015-12-14 16:10:36','AC:86:74:47:A2:50'),(595,'285AEB37B016','8623075993','2015-12-14 17:22:04','AC:86:74:47:4D:90'),(596,'48E9F1A26CDF','9733561026','2015-12-14 20:00:00','AC:86:74:47:A2:50'),(597,'B4CEF6E0AA56','9177732749','2015-12-14 20:12:49','AC:86:74:47:A2:80'),(598,'A8667FA25299','5512262361','2015-12-14 20:24:45','AC:86:74:47:A2:50'),(599,'B8E856319DA6','9177533863','2015-12-14 20:30:53','AC:86:74:43:61:88'),(600,'4C7C5F83666C','9734444077','2015-12-14 20:36:04','AC:86:74:47:4D:90'),(601,'2C54CFD35D38','3474782217','2015-12-14 20:39:31','AC:86:74:47:62:48'),(602,'90FD61D3E8E8','8623040910','2015-12-14 20:41:56','AC:86:74:47:4D:90'),(603,'4C7C5F83666C','9734444077','2015-12-14 21:00:58','AC:86:74:47:4D:90'),(604,'B4CEF6E0AA56','9177732749','2015-12-14 21:26:41','AC:86:74:47:A2:80'),(605,'6C2995529540','9732872513','2015-12-14 21:58:06','AC:86:74:47:A2:50'),(606,'B8E856319DA6','9177533863','2015-12-14 22:09:37','AC:86:74:43:61:88'),(607,'783A84663DE5','9173742578','2015-12-14 22:30:47','AC:86:74:47:46:10'),(608,'D025985A8FC9','3479511384','2015-12-14 22:54:21','AC:86:74:47:62:48'),(609,'9C207B006719','6462040692','2015-12-15 02:13:09','AC:86:74:43:61:D8'),(610,'C8855084F2B3','5166506881','2015-12-15 16:45:41','AC:86:74:47:45:E8'),(611,'60512CA1D550','7184130844','2015-12-15 18:24:51','AC:86:74:47:A2:80'),(612,'F431C374503E','516-555-1212','2015-12-15 20:03:28','AC:86:74:43:62:00'),(613,'C0BDD1130621','3475612087','2015-12-15 20:50:31','AC:86:74:47:62:48'),(614,'60512CA1D550','7184130844','2015-12-16 01:26:34','AC:86:74:47:A2:80'),(615,'B4F0AB0EDF79','5164569754','2015-12-16 15:48:52','AC:86:74:43:61:D8'),(616,'48E9F1A26CDF','9733561026','2015-12-16 18:22:57','AC:86:74:47:A2:50'),(617,'C0BDD1581CE0','6466672911','2015-12-16 18:25:13','AC:86:74:47:A2:80'),(618,'0CB319D65155','8622579308','2015-12-16 18:42:35','AC:86:74:47:4D:90'),(619,'A09169B93208','2013442271','2015-12-16 18:57:23','AC:86:74:47:4D:90'),(620,'F099BF1443C3','5515802072','2015-12-16 20:07:46','AC:86:74:47:4D:90'),(621,'7081EB165642','561-235-1087','2015-12-16 21:52:59','AC:86:74:47:46:10'),(622,'E892A4966C47','7188784721','2015-12-16 23:16:23','AC:86:74:43:61:D8'),(623,'A8667F550E9D','5164780135','2015-12-17 00:28:35','AC:86:74:43:61:88'),(624,'7831C16CF803','5163309792','2015-12-17 02:01:04','AC:86:74:43:61:D8'),(625,'48E9F1A26CDF','9733561026','2015-12-17 14:44:18','AC:86:74:47:A2:50'),(626,'2CF0EE00E390','777-777-7777','2015-12-17 17:05:38','AC:86:74:43:61:88'),(627,'5C93A2C05E12','5167284784','2015-12-17 17:45:04','AC:86:74:43:61:88'),(628,'48E9F1A26CDF','9733561026','2015-12-17 17:47:12','AC:86:74:47:A2:50'),(629,'60512CA1D550','7184130844','2015-12-17 17:47:57','AC:86:74:47:A2:80'),(630,'2CF0EE00E390','777-777-7777','2015-12-17 18:39:55','AC:86:74:43:61:88'),(1686,'60512CA1D550','7184130844','2016-03-18 17:42:56','AC:86:74:47:A2:80'),(632,'48E9F1A26CDF','9733561026','2015-12-17 19:15:19','AC:86:74:47:A2:50'),(633,'BC52B7A990F6','9732046981','2015-12-17 19:41:28','AC:86:74:47:A2:50'),(634,'48D705427EA4','9176834814','2015-12-17 20:17:15','AC:86:74:47:A2:80'),(635,'40331AE625F3','2019886263','2015-12-17 21:47:39','AC:86:74:47:4D:90'),(636,'70ECE46C23C1','9735083919','2015-12-17 21:49:56','AC:86:74:47:A2:50'),(637,'68D93C380FFE','6469341976','2015-12-17 22:22:51','AC:86:74:47:A2:80'),(638,'EC1F7255ACE2','862-276-8764','2015-12-17 22:58:37','AC:86:74:47:A2:50'),(1685,'7014A6C98384','6463020407','2016-03-18 17:25:39','AC:86:74:47:79:38'),(640,'2CBE08755A1A','8624857284','2015-12-17 23:33:57','AC:86:74:47:4D:90'),(641,'68D93C380FFE','6469341976','2015-12-17 23:46:17','AC:86:74:47:A2:80'),(642,'848E0C33CB2E','862-571-6212','2015-12-18 14:11:25','AC:86:74:47:A2:50'),(643,'48E9F1B65F57','8623335177','2015-12-18 15:42:11','AC:86:74:47:A2:50'),(644,'A078BAA91847','8626001232','2015-12-18 15:52:13','AC:86:74:47:4D:90'),(645,'48E9F1B65F57','8623335177','2015-12-18 16:48:43','AC:86:74:47:A2:50'),(646,'A078BAA91847','8626001232','2015-12-18 16:59:06','AC:86:74:47:4D:90'),(647,'80006E6B739E','7771392389','2015-12-18 17:29:32','AC:86:74:47:A2:80'),(648,'C0BDD1BDED2E','9543940600','2015-12-18 19:01:10','AC:86:74:47:46:10'),(649,'A018282CEC6E','0999500689','2015-12-18 19:03:49','AC:86:74:47:A2:80'),(650,'98E0D9681403','6472837858','2015-12-18 19:15:20','AC:86:74:43:61:B0'),(651,'48E9F1235560','9734893690','2015-12-18 19:17:56','AC:86:74:47:A2:50'),(652,'48E9F1A26CDF','9733561026','2015-12-18 19:21:39','AC:86:74:47:A2:50'),(653,'A09169A9E247','5055585500','2015-12-18 19:22:04','AC:86:74:47:A2:50'),(654,'C0BDD115691C','5512002658','2015-12-18 19:22:53','AC:86:74:47:A2:50'),(655,'1430C6C198D2','2012507820','2015-12-18 19:25:41','AC:86:74:47:A2:50'),(656,'8C3AE36CFABC','0505219838','2015-12-18 19:29:23','AC:86:74:43:61:D8'),(657,'6C94F832D0B6','9178186060','2015-12-18 19:47:17','AC:86:74:43:61:D8'),(658,'80006E916817','6317769830','2015-12-18 19:51:12','AC:86:74:43:61:D8'),(659,'1430C6C198D2','2012507820','2015-12-18 20:38:36','AC:86:74:47:A2:50'),(660,'4CBB5880B6B8','9177483695','2015-12-18 20:42:37','AC:86:74:47:78:A0'),(661,'48437C7EDE7D','2014564530','2015-12-18 21:19:08','AC:86:74:47:A2:50'),(662,'FCE998DF6176','732-865-4140','2015-12-18 22:48:42','AC:86:74:43:61:88'),(663,'C8F6501312E3','416-451-1564','2015-12-19 01:08:04','AC:86:74:43:61:88'),(664,'D02DB3E63928','6316391432','2015-12-19 15:43:47','AC:86:74:43:61:D8'),(665,'3CD0F82C195F','5612127436','2015-12-19 16:06:58','AC:86:74:47:46:10'),(666,'04DB563BDFD6','917-285-3289','2015-12-19 18:05:54','AC:86:74:47:78:A0'),(667,'30A8DB8AA2FD','5168495277','2015-12-19 19:21:03','AC:86:74:43:61:D8'),(668,'908D6C8B00CE','9544962946','2015-12-19 19:43:05','AC:86:74:47:46:10'),(669,'549F13385CB5','5628627997','2015-12-19 22:05:25','AC:86:74:47:46:10'),(670,'64200C6AB251','3474613020','2015-12-20 01:24:17','AC:86:74:43:61:88'),(671,'2C1F23EF0006','5166600610','2015-12-20 01:28:46','AC:86:74:43:61:D8'),(1684,'6C72E74DD346','9146491604','2016-03-18 17:20:45','AC:86:74:43:61:B0'),(673,'F41BA1DA67D8','9174000509','2015-12-20 16:59:56','AC:86:74:47:A2:80'),(674,'784B87B5F306','3479900617','2015-12-20 17:23:33','AC:86:74:47:A2:80'),(675,'583F54E191FA','2494169069','2015-12-20 18:21:15','AC:86:74:47:46:10'),(676,'F437B7A03C3B','3473015768','2015-12-20 18:53:48','AC:86:74:47:A2:80'),(677,'C8E0EB966DF9','9172018702','2015-12-20 19:26:46','AC:86:74:47:A2:80'),(678,'A43135AA320F','7183199105','2015-12-20 21:26:14','AC:86:74:47:A2:80'),(679,'F41BA1DA67D8','9174000509','2015-12-20 21:27:11','AC:86:74:47:62:48'),(680,'C8E0EB966DF9','9172018702','2015-12-20 21:45:39','AC:86:74:47:A2:80'),(681,'9CFC014982AD','9178346050','2015-12-20 22:18:58','AC:86:74:47:62:48'),(682,'CC29F504A925','6464573104','2015-12-20 22:38:55','AC:86:74:47:62:48'),(683,'7014A64BB6FD','9173273220','2015-12-20 22:44:46','AC:86:74:47:A2:80'),(684,'8C293712FB23','5619265566','2015-12-20 22:46:49','AC:86:74:47:46:10'),(685,'10A5D0EB0427','3478524063','2015-12-21 00:14:22','AC:86:74:47:A2:80'),(686,'F409D8AF874A','7189389091','2015-12-21 14:29:55','AC:86:74:43:61:D8'),(687,'843835B1D2DC','7176445790','2015-12-21 15:28:11','AC:86:74:47:4D:90'),(688,'0C4885AE6D58','6464397677','2015-12-21 16:11:30','AC:86:74:47:A2:80'),(689,'848E0C001EE6','3477648953','2015-12-21 16:28:10','AC:86:74:47:A2:50'),(690,'9CFC01516AE2','973-908-3272','2015-12-21 16:33:02','AC:86:74:47:4D:90'),(691,'B4EF3939BCC3','9739145829','2015-12-21 16:34:25','AC:86:74:47:A2:50'),(692,'7073CB81E41B','3473933116','2015-12-21 17:29:55','AC:86:74:47:A2:80'),(693,'4CBB5880B6B8','9177483695','2015-12-21 17:45:10','AC:86:74:47:78:A0'),(694,'8438389E4155','9543980479','2015-12-21 18:24:19','AC:86:74:47:46:10'),(695,'C0BDD1468A95','6464895335','2015-12-21 18:32:38','AC:86:74:47:62:48'),(696,'4CBB5880B6B8','9177483695','2015-12-21 18:47:17','AC:86:74:47:78:A0'),(697,'9CFC01516AE2','973-908-3272','2015-12-21 18:52:17','AC:86:74:47:4D:90'),(1683,'E0F84721092C','4356591308','2016-03-18 17:09:18','AC:86:74:47:4D:30'),(699,'DC86D8657CAC','646-367-6896','2015-12-21 18:54:09','AC:86:74:47:46:10'),(700,'2C8A7283734D','8622369931','2015-12-21 19:23:08','AC:86:74:47:A2:50'),(701,'2C54CFD76139','9738550535','2015-12-21 20:03:22','AC:86:74:47:A2:50'),(702,'EC35868169B4','8623368289','2015-12-21 20:08:48','AC:86:74:47:A2:50'),(703,'4C7C5F83666C','9734444077','2015-12-21 20:59:13','AC:86:74:47:4D:90'),(704,'90FD61D3E8E8','8623040910','2015-12-21 20:59:49','AC:86:74:47:4D:90'),(705,'68644BF25F79','9737657675','2015-12-21 21:11:33','AC:86:74:47:A2:50'),(706,'EC35868169B4','8623368289','2015-12-21 21:14:50','AC:86:74:47:A2:50'),(707,'88C9D0B2D4EA','8622139734','2015-12-21 21:18:10','AC:86:74:47:A2:50'),(708,'784B876EDDAE','2672426556','2015-12-21 21:31:28','AC:86:74:47:62:48'),(709,'18F643556E37','7188667947','2015-12-21 22:07:53','AC:86:74:47:A2:80'),(710,'FCC2DE1329FF','6467520373','2015-12-21 23:08:51','AC:86:74:47:62:48'),(711,'784B87FCF0D7','7186694494','2015-12-21 23:21:50','AC:86:74:47:A2:80'),(712,'8C34FDE68943','4389691169','2015-12-22 00:27:44','AC:86:74:47:46:10'),(713,'60512CA1D550','7184130844','2015-12-22 02:11:24','AC:86:74:47:A2:80'),(714,'6C94F832D0B6','9178186060','2015-12-22 15:21:17','AC:86:74:43:61:D8'),(715,'D0A637B5F4CC','5165696272','2015-12-22 18:55:40','AC:86:74:43:61:B0'),(716,'903C92DDE390','9735198951','2015-12-22 19:43:59','AC:86:74:47:A2:50'),(717,'64899A1921F5','9582937586','2015-12-22 21:56:08','AC:86:74:47:4D:90'),(718,'F437B7091E72','9142282565','2015-12-22 22:34:04','AC:86:74:47:A2:80'),(719,'40331AE625F3','2019886263','2015-12-22 22:35:58','AC:86:74:47:4D:90'),(720,'A4B8058966E7','9179390068','2015-12-23 14:51:55','AC:86:74:47:A2:50'),(721,'9CFC01516AE2','973-908-3272','2015-12-23 16:01:08','AC:86:74:47:4D:90'),(722,'60512CA1D550','7184130844','2015-12-23 16:13:29','AC:86:74:47:A2:80'),(723,'9CFC01516AE2','973-908-3272','2015-12-23 17:16:00','AC:86:74:47:4D:90'),(724,'68D93C5B5490','7187305896','2015-12-23 17:30:57','AC:86:74:47:A2:80'),(725,'A886DD470C6F','9176577134','2015-12-23 17:42:21','AC:86:74:43:61:D8'),(726,'9CFC014F3922','516-458-2742','2015-12-23 17:45:42','AC:86:74:47:46:10'),(727,'7C019185C01D','5614783456','2015-12-23 17:47:35','AC:86:74:43:61:B0'),(728,'BC6C2122D0B4','5167764521','2015-12-23 18:27:08','AC:86:74:43:61:D8'),(729,'9CFC01516AE2','973-908-3272','2015-12-23 18:49:40','AC:86:74:47:4D:90'),(730,'CC20E87ACE9C','4167291031','2015-12-23 18:53:51','AC:86:74:43:61:B0'),(731,'80018468399C','917-569-6149','2015-12-23 18:56:26','AC:86:74:47:62:48'),(732,'A09169A9E247','5055585500','2015-12-23 19:20:43','AC:86:74:47:A2:50'),(733,'9CFC01516AE2','973-908-3272','2015-12-23 20:14:37','AC:86:74:47:4D:90'),(734,'FCC2DE2C98F2','9738016402','2015-12-23 20:46:46','AC:86:74:47:4D:90'),(735,'848E0C3FCB57','6154956091','2015-12-23 21:14:18','AC:86:74:43:61:D8'),(736,'848E0C41D507','615-495-6095','2015-12-23 21:14:19','AC:86:74:43:61:D8'),(737,'703EAC1C7078','6154952723','2015-12-23 21:24:59','AC:86:74:43:61:D8'),(738,'6021C03A3739','3473795667','2015-12-23 22:33:38','AC:86:74:43:61:88'),(739,'701124C39E58','3474093098','2015-12-23 22:42:08','AC:86:74:47:A2:80'),(740,'0C3E9F196F01','5617898051','2015-12-23 23:12:00','AC:86:74:47:46:10'),(741,'A0999B4CB79C','6463356131','2015-12-24 00:01:02','AC:86:74:47:62:48'),(742,'F41BA1DA67D8','9174000509','2015-12-24 14:53:32','AC:86:74:47:A2:80'),(743,'0C3E9FDCFB48','9746358247','2015-12-24 16:09:38','AC:86:74:47:A2:50'),(744,'F4F1E1AEC22E','8483917566','2015-12-24 16:30:49','AC:86:74:43:61:B0'),(745,'5C5188248E5F','6467068146','2015-12-24 16:56:57','AC:86:74:47:62:48'),(746,'A0999B503B44','5166805374','2015-12-24 17:02:11','AC:86:74:47:46:10'),(747,'5CF938947972','7608597211','2015-12-24 17:43:03','AC:86:74:43:61:D8'),(748,'9CF387AAB860','5167544233','2015-12-24 17:44:28','AC:86:74:43:61:D8'),(749,'5C95AEE84C62','3472029697','2015-12-24 17:58:08','AC:86:74:47:A2:80'),(750,'CC29F549B245','3478805240','2015-12-24 18:50:56','AC:86:74:47:A2:80'),(751,'98D6F7938E2C','7786983252','2015-12-24 18:59:13','AC:86:74:43:61:D8'),(752,'1430C626D72E','5555555555','2015-12-24 19:19:31','AC:86:74:43:61:B0'),(753,'A45E60880E4E','1111111111','2015-12-24 20:26:37','AC:86:74:43:61:B0'),(754,'E4F8EFC13A04','6462495353','2015-12-24 20:40:32','AC:86:74:47:62:48'),(755,'008865EA344F','3473951074','2015-12-24 23:04:59','AC:86:74:47:A2:80'),(756,'0C4885BD5AF5','3479088101','2015-12-24 23:21:49','AC:86:74:47:A2:80'),(757,'D05BA87C1A07','3476037562','2015-12-24 23:38:08','AC:86:74:47:62:48'),(758,'5C95AE3266C1','3477724957','2015-12-25 00:26:40','AC:86:74:47:A2:80'),(759,'2CBE08C07BC6','2405355488','2015-12-25 18:01:03','AC:86:74:47:46:10'),(760,'544E903BB3FE','5165678221','2015-12-25 18:07:48','AC:86:74:47:45:E8'),(761,'A0999B36F9CA','2403749593','2015-12-25 18:36:36','AC:86:74:47:46:10'),(762,'80018468399C','917-569-6149','2015-12-25 19:45:04','AC:86:74:47:62:48'),(763,'6C94F832D0B6','9178186060','2015-12-25 20:04:00','AC:86:74:43:61:D8'),(764,'E0B52D366E66','3474613020','2015-12-25 22:48:43','AC:86:74:43:61:88'),(765,'64200C6AB251','3474613020','2015-12-25 22:51:14','AC:86:74:43:61:88'),(766,'98D6F7938E2C','7786983252','2015-12-26 16:20:32','AC:86:74:43:61:D8'),(767,'F025B7F12356','0526972020','2015-12-26 16:32:46','AC:86:74:43:61:D8'),(768,'BC6C2122D0B4','5167764521','2015-12-26 17:12:59','AC:86:74:43:61:D8'),(769,'F0CBA1235E60','8622200372','2015-12-26 19:12:50','AC:86:74:47:4D:90'),(770,'B844D9346290','4166715945','2015-12-27 00:36:35','AC:86:74:43:61:B0'),(771,'BC54365B0DC2','5167546335','2015-12-27 01:55:33','AC:86:74:47:46:10'),(772,'FCFC489DAD62','4044099494','2015-12-27 02:39:56','AC:86:74:47:46:10'),(773,'6C72E780A899','212-343-1212','2015-12-27 02:40:45','AC:86:74:47:46:10'),(774,'8C29370E947F','4049872488','2015-12-27 03:04:24','AC:86:74:47:46:10'),(775,'70ECE4631C5F','347-742-0926','2015-12-27 14:36:16','AC:86:74:43:61:D8'),(776,'F025B7F12356','0526972020','2015-12-27 15:32:07','AC:86:74:43:61:D8'),(777,'60512CA1D550','7184130844','2015-12-27 16:50:08','AC:86:74:47:A2:80'),(778,'D02DB3E63928','6316391432','2015-12-27 17:12:59','AC:86:74:43:61:D8'),(779,'AC7F3E1F2DBD','8622402871','2015-12-27 17:56:36','AC:86:74:47:A2:50'),(780,'60512CA1D550','7184130844','2015-12-27 18:04:34','AC:86:74:47:A2:80'),(781,'9027E433345D','3473482453','2015-12-27 18:11:01','AC:86:74:43:61:D8'),(782,'D81D72BB5701','3479084765','2015-12-27 19:40:16','AC:86:74:47:A2:80'),(783,'D0034BBF8AFB','5804587181','2015-12-27 21:22:00','AC:86:74:47:A2:80'),(784,'BC6C21CC5050','6479998879','2015-12-27 21:46:28','AC:86:74:43:61:B0'),(785,'60512CA1D550','7184130844','2015-12-27 22:12:24','AC:86:74:47:A2:80'),(786,'2CBE08C07BC6','2405355488','2015-12-27 23:21:24','AC:86:74:47:46:10'),(787,'70ECE4631C5F','347-742-0926','2015-12-28 00:20:33','AC:86:74:43:61:D8'),(788,'98D6F7938E2C','7786983252','2015-12-28 14:23:23','AC:86:74:43:62:00'),(789,'1430C6C198D2','2012507820','2015-12-28 14:23:29','AC:86:74:47:A2:50'),(790,'2C1F23CCE0C1','8266683067','2015-12-28 14:48:18','AC:86:74:47:A2:50'),(791,'B844D9346290','4166715945','2015-12-28 15:32:09','AC:86:74:47:46:10'),(792,'4851B7032F91','718-353-7821','2015-12-28 16:28:23','AC:86:74:43:61:88'),(793,'1430C6C198D2','2012507820','2015-12-28 17:11:24','AC:86:74:47:A2:50'),(794,'1430C6C198D2','2012507820','2015-12-28 18:39:56','AC:86:74:47:A2:50'),(795,'DC9B9C537176','2012324573','2015-12-28 18:42:34','AC:86:74:47:A2:50'),(796,'BC6C2122D0B4','5167764521','2015-12-28 18:42:38','AC:86:74:43:61:D8'),(797,'E83A1270C53D','9146435438','2015-12-28 18:56:29','AC:86:74:47:62:48'),(798,'544E90DD1497','555-555-1245','2015-12-28 19:21:41','AC:86:74:47:4D:90'),(799,'08FD0E1D17C8','8002748762','2015-12-28 19:29:24','AC:86:74:47:62:48'),(800,'A09169A9E247','5055585500','2015-12-28 19:29:57','AC:86:74:47:A2:50'),(801,'1430C6C198D2','2012507820','2015-12-28 19:44:27','AC:86:74:47:A2:50'),(802,'BC6C2122D0B4','5167764521','2015-12-28 20:34:42','AC:86:74:43:61:D8'),(803,'1430C6C198D2','2012507820','2015-12-28 20:49:18','AC:86:74:47:A2:50'),(804,'F0DBF84D7833','2018032563','2015-12-28 21:32:04','AC:86:74:47:A2:50'),(805,'68D93C40B4E2','9739868569','2015-12-28 21:47:59','AC:86:74:47:4D:90'),(806,'F437B77EF926','9738552243','2015-12-28 22:01:10','AC:86:74:47:4D:90'),(807,'1430C6C198D2','2012507820','2015-12-28 22:04:50','AC:86:74:47:A2:50'),(808,'90B686C747B6','6467182121','2015-12-28 22:47:56','AC:86:74:47:A2:80'),(809,'68D93C40B4E2','9739868569','2015-12-28 22:54:40','AC:86:74:47:A2:50'),(810,'B844D9346290','4166715945','2015-12-28 22:57:25','AC:86:74:47:46:10'),(811,'68A3C4BEBB02','9177483695','2015-12-28 23:34:46','AC:86:74:47:78:A0'),(812,'60512CA1D550','7184130844','2015-12-29 00:00:46','AC:86:74:47:A2:80'),(813,'F02765DF4E81','9176591226','2015-12-29 00:09:08','AC:86:74:47:A2:80'),(814,'8863DF1F3A4E','9292589157','2015-12-29 01:25:20','AC:86:74:47:46:10'),(815,'30A8DB8AA2FD','5168495277','2015-12-29 03:16:37','AC:86:74:43:61:D8'),(816,'787E61644573','5618669837','2015-12-29 13:02:09','AC:86:74:47:46:10'),(817,'C063945D407D','9738680312','2015-12-29 15:36:37','AC:86:74:47:4D:90'),(818,'1430C6C198D2','2012507820','2015-12-29 17:10:42','AC:86:74:47:A2:50'),(819,'703EACDBED24','9556789998','2015-12-29 17:47:32','AC:86:74:47:46:10'),(820,'1430C6C198D2','2012507820','2015-12-29 18:20:24','AC:86:74:47:A2:50'),(821,'2CBE08C9EAFD','2012849451','2015-12-29 18:29:06','AC:86:74:47:A2:50'),(822,'903C926C2CC6','8463634288','2015-12-29 18:29:11','AC:86:74:43:61:B0'),(823,'285AEB0478C3','5612122688','2015-12-29 18:30:50','AC:86:74:47:46:10'),(824,'68A3C4BEBB02','9177483695','2015-12-29 18:36:24','AC:86:74:47:78:A0'),(825,'30A8DB8AA2FD','5168495277','2015-12-29 18:51:17','AC:86:74:43:61:D8'),(826,'7014A604DFEF','7372228955','2015-12-29 18:56:20','AC:86:74:47:46:10'),(827,'60512CA1D550','7184130844','2015-12-29 19:09:18','AC:86:74:47:A2:80'),(828,'1430C6C198D2','2012507820','2015-12-29 19:40:39','AC:86:74:47:A2:50'),(829,'9CFC01895C25','646-918-9130','2015-12-29 19:57:35','AC:86:74:43:61:D8'),(830,'98D6F7938E2C','7786983252','2015-12-29 20:10:26','AC:86:74:43:61:D8'),(831,'1430C6C198D2','2012507820','2015-12-29 20:45:25','AC:86:74:47:A2:50'),(832,'68A3C4BEBB02','9177483695','2015-12-29 20:52:10','AC:86:74:47:78:A0'),(833,'2CBE089B20E3','9548935650','2015-12-29 21:07:45','AC:86:74:47:46:10'),(834,'CC20E8D861C0','9174349481','2015-12-29 21:14:11','AC:86:74:47:4D:90'),(835,'087402BA992D','5163255556','2015-12-29 21:32:59','AC:86:74:43:61:D8'),(836,'48E9F1A26CDF','9733561026','2015-12-29 21:36:15','AC:86:74:47:A2:50'),(837,'30A8DB8AA2FD','5168495277','2015-12-29 21:36:27','AC:86:74:43:61:D8'),(838,'1430C6C198D2','2012507820','2015-12-29 21:50:14','AC:86:74:47:A2:50'),(839,'98E0D9681403','6472837858','2015-12-29 21:55:10','AC:86:74:43:61:B0'),(840,'BC52B77AB1B4','5164510055','2015-12-29 21:59:18','AC:86:74:43:61:D8'),(841,'507A55AE1295','8473373637','2015-12-29 22:18:55','AC:86:74:47:46:10'),(842,'4CBB5880B6B8','9177483695','2015-12-29 22:25:35','AC:86:74:47:78:A0'),(843,'D0A637C66F5B','8032691953','2015-12-29 23:05:46','AC:86:74:43:61:D8'),(844,'4CBB5880B6B8','9177483695','2015-12-29 23:27:12','AC:86:74:47:78:A0'),(845,'440010ABF42A','5167805432','2015-12-30 00:10:59','AC:86:74:47:78:A0'),(846,'B85A73591035','9739051984','2015-12-30 00:16:09','AC:86:74:47:4D:90'),(847,'CC20E8332955','9415453649','2015-12-30 00:18:07','AC:86:74:47:A2:50'),(848,'F409D857ABF6','5164674932','2015-12-30 01:13:38','AC:86:74:43:62:00'),(849,'68D93C273274','5149273039','2015-12-30 01:22:32','AC:86:74:43:61:B0'),(850,'F431C3848269','9172390819','2015-12-30 14:20:25','AC:86:74:43:61:D8'),(851,'DC9B9C537176','2012324573','2015-12-30 14:44:30','AC:86:74:47:A2:50'),(852,'08740218AD35','2013151226','2015-12-30 15:59:23','AC:86:74:47:A2:50'),(853,'DC9B9C537176','2012324573','2015-12-30 16:35:38','AC:86:74:47:A2:50'),(854,'68A86DB53070','201-602-9104','2015-12-30 16:41:49','AC:86:74:47:A2:50'),(855,'D81D720E2E26','9738979087','2015-12-30 17:38:01','AC:86:74:47:A2:50'),(856,'00AEFA892A5B','5164173744','2015-12-30 18:08:04','AC:86:74:43:61:D8'),(857,'48E9F1235560','9734893690','2015-12-30 19:06:49','AC:86:74:47:A2:50'),(858,'48E9F1A26CDF','9733561026','2015-12-30 19:12:53','AC:86:74:47:A2:50'),(859,'784B87DF0C40','3475377189','2015-12-30 19:31:02','AC:86:74:47:A2:80'),(860,'DC9B9C537176','2012324573','2015-12-30 19:33:32','AC:86:74:47:A2:50'),(861,'ACBC32397C8B','9175619687','2015-12-30 19:50:30','AC:86:74:47:62:48'),(862,'6C40089EB450','718-864-2116','2015-12-30 20:32:02','AC:86:74:43:61:D8'),(863,'A09169A9E247','5055585500','2015-12-30 20:34:32','AC:86:74:47:4D:90'),(864,'30A8DB8AA2FD','5168495277','2015-12-30 20:40:52','AC:86:74:43:61:D8'),(865,'4CBB5880B6B8','9177483695','2015-12-30 21:08:54','AC:86:74:47:78:A0'),(1682,'E0F84721092C','4356591308','2016-03-18 16:05:40','AC:86:74:47:4D:30'),(867,'30A8DB8AA2FD','5168495277','2015-12-30 21:55:00','AC:86:74:43:61:D8'),(868,'10417F17A669','9736403275','2015-12-30 22:20:21','AC:86:74:47:4D:90'),(869,'2C1F23D16D3E','9730000007','2015-12-30 22:31:42','AC:86:74:47:4D:90'),(870,'68A3C4BEBB02','9177483695','2015-12-30 22:39:18','AC:86:74:47:78:A0'),(871,'2C1F23D16D3E','9730000007','2015-12-30 23:50:11','AC:86:74:47:4D:90'),(872,'F827935562EF','8092844160','2015-12-31 00:50:46','AC:86:74:47:62:48'),(873,'D8BB2C8C633E','3472359758','2015-12-31 01:07:43','AC:86:74:47:A2:80'),(874,'2827BFC468B8','2016670659','2015-12-31 11:45:02','AC:86:74:47:4D:90'),(875,'2827BFC468B8','2016670659','2015-12-31 12:47:52','AC:86:74:47:4D:90'),(876,'CC20E8332955','9415453649','2015-12-31 13:20:50','AC:86:74:47:A2:50'),(877,'1430C6C198D2','2012507820','2015-12-31 14:17:06','AC:86:74:47:A2:50'),(878,'2C1F23D16D3E','9730000007','2015-12-31 14:46:42','AC:86:74:47:4D:90'),(879,'1430C6C198D2','2012507820','2015-12-31 15:21:33','AC:86:74:47:A2:50'),(880,'1430C6C198D2','2012507820','2015-12-31 16:34:04','AC:86:74:47:A2:50'),(881,'784B8780BA1D','9543433456','2015-12-31 16:34:57','AC:86:74:47:46:10'),(882,'848E0C41D507','615-495-6095','2015-12-31 17:24:51','AC:86:74:43:61:88'),(883,'848E0C3FCB57','6154956091','2015-12-31 17:25:05','AC:86:74:43:61:88'),(884,'D81D72C9474C','8296482807','2015-12-31 17:29:29','AC:86:74:47:62:48'),(885,'48E9F1235560','9734893690','2015-12-31 17:30:46','AC:86:74:47:A2:50'),(886,'784B87DDC7A2','5618436765','2015-12-31 17:32:34','AC:86:74:47:46:10'),(887,'703EAC165CDD','6154956132','2015-12-31 17:43:32','AC:86:74:43:61:88'),(888,'CC20E8B94B73','5169937259','2015-12-31 18:00:36','AC:86:74:47:45:E8'),(889,'F409D87A03F4','100-800-6428','2015-12-31 18:02:31','AC:86:74:43:61:D8'),(890,'1430C6C198D2','2012507820','2015-12-31 18:23:26','AC:86:74:47:A2:50'),(891,'E83A12795CB4','3478621532','2015-12-31 18:30:14','AC:86:74:47:A2:80'),(892,'1430C6C198D2','2012507820','2015-12-31 19:34:55','AC:86:74:47:A2:50'),(893,'18F643865267','561-302-8418','2015-12-31 19:37:37','AC:86:74:47:46:10'),(894,'00CDFE7C4824','9178702188','2015-12-31 22:28:43','AC:86:74:47:A2:80'),(895,'2C1F23CD7071','9175574382','2015-12-31 23:28:06','AC:86:74:47:A2:80'),(896,'D02598ADA2EF','9175943672','2015-12-31 23:36:59','AC:86:74:47:A2:80'),(897,'6C94F832D0B6','9178186060','2016-01-01 01:08:27','AC:86:74:43:61:D8'),(898,'18AF61921774','3473367557','2016-01-01 01:30:12','AC:86:74:43:61:B0'),(899,'885395731B37','4104914927','2016-01-01 09:04:14','AC:86:74:47:79:38'),(900,'BC6C2122D0B4','5167764521','2016-01-01 15:13:51','AC:86:74:43:61:D8'),(901,'885395731B37','4104914927','2016-01-01 15:18:40','AC:86:74:47:79:38'),(902,'A85B7854F3F5','9173316438','2016-01-01 15:24:29','AC:86:74:47:46:10'),(903,'6021C06628E3','0546474997','2016-01-01 15:28:44','AC:86:74:43:61:88'),(904,'80BE05330C99','0544765265','2016-01-01 15:32:55','AC:86:74:43:61:D8'),(905,'F437B7D233DF','6467857661','2016-01-01 15:35:06','AC:86:74:43:61:D8'),(906,'885395731B37','4104914927','2016-01-01 16:39:08','AC:86:74:47:79:38'),(907,'885395731B37','4104914927','2016-01-01 18:39:34','AC:86:74:47:79:38'),(908,'7081EB165642','561-235-1087','2016-01-01 19:01:11','AC:86:74:43:61:B0'),(909,'A0999B0DEE1D','5165818453','2016-01-01 19:20:51','AC:86:74:43:61:D8'),(910,'885395731B37','4104914927','2016-01-01 19:47:13','AC:86:74:47:79:38'),(911,'CC29F552786D','5619850615','2016-01-01 23:13:56','AC:86:74:47:46:10'),(912,'885395731B37','4104914927','2016-01-02 09:28:22','AC:86:74:47:79:38'),(913,'885395731B37','4104914927','2016-01-02 14:47:50','AC:86:74:47:79:38'),(914,'885395731B37','4104914927','2016-01-02 16:36:23','AC:86:74:47:79:38'),(915,'305A3AEB4D61','1234567087','2016-01-02 16:58:58','AC:86:74:43:61:D8'),(916,'BC6C2122D0B4','5167764521','2016-01-02 17:42:19','AC:86:74:43:61:D8'),(917,'68D93C40B4E2','9739868569','2016-01-02 18:36:53','AC:86:74:47:4D:90'),(918,'68D93C40B4E2','9739868569','2016-01-02 20:02:05','AC:86:74:47:4D:90'),(919,'30A8DB8AA2FD','5168495277','2016-01-02 21:40:02','AC:86:74:43:61:D8'),(920,'30A8DB8AA2FD','5168495277','2016-01-03 00:42:46','AC:86:74:43:61:D8'),(921,'5C8D4E8E43F5','5613024446','2016-01-03 01:40:42','AC:86:74:43:61:B0'),(922,'8C29370E947F','4049872488','2016-01-03 02:08:09','AC:86:74:47:46:10'),(923,'40331ADE4AD8','4048044414','2016-01-03 02:11:07','AC:86:74:43:61:B0'),(924,'30A8DB8AA2FD','5168495277','2016-01-03 02:12:22','AC:86:74:43:61:D8'),(925,'FCFC489DAD62','4044099494','2016-01-03 02:16:50','AC:86:74:47:46:10'),(926,'689C706651C8','4048044414','2016-01-03 02:17:41','AC:86:74:47:46:10'),(927,'6C72E780A899','212-343-1212','2016-01-03 02:20:03','AC:86:74:47:46:10'),(928,'30A8DB8AA2FD','5168495277','2016-01-03 04:46:09','AC:86:74:43:61:D8'),(929,'60512CA1D550','7184130844','2016-01-03 16:44:31','AC:86:74:47:A2:80'),(930,'DC37143ED8F2','813-230-2285','2016-01-03 19:17:40','AC:86:74:47:46:10'),(931,'64899A5042CA','5164239793','2016-01-03 21:09:02','AC:86:74:43:61:D8'),(932,'E0F847BAD49E','5164067388','2016-01-03 21:14:39','AC:86:74:43:61:D8'),(933,'64899A5042CA','5164239793','2016-01-03 23:41:41','AC:86:74:43:61:D8'),(934,'3CA10D5F880B','6083327661','2016-01-04 00:36:46','AC:86:74:47:46:10'),(935,'244B8150A518','2012239830','2016-01-04 00:38:29','AC:86:74:43:61:B0'),(936,'0061715D054B','3479719587','2016-01-04 01:12:36','AC:86:74:47:A2:80'),(937,'4851B71F8F0B','732-670-0987','2016-01-04 13:11:42','AC:86:74:47:A2:50'),(938,'48E9F1A26CDF','9733561026','2016-01-04 14:32:41','AC:86:74:47:A2:50'),(939,'4851B71F8F0B','732-670-0987','2016-01-04 14:37:11','AC:86:74:47:A2:50'),(940,'4851B71F8F0B','732-670-0987','2016-01-04 15:41:48','AC:86:74:47:A2:50'),(941,'848E0C001EE6','3477648953','2016-01-04 15:47:53','AC:86:74:47:A2:50'),(942,'B4EF3939BCC3','9739145829','2016-01-04 15:47:55','AC:86:74:47:A2:50'),(943,'48E9F1A26CDF','9733561026','2016-01-04 16:31:53','AC:86:74:47:A2:50'),(944,'583F54D4C9A0','5160000000','2016-01-04 17:28:16','AC:86:74:43:61:88'),(945,'C869CDB9B672','9299907701','2016-01-04 17:56:48','AC:86:74:43:61:88'),(946,'68D93C40B4E2','9739868569','2016-01-04 18:24:36','AC:86:74:47:4D:90'),(947,'C869CDB9B672','9299907701','2016-01-04 18:43:25','AC:86:74:43:62:00'),(948,'C869CDB9B672','9299907701','2016-01-04 19:44:09','AC:86:74:43:61:88'),(949,'90FD61D3E8E8','8623040910','2016-01-04 20:35:39','AC:86:74:47:4D:90'),(950,'4C7C5F83666C','9734444077','2016-01-04 20:41:59','AC:86:74:47:A2:50'),(951,'C869CDB9B672','9299907701','2016-01-04 20:45:01','AC:86:74:43:61:88'),(952,'60512CA1D550','7184130844','2016-01-04 20:50:24','AC:86:74:47:A2:80'),(953,'90187C45FA7C','8622355916','2016-01-04 20:51:44','AC:86:74:47:4D:90'),(954,'68AE2083738D','9999999999','2016-01-04 20:52:24','AC:86:74:47:4D:90'),(955,'5C0A5BE4A95F','8629001378','2016-01-04 21:12:49','AC:86:74:47:4D:90'),(956,'90187C958A61','8888888888','2016-01-04 21:13:42','AC:86:74:47:4D:90'),(957,'606944E62EB8','9292396296','2016-01-04 21:22:19','AC:86:74:47:A2:80'),(958,'C869CDB9B672','9299907701','2016-01-04 21:34:33','AC:86:74:43:61:88'),(959,'30A8DB8AA2FD','5168495277','2016-01-04 21:46:24','AC:86:74:43:61:88'),(960,'68AE2083738D','9999999999','2016-01-04 21:55:30','AC:86:74:47:4D:90'),(961,'90187C45FA7C','8622355916','2016-01-04 22:10:37','AC:86:74:47:4D:90'),(962,'88CB87D1A798','5619295223','2016-01-04 23:38:57','AC:86:74:47:46:10'),(963,'60512CA1D550','7184130844','2016-01-05 00:11:54','AC:86:74:47:A2:80'),(964,'BC4CC4A6C33C','5512981729','2016-01-05 03:33:59','AC:86:74:47:46:10'),(965,'A01828C50B19','3475068174','2016-01-05 14:53:49','AC:86:74:43:61:88'),(966,'48E9F1A26CDF','9733561026','2016-01-05 15:02:14','AC:86:74:47:A2:50'),(967,'908D6CC26186','2018887255','2016-01-05 15:12:33','AC:86:74:47:A2:50'),(968,'908D6CC26186','2018887255','2016-01-05 16:26:11','AC:86:74:47:A2:50'),(969,'48E9F1A26CDF','9733561026','2016-01-05 16:56:21','AC:86:74:47:A2:50'),(970,'E0DB102C2C4A','783-779-5200','2016-01-05 18:03:06','AC:86:74:43:61:B0'),(971,'908D6CC26186','2018887255','2016-01-05 18:40:54','AC:86:74:47:A2:50'),(972,'0C3E9F5242FC','201-777-7879','2016-01-05 18:55:28','AC:86:74:47:A2:50'),(973,'CC20E8332955','9415453649','2016-01-05 19:06:48','AC:86:74:47:A2:50'),(974,'48E9F1A26CDF','9733561026','2016-01-05 19:43:51','AC:86:74:47:A2:50'),(975,'507A55EF3E28','6464152517','2016-01-05 19:44:00','AC:86:74:47:A2:80'),(976,'A4E4B83CA5E9','4168756361','2016-01-05 19:59:55','AC:86:74:47:46:10'),(977,'28ED6AEA042D','9292370771','2016-01-05 22:36:20','AC:86:74:47:62:48'),(978,'68A3C4BEBB02','9177483695','2016-01-05 23:02:53','AC:86:74:47:78:A0'),(979,'70ECE4631C5F','347-742-0926','2016-01-05 23:51:28','AC:86:74:43:61:88'),(980,'BC3BAF28718C','6132618681','2016-01-06 14:03:57','AC:86:74:47:46:10'),(981,'A01828C50B19','3475068174','2016-01-06 14:10:52','AC:86:74:43:61:88'),(982,'C0BDD1049229','973-338-0309','2016-01-06 14:28:51','AC:86:74:47:4D:90'),(983,'843835B07065','9735375258','2016-01-06 16:20:26','AC:86:74:47:A2:50'),(984,'C0BDD1049229','973-338-0309','2016-01-06 16:22:38','AC:86:74:47:4D:90'),(985,'E8508B8086F8','3472883315','2016-01-06 17:45:52','AC:86:74:47:62:48'),(986,'908D6CC26186','2018887255','2016-01-06 18:02:30','AC:86:74:47:4D:90'),(987,'C0BDD1049229','973-338-0309','2016-01-06 18:06:39','AC:86:74:47:4D:90'),(988,'88C9D0B2D4EA','8622139734','2016-01-06 19:29:47','AC:86:74:47:A2:50'),(989,'24AB81E78E18','9734779488','2016-01-06 19:31:05','AC:86:74:47:4D:90'),(990,'BC3BAF3450EE','5024943774','2016-01-06 19:31:51','AC:86:74:47:46:10'),(991,'C81EE701436A','3478599152','2016-01-06 20:26:14','AC:86:74:47:A2:80'),(992,'88C9D0B2D4EA','8622139734','2016-01-06 20:35:35','AC:86:74:47:A2:50'),(993,'C01ADA3E505F','7182996867','2016-01-06 21:26:35','AC:86:74:47:62:48'),(994,'C0BDD1049229','973-338-0309','2016-01-06 21:45:11','AC:86:74:47:4D:90'),(995,'48E9F1A26CDF','9733561026','2016-01-06 21:59:42','AC:86:74:47:A2:50'),(996,'848E0C2F801A','8626213130','2016-01-06 22:36:05','AC:86:74:47:4D:90'),(997,'48437C119B89','9739558035','2016-01-06 22:48:33','AC:86:74:47:A2:50'),(998,'EC1D7FB33385','9085656677','2016-01-07 13:28:01','AC:86:74:47:4D:90'),(999,'48E9F1A26CDF','9733561026','2016-01-07 14:49:04','AC:86:74:47:A2:50'),(1000,'C01ADA91BA6F','9733929121','2016-01-07 15:35:41','AC:86:74:47:A2:50'),(1001,'587F5737E830','5619010183','2016-01-07 15:55:36','AC:86:74:47:46:10'),(1002,'C88550A42C89','2016869310','2016-01-07 16:09:55','AC:86:74:47:4D:90'),(1003,'78FD941FE6EB','888-888-8888','2016-01-07 16:12:33','AC:86:74:47:46:10'),(1004,'2827BFC468B8','2016670659','2016-01-07 16:26:07','AC:86:74:47:4D:90'),(1005,'908D6CC26186','2018887255','2016-01-07 16:33:43','AC:86:74:47:A2:50'),(1006,'48E9F1A26CDF','9733561026','2016-01-07 17:20:04','AC:86:74:47:A2:50'),(1007,'F4F15AA7CE7B','2024608479','2016-01-07 17:39:34','AC:86:74:43:61:B0'),(1008,'88C9D0B2D4EA','8622139734','2016-01-07 17:57:43','AC:86:74:47:A2:50'),(1009,'903C92661DEF','9737353453','2016-01-07 18:44:51','AC:86:74:47:A2:50'),(1010,'C49A024001BA','5616549314','2016-01-07 18:47:54','AC:86:74:47:46:10'),(1011,'68A86DA22101','8622021391','2016-01-07 19:01:43','AC:86:74:47:A2:50'),(1012,'18F64301AFE6','2018733313','2016-01-07 19:25:05','AC:86:74:47:4D:90'),(1013,'908D6CC26186','2018887255','2016-01-07 19:51:15','AC:86:74:47:A2:50'),(1014,'18F64391E5CA','9737035892','2016-01-07 20:35:25','AC:86:74:47:A2:50'),(1015,'FCFC48886D7A','2319552836','2016-01-07 20:53:28','AC:86:74:43:61:C0'),(1016,'20C9D07CC7E1','9174349481','2016-01-07 21:17:59','AC:86:74:47:4D:90'),(1017,'2C1F23D16D3E','9730000007','2016-01-07 22:20:12','AC:86:74:47:4D:90'),(1018,'B844D943BD4C','5619909840','2016-01-07 23:09:26','AC:86:74:47:46:10'),(1019,'A09169E71CB2','5613374411','2016-01-08 00:00:24','AC:86:74:47:46:10'),(1020,'7081EB5C088E','9175899562','2016-01-08 00:26:55','AC:86:74:47:46:10'),(1021,'6C72E720EF72','516-281-5489','2016-01-08 01:23:56','AC:86:74:47:46:10'),(1022,'908D6CC26186','2018887255','2016-01-08 11:48:46','AC:86:74:47:4D:90'),(1023,'FCDBB3200AC9','2016479911','2016-01-08 14:20:10','AC:86:74:47:A2:50'),(1024,'68AE20524729','3472764050','2016-01-08 15:23:18','AC:86:74:43:61:B0'),(1025,'80BE0537FC47','9175756459','2016-01-08 15:51:03','AC:86:74:47:4D:90'),(1026,'908D6CC26186','2018887255','2016-01-08 15:59:09','AC:86:74:47:A2:50'),(1027,'843835B07065','9735375258','2016-01-08 16:16:46','AC:86:74:47:A2:50'),(1028,'4C8D791D14CD','9545782568','2016-01-08 16:53:04','AC:86:74:47:46:10'),(1029,'74D02BA4647A','201-281-2973','2016-01-08 16:59:25','AC:86:74:43:61:88'),(1030,'48437CBD6136','8622249538','2016-01-08 17:07:22','AC:86:74:47:4D:90'),(1031,'BC6C21D2B552','5614609455','2016-01-08 17:36:58','AC:86:74:43:61:B0'),(1032,'908D6CC26186','2018887255','2016-01-08 17:39:53','AC:86:74:47:A2:50'),(1681,'60512CA1D550','7184130844','2016-03-18 14:20:09','AC:86:74:47:A2:80'),(1034,'F8CFC5A07FCA','917-697-1525','2016-01-08 18:10:38','AC:86:74:43:61:B0'),(1035,'F0DBE2E1EB62','8622360934','2016-01-08 18:24:27','AC:86:74:47:A2:50'),(1036,'D05BA81B5C73','3473986746','2016-01-08 18:37:18','AC:86:74:47:A2:80'),(1037,'E8802E89FA49','9782422536','2016-01-08 18:37:46','AC:86:74:47:46:10'),(1038,'E8802E89FA49','9782422536','2016-01-08 18:56:51','AC:86:74:47:46:10'),(1039,'C01ADA7595DD','8625716212','2016-01-08 19:43:08','AC:86:74:47:A2:50'),(1040,'C01ADA7595DD','8625716212','2016-01-08 20:43:37','AC:86:74:47:A2:50'),(1041,'F409D8FFFB18','8625760869','2016-01-09 16:21:50','AC:86:74:47:4D:90'),(1042,'8863DFD6A4DF','8622371300','2016-01-09 17:26:35','AC:86:74:47:4D:90'),(1043,'F409D8FFFB18','8625760869','2016-01-09 17:27:25','AC:86:74:47:4D:90'),(1044,'68D93C255451','9737252538','2016-01-09 18:02:08','AC:86:74:47:4D:90'),(1045,'BC6C21D2B552','5614609455','2016-01-09 19:42:54','AC:86:74:43:61:B0'),(1046,'549F13385CB5','5628627997','2016-01-09 20:34:58','AC:86:74:47:46:10'),(1047,'B03495DD40F2','201-794-8210','2016-01-10 00:54:59','AC:86:74:43:61:B0'),(1048,'24A2E1637F3F','2016155590','2016-01-10 01:17:15','AC:86:74:43:61:B0'),(1049,'90B686AB9A07','9175653344','2016-01-10 04:19:39','AC:86:74:47:46:10'),(1050,'FCC2DE795C18','8455484535','2016-01-10 16:38:48','AC:86:74:47:46:10'),(1051,'9CD35B94ABC1','8622025415','2016-01-10 17:31:14','AC:86:74:47:A2:50'),(1052,'BC6C21D2B552','5614609455','2016-01-10 17:56:40','AC:86:74:43:61:B0'),(1053,'60512CA1D550','7184130844','2016-01-10 21:17:58','AC:86:74:47:A2:80'),(1054,'D0331169944D','954-803-8226','2016-01-10 21:28:56','AC:86:74:43:61:B0'),(1055,'D033116D28B5','973-767-3694','2016-01-10 22:59:54','AC:86:74:47:A2:50'),(1056,'48E9F1A26CDF','9733561026','2016-01-11 14:35:21','AC:86:74:47:A2:50'),(1057,'908D6CC26186','2018887255','2016-01-11 15:48:58','AC:86:74:47:A2:50'),(1058,'48E9F1A26CDF','9733561026','2016-01-11 15:50:04','AC:86:74:47:A2:50'),(1059,'30A8DB8AA2FD','5168495277','2016-01-11 16:33:48','AC:86:74:43:61:88'),(1060,'48E9F1A26CDF','9733561026','2016-01-11 17:21:44','AC:86:74:47:A2:50'),(1061,'908D6CC26186','2018887255','2016-01-11 17:30:43','AC:86:74:47:A2:50'),(1062,'CC20E86592BE','3475257500','2016-01-11 17:40:03','AC:86:74:43:61:B0'),(1063,'10417F1303AE','5617165681','2016-01-11 17:43:06','AC:86:74:43:61:B0'),(1064,'CC29F5518869','974-619-5196','2016-01-11 18:32:56','AC:86:74:47:4D:90'),(1065,'908D6CC26186','2018887255','2016-01-11 18:33:06','AC:86:74:47:A2:50'),(1066,'80BE05D579AD','502-335-7829','2016-01-11 19:10:32','AC:86:74:47:46:10'),(1067,'48E9F1A26CDF','9733561026','2016-01-11 19:55:45','AC:86:74:47:A2:50'),(1068,'8056F2818F63','5164927024','2016-01-11 20:06:23','AC:86:74:43:61:88'),(1069,'90FD61D3E8E8','8623040910','2016-01-11 20:35:44','AC:86:74:47:4D:90'),(1070,'4C7C5F83666C','9734444077','2016-01-11 20:35:46','AC:86:74:47:4D:90'),(1071,'48E9F1A26CDF','9733561026','2016-01-11 21:05:44','AC:86:74:47:A2:50'),(1072,'7081EB165642','561-235-1087','2016-01-11 21:50:24','AC:86:74:43:61:B0'),(1073,'8C006D1C53A4','2120000123','2016-01-11 23:59:53','AC:86:74:43:61:88'),(1074,'908D6CC26186','2018887255','2016-01-12 13:37:49','AC:86:74:47:4D:90'),(1075,'34DE348941F7','3473375486','2016-01-12 14:22:56','AC:86:74:47:A2:50'),(1076,'1430C6C198D2','2012507820','2016-01-12 15:25:27','AC:86:74:47:A2:50'),(1077,'908D6CC26186','2018887255','2016-01-12 15:34:54','AC:86:74:47:A2:50'),(1078,'34DE348941F7','3473375486','2016-01-12 15:41:44','AC:86:74:47:A2:50'),(1079,'5426963D2B03','9735086784','2016-01-12 15:46:10','AC:86:74:47:4D:90'),(1080,'8C5877867345','973-813-5177','2016-01-12 15:58:37','AC:86:74:47:4D:90'),(1081,'48E9F1A26CDF','9733561026','2016-01-12 16:09:07','AC:86:74:47:A2:50'),(1082,'A09169D847E7','9738613713','2016-01-12 16:23:25','AC:86:74:47:4D:90'),(1083,'1430C6C198D2','2012507820','2016-01-12 16:31:49','AC:86:74:47:A2:50'),(1084,'3CAB8ED5D6E7','9733368758','2016-01-12 17:22:55','AC:86:74:47:4D:90'),(1085,'A09169D847E7','9738613713','2016-01-12 17:30:31','AC:86:74:47:4D:90'),(1086,'283737A6C158','613-866-4437','2016-01-12 17:40:07','AC:86:74:47:46:10'),(1087,'240A11B7038E','613-291-3465','2016-01-12 17:43:38','AC:86:74:43:61:B0'),(1088,'DC9B9C537176','2012324573','2016-01-12 18:16:11','AC:86:74:47:A2:50'),(1089,'908D6CC26186','2018887255','2016-01-12 18:56:41','AC:86:74:47:4D:90'),(1090,'48E9F1A26CDF','9733561026','2016-01-12 19:14:53','AC:86:74:47:A2:50'),(1091,'DC9B9C537176','2012324573','2016-01-12 19:24:33','AC:86:74:47:A2:50'),(1092,'1430C6C198D2','2012507820','2016-01-12 19:55:32','AC:86:74:47:A2:50'),(1093,'A09169A9E247','5055585500','2016-01-12 19:56:16','AC:86:74:47:A2:50'),(1094,'DC9B9C537176','2012324573','2016-01-12 20:53:49','AC:86:74:47:A2:50'),(1095,'F431C3738885','9736157730','2016-01-12 21:23:18','AC:86:74:47:A2:50'),(1096,'48E9F1A26CDF','9733561026','2016-01-12 21:39:51','AC:86:74:47:A2:50'),(1097,'242642D2A26E','862-888-1865','2016-01-12 21:40:48','AC:86:74:47:4D:90'),(1098,'BC6C2122D0B4','5167764521','2016-01-12 22:34:41','AC:86:74:43:61:88'),(1099,'606944E62EB8','9292396296','2016-01-12 23:39:10','AC:86:74:47:62:48'),(1100,'60512CA1D550','7184130844','2016-01-13 00:41:18','AC:86:74:47:62:48'),(1101,'881FA15E392B','6319927790','2016-01-13 00:57:09','AC:86:74:47:A2:80'),(1102,'908D6CC26186','2018887255','2016-01-13 13:20:01','AC:86:74:47:4D:90'),(1103,'B418D14110B0','2018782003','2016-01-13 14:10:23','AC:86:74:47:4D:90'),(1104,'C0BDD1049229','973-338-0309','2016-01-13 14:44:50','AC:86:74:47:4D:90'),(1105,'C81EE72FE22F','7183200388','2016-01-13 15:45:28','AC:86:74:47:62:48'),(1106,'DC9B9C537176','2012324573','2016-01-13 15:47:38','AC:86:74:47:A2:50'),(1107,'908D6CC26186','2018887255','2016-01-13 15:50:59','AC:86:74:47:A2:50'),(1108,'C0BDD1049229','973-338-0309','2016-01-13 15:58:29','AC:86:74:47:4D:90'),(1109,'5C97F31A933A','9085142224','2016-01-13 16:04:47','AC:86:74:47:4D:90'),(1110,'48E9F1A26CDF','9733561026','2016-01-13 16:36:05','AC:86:74:47:A2:50'),(1111,'B418D14110B0','2018782003','2016-01-13 16:50:49','AC:86:74:47:4D:90'),(1112,'908D6CC26186','2018887255','2016-01-13 17:15:03','AC:86:74:47:4D:90'),(1113,'DC9B9C537176','2012324573','2016-01-13 17:29:59','AC:86:74:47:A2:50'),(1114,'C0BDD1049229','973-338-0309','2016-01-13 17:51:35','AC:86:74:47:4D:90'),(1115,'B418D14110B0','2018782003','2016-01-13 17:58:52','AC:86:74:47:4D:90'),(1116,'88329BA499BC','862-377-1518','2016-01-13 18:06:32','AC:86:74:47:A2:50'),(1117,'908D6CC26186','2018887255','2016-01-13 18:57:43','AC:86:74:47:A2:50'),(1118,'FCDBB3BA73D4','5163439897','2016-01-13 19:02:01','AC:86:74:47:78:A0'),(1119,'48E9F1A26CDF','9733561026','2016-01-13 19:49:07','AC:86:74:47:A2:50'),(1120,'B8E85627BC4C','516-353-4053','2016-01-13 19:56:35','AC:86:74:43:62:00'),(1121,'908D6CC26186','2018887255','2016-01-13 20:13:13','AC:86:74:47:A2:50'),(1680,'0C4885FDECC4','3473334545','2016-03-18 12:39:59','AC:86:74:47:4D:30'),(1123,'C0BDD1049229','973-338-0309','2016-01-13 20:21:18','AC:86:74:47:4D:90'),(1124,'B8E85627BC4C','516-353-4053','2016-01-13 21:02:53','AC:86:74:43:61:88'),(1125,'C421C8435955','9142967350','2016-01-13 23:06:26','AC:86:74:47:62:48'),(1126,'38CADAF39168','6466750653','2016-01-14 00:52:58','AC:86:74:47:62:48'),(1127,'D02598111186','516-426-8289','2016-01-14 01:23:09','AC:86:74:47:78:A0'),(1128,'D8A25E909FB5','631-423-4477','2016-01-14 01:40:27','AC:86:74:43:61:88'),(1129,'48E9F1A26CDF','9733561026','2016-01-14 14:43:47','AC:86:74:47:A2:50'),(1130,'908D6CC26186','2018887255','2016-01-14 14:56:21','AC:86:74:47:4D:90'),(1131,'64BC0C8C4DA3','7872104001','2016-01-14 15:46:51','AC:86:74:47:A2:50'),(1132,'48E9F1A26CDF','9733561026','2016-01-14 15:51:11','AC:86:74:47:A2:50'),(1133,'908D6CC26186','2018887255','2016-01-14 16:11:43','AC:86:74:47:A2:50'),(1134,'7831C15559F4','9738705540','2016-01-14 16:42:37','AC:86:74:47:A2:50'),(1135,'78A3E4003862','973-870-5544','2016-01-14 16:43:57','AC:86:74:47:A2:50'),(1136,'9068C3F5EECD','5164776706','2016-01-14 16:44:00','AC:86:74:47:46:10'),(1137,'9CFC014F3922','516-458-2742','2016-01-14 17:18:46','AC:86:74:43:61:B0'),(1138,'78A3E4003862','973-870-5544','2016-01-14 17:44:36','AC:86:74:47:A2:50'),(1139,'440010DF2ECE','7734958824','2016-01-14 18:02:40','AC:86:74:47:46:10'),(1140,'606944E62EB8','9292396296','2016-01-14 18:20:06','AC:86:74:47:62:48'),(1141,'908D6CC26186','2018887255','2016-01-14 18:26:15','AC:86:74:47:4D:90'),(1142,'9CFC014F3922','516-458-2742','2016-01-14 18:36:00','AC:86:74:47:46:10'),(1143,'A8667FA591DC','3472546788','2016-01-14 19:06:45','AC:86:74:47:62:48'),(1144,'908D6CC26186','2018887255','2016-01-14 19:32:12','AC:86:74:47:4D:90'),(1145,'88329B81F8B6','9177807531','2016-01-14 20:09:46','AC:86:74:47:A2:50'),(1146,'CC20E8D861C0','9174349481','2016-01-14 21:46:54','AC:86:74:47:A2:50'),(1147,'908D6CC26186','2018887255','2016-01-15 11:47:28','AC:86:74:47:A2:50'),(1148,'48E9F1A26CDF','9733561026','2016-01-15 13:39:57','AC:86:74:47:A2:50'),(1149,'DC9B9C537176','2012324573','2016-01-15 14:20:08','AC:86:74:47:A2:50'),(1150,'908D6CC26186','2018887255','2016-01-15 14:36:18','AC:86:74:47:A2:50'),(1151,'48E9F1A26CDF','9733561026','2016-01-15 15:01:29','AC:86:74:47:A2:50'),(1152,'88C9D0B2D4EA','8622139734','2016-01-15 15:33:49','AC:86:74:47:4D:90'),(1153,'68A86DA22101','8622021391','2016-01-15 15:38:31','AC:86:74:47:A2:50'),(1154,'908D6CC26186','2018887255','2016-01-15 16:09:52','AC:86:74:47:A2:50'),(1155,'88C9D0B2D4EA','8622139734','2016-01-15 16:44:43','AC:86:74:47:A2:50'),(1156,'70ECE4622402','9734774165','2016-01-15 16:45:08','AC:86:74:47:A2:50'),(1157,'68A86DA22101','8622021391','2016-01-15 16:47:49','AC:86:74:47:A2:50'),(1158,'48E9F1A26CDF','9733561026','2016-01-15 16:48:05','AC:86:74:47:A2:50'),(1159,'FCDBB3200AC9','2016479911','2016-01-15 17:03:30','AC:86:74:47:A2:50'),(1160,'D8BB2C92481B','9174887284','2016-01-15 17:04:00','AC:86:74:43:62:00'),(1161,'908D6CC26186','2018887255','2016-01-15 17:25:27','AC:86:74:47:A2:50'),(1162,'24A2E1B6F609','3055275099','2016-01-15 17:40:49','AC:86:74:47:46:10'),(1163,'68A86DA22101','8622021391','2016-01-15 17:52:35','AC:86:74:47:A2:50'),(1164,'609217DB1930','561-281-7919','2016-01-15 18:16:16','AC:86:74:47:46:10'),(1165,'908D6CC26186','2018887255','2016-01-15 18:50:36','AC:86:74:47:A2:50'),(1166,'A09169A9E247','5055585500','2016-01-15 19:17:43','AC:86:74:47:A2:50'),(1167,'783A845E868B','2016182970','2016-01-15 20:27:59','AC:86:74:47:A2:50'),(1168,'5C8D4E9DBDB7','862-216-5794','2016-01-15 21:07:05','AC:86:74:47:A2:50'),(1169,'783A845E868B','2016182970','2016-01-15 22:36:07','AC:86:74:47:A2:50'),(1170,'6C72E7B2716E','7323950264','2016-01-16 15:23:48','AC:86:74:47:A2:50'),(1171,'6C72E7B2716E','7323950264','2016-01-16 16:49:27','AC:86:74:47:4D:90'),(1172,'587F577472CC','973-204-9731','2016-01-16 17:04:24','AC:86:74:47:4D:90'),(1173,'7C0191B3C39A','3104948513','2016-01-16 18:56:20','AC:86:74:43:61:B0'),(1174,'800184E4BD0A','8624145808','2016-01-16 23:06:56','AC:86:74:47:A2:50'),(1175,'703EAC5B668F','561-346-2789','2016-01-17 00:19:26','AC:86:74:47:46:10'),(1176,'88C9D0E85F91','440-8675-309','2016-01-17 17:14:51','AC:86:74:47:46:10'),(1177,'F431C384559C','2168701657','2016-01-17 17:23:30','AC:86:74:47:46:10'),(1178,'7014A64C340D','1365555555','2016-01-17 18:01:51','AC:86:74:47:46:10'),(1179,'BC6C21C5D5DF','9548049697','2016-01-17 18:24:41','AC:86:74:47:46:10'),(1180,'B065BD72CA1F','9173435565','2016-01-17 21:07:05','AC:86:74:47:79:38'),(1181,'2C1F23DEF217','3144961573','2016-01-17 21:10:05','AC:86:74:43:61:B0'),(1182,'549F133FC45F','5614300482','2016-01-17 22:34:15','AC:86:74:43:61:B0'),(1183,'60F81DD3DF47','9176039473','2016-01-17 23:12:56','AC:86:74:47:A2:80'),(1184,'44D8848726F3','6468653123','2016-01-17 23:42:07','AC:86:74:47:A2:80'),(1185,'908D6CC26186','2018887255','2016-01-18 11:38:05','AC:86:74:47:A2:50'),(1186,'908D6CC26186','2018887255','2016-01-18 15:18:23','AC:86:74:47:A2:50'),(1187,'848E0C001EE6','3477648953','2016-01-18 15:54:59','AC:86:74:47:A2:50'),(1188,'B4EF3939BCC3','9739145829','2016-01-18 15:55:02','AC:86:74:47:A2:50'),(1189,'C0CECD472E92','9085900005','2016-01-18 16:21:01','AC:86:74:47:4D:90'),(1190,'FC1910929453','2014676419','2016-01-18 16:22:48','AC:86:74:47:4D:90'),(1191,'70ECE46C23C1','9735083919','2016-01-18 16:57:16','AC:86:74:47:4D:90'),(1192,'B4EF3939BCC3','9739145829','2016-01-18 17:04:14','AC:86:74:47:A2:50'),(1193,'908D6CC26186','2018887255','2016-01-18 17:39:06','AC:86:74:47:A2:50'),(1194,'48E9F1A26CDF','9733561026','2016-01-18 17:52:37','AC:86:74:47:A2:50'),(1195,'606944E62EB8','9292396296','2016-01-18 17:56:45','AC:86:74:47:A2:80'),(1196,'C0EEFB5B055D','7215819262','2016-01-18 18:15:29','AC:86:74:47:A2:80'),(1197,'70ECE46C23C1','9735083919','2016-01-18 18:19:25','AC:86:74:47:4D:90'),(1198,'0CD74683B292','2014499231','2016-01-18 19:38:44','AC:86:74:47:4D:90'),(1199,'14109F6C274B','2012333991','2016-01-18 19:39:25','AC:86:74:47:4D:90'),(1200,'4CBB5880B6B8','9177483695','2016-01-18 19:44:11','AC:86:74:47:78:A0'),(1201,'FCDBB376FE84','9735808456','2016-01-18 20:59:16','AC:86:74:47:A2:50'),(1202,'6C2779DCE164','9876334546','2016-01-18 21:37:19','AC:86:74:47:A2:50'),(1203,'606944E62EB8','9292396296','2016-01-18 21:38:03','AC:86:74:47:A2:80'),(1204,'606944E62EB8','9292396296','2016-01-18 23:50:11','AC:86:74:47:A2:80'),(1205,'6C72E7B2716E','7323950264','2016-01-19 00:19:00','AC:86:74:47:A2:50'),(1206,'48437C7A5985','9176914102','2016-01-19 00:41:41','AC:86:74:47:62:48'),(1207,'908D6CC26186','2018887255','2016-01-19 11:43:00','AC:86:74:47:A2:50'),(1208,'24E314622300','2012334573','2016-01-19 14:11:56','AC:86:74:47:A2:50'),(1209,'48E9F1A26CDF','9733561026','2016-01-19 14:59:53','AC:86:74:47:A2:50'),(1210,'24E314622300','2012334573','2016-01-19 15:12:08','AC:86:74:47:A2:50'),(1211,'4C7C5F092F4E','8627541228','2016-01-19 15:18:22','AC:86:74:47:4D:90'),(1212,'C0BDD1049229','973-338-0309','2016-01-19 15:24:22','AC:86:74:47:4D:90'),(1213,'24DA9B60D67D','908-902-7109','2016-01-19 15:34:51','AC:86:74:47:A2:50'),(1214,'908D6CC26186','2018887255','2016-01-19 15:57:21','AC:86:74:47:A2:50'),(1215,'48E9F1A26CDF','9733561026','2016-01-19 16:08:24','AC:86:74:47:A2:50'),(1216,'24E314622300','2012334573','2016-01-19 16:14:42','AC:86:74:47:A2:50'),(1217,'C0BDD1049229','973-338-0309','2016-01-19 16:30:50','AC:86:74:47:4D:90'),(1218,'9060F16F501B','5619084015','2016-01-19 16:45:13','AC:86:74:47:46:10'),(1219,'908D6CC26186','2018887255','2016-01-19 17:08:37','AC:86:74:47:A2:50'),(1220,'48E9F1A26CDF','9733561026','2016-01-19 17:16:52','AC:86:74:47:A2:50'),(1221,'24E314622300','2012334573','2016-01-19 17:36:57','AC:86:74:47:A2:50'),(1222,'24E314622300','2012334573','2016-01-19 18:43:59','AC:86:74:47:A2:50'),(1223,'48E9F1A26CDF','9733561026','2016-01-19 18:46:32','AC:86:74:47:A2:50'),(1224,'CC785FE46DEE','9736410647','2016-01-19 18:56:19','AC:86:74:47:4D:90'),(1225,'C0BDD1049229','973-338-0309','2016-01-19 19:00:22','AC:86:74:47:4D:90'),(1226,'2CF0EEA7E119','5614600797','2016-01-19 20:43:38','AC:86:74:43:61:B0'),(1227,'98E0D95DC004','9175921996','2016-01-19 20:49:16','AC:86:74:43:61:B0'),(1228,'24E314622300','2012334573','2016-01-19 21:31:38','AC:86:74:47:A2:50'),(1229,'C0BDD1049229','973-338-0309','2016-01-19 21:38:23','AC:86:74:47:4D:90'),(1230,'48E9F1A26CDF','9733561026','2016-01-19 22:13:14','AC:86:74:47:A2:50'),(1231,'F0D1A9CF4D8E','347-322-5140','2016-01-19 23:39:32','AC:86:74:47:62:48'),(1232,'5C8D4EC0578C','9173835746','2016-01-19 23:58:09','AC:86:74:47:A2:80'),(1233,'908D6CC26186','2018887255','2016-01-20 13:23:35','AC:86:74:47:A2:50'),(1234,'A4B8058966E7','9179390068','2016-01-20 14:22:38','AC:86:74:47:A2:50'),(1235,'24E314622300','2012334573','2016-01-20 14:24:54','AC:86:74:47:A2:50'),(1236,'745C9F8FFEB9','9732347014','2016-01-20 15:04:07','AC:86:74:47:A2:50'),(1237,'908D6CC26186','2018887255','2016-01-20 15:15:38','AC:86:74:47:A2:50'),(1238,'3CAB8ED5D6E7','9733368758','2016-01-20 15:31:21','AC:86:74:47:4D:90'),(1239,'103047CE4BB7','5555555555','2016-01-20 16:01:36','AC:86:74:47:A2:50'),(1240,'9CFC017A6DCB','2015801028','2016-01-20 16:08:04','AC:86:74:47:A2:50'),(1241,'48E9F1A26CDF','9733561026','2016-01-20 16:41:15','AC:86:74:47:A2:50'),(1242,'24E314622300','2012334573','2016-01-20 16:58:55','AC:86:74:47:A2:50'),(1243,'9CFC017A6DCB','2015801028','2016-01-20 17:10:58','AC:86:74:47:A2:50'),(1244,'908D6CC26186','2018887255','2016-01-20 17:13:24','AC:86:74:47:4D:90'),(1245,'583F54B96076','8455008214','2016-01-20 17:30:57','AC:86:74:47:A2:50'),(1246,'48E9F1A26CDF','9733561026','2016-01-20 17:52:55','AC:86:74:47:A2:50'),(1247,'583F54B96076','8455008214','2016-01-20 18:36:42','AC:86:74:47:A2:50'),(1248,'80006E99593E','9739345299','2016-01-20 18:44:07','AC:86:74:47:A2:50'),(1249,'9CFC01ED5EFE','6462811773','2016-01-20 18:48:00','AC:86:74:47:62:48'),(1250,'48E9F1A26CDF','9733561026','2016-01-20 19:00:59','AC:86:74:47:A2:50'),(1251,'D8CF9C0D97C3','9737807204','2016-01-20 19:03:00','AC:86:74:47:4D:90'),(1252,'908D6CC26186','2018887255','2016-01-20 19:03:39','AC:86:74:47:A2:50'),(1253,'24E314622300','2012334573','2016-01-20 19:07:53','AC:86:74:47:A2:50'),(1254,'B8098AE3437D','5616170102','2016-01-20 19:12:48','AC:86:74:43:61:B0'),(1255,'843835B07065','9735375258','2016-01-20 19:26:37','AC:86:74:47:A2:50'),(1256,'00CDFE149A0A','9145896435','2016-01-20 19:53:06','AC:86:74:47:46:10'),(1257,'80006E99593E','9739345299','2016-01-20 20:28:30','AC:86:74:47:A2:50'),(1258,'48E9F1A26CDF','9733561026','2016-01-20 21:03:03','AC:86:74:47:A2:50'),(1259,'A4B805D301D1','2164103339','2016-01-20 21:36:04','AC:86:74:47:46:10'),(1260,'48E9F1A26CDF','9733561026','2016-01-20 22:18:09','AC:86:74:47:A2:50'),(1261,'FCDBB37324E9','7325014392','2016-01-20 23:42:07','AC:86:74:43:61:B0'),(1262,'6C72E7B2716E','7323950264','2016-01-21 00:31:26','AC:86:74:47:A2:50'),(1263,'6809276877C5','9177483695','2016-01-21 00:52:56','AC:86:74:47:78:A0'),(1264,'908D6CC26186','2018887255','2016-01-21 11:59:23','AC:86:74:47:A2:50'),(1265,'8019342B44D1','9172705714','2016-01-21 12:53:55','AC:86:74:47:A2:50'),(1266,'A018282F2C16','6468725005','2016-01-21 13:34:15','AC:86:74:47:4D:90'),(1267,'908D6CC26186','2018887255','2016-01-21 13:35:23','AC:86:74:47:A2:50'),(1268,'FCDBB3D23CA2','9082859863','2016-01-21 13:37:29','AC:86:74:47:A2:50'),(1269,'8019342B44D1','9172705714','2016-01-21 13:58:54','AC:86:74:47:A2:50'),(1270,'6C400850E91F','9543287341','2016-01-21 14:00:14','AC:86:74:47:46:10'),(1271,'B418D14110B0','2018782003','2016-01-21 14:46:00','AC:86:74:47:4D:90'),(1272,'A018282F2C16','6468725005','2016-01-21 14:52:18','AC:86:74:47:A2:50'),(1273,'8019342B44D1','9172705714','2016-01-21 14:59:50','AC:86:74:47:A2:50'),(1274,'48E9F1A26CDF','9733561026','2016-01-21 15:04:36','AC:86:74:47:A2:50'),(1275,'908D6CC26186','2018887255','2016-01-21 15:27:13','AC:86:74:47:A2:50'),(1276,'8019342B44D1','9172705714','2016-01-21 16:02:38','AC:86:74:47:A2:50'),(1277,'48E9F1A26CDF','9733561026','2016-01-21 16:36:34','AC:86:74:47:A2:50'),(1278,'1430C6C198D2','2012507820','2016-01-21 16:37:55','AC:86:74:47:A2:50'),(1279,'544E900733BD','2019373346','2016-01-21 17:12:48','AC:86:74:43:61:B0'),(1280,'FCC2DED846A4','647-710-1097','2016-01-21 17:23:23','AC:86:74:43:61:B0'),(1281,'A09169CC23B2','3476146021','2016-01-21 17:40:27','AC:86:74:47:62:48'),(1282,'908D6CC26186','2018887255','2016-01-21 18:18:25','AC:86:74:47:4D:90'),(1283,'98E0D96021C2','2024455121','2016-01-21 18:29:05','AC:86:74:43:61:C0'),(1284,'3CD0F817195C','5149663971','2016-01-21 18:52:25','AC:86:74:43:61:C0'),(1285,'48E9F1A26CDF','9733561026','2016-01-21 19:12:13','AC:86:74:47:A2:50'),(1286,'80006E7B48D3','9176572477','2016-01-21 19:13:56','AC:86:74:47:A2:80'),(1287,'FC19107FFCAB','3052002848','2016-01-21 19:20:58','AC:86:74:47:46:10'),(1288,'FCC2DED846A4','647-710-1097','2016-01-21 20:07:33','AC:86:74:47:46:10'),(1289,'48E9F1A26CDF','9733561026','2016-01-21 20:17:47','AC:86:74:47:A2:50'),(1290,'FC19107FFCAB','3052002848','2016-01-21 20:21:44','AC:86:74:43:61:B0'),(1291,'842E272101BE','9735365038','2016-01-21 20:52:13','AC:86:74:47:4D:90'),(1292,'70ECE48465F4','610-331-3664','2016-01-21 22:29:36','AC:86:74:47:46:10'),(1293,'908D6CB449CD','9174538890','2016-01-21 22:58:32','AC:86:74:47:58:20'),(1294,'908D6CC26186','2018887255','2016-01-22 12:54:48','AC:86:74:47:A2:50'),(1295,'24E314622300','2012334573','2016-01-22 14:08:35','AC:86:74:47:A2:50'),(1296,'24E314622300','2012334573','2016-01-22 15:35:15','AC:86:74:47:A2:50'),(1297,'B03495A977F6','646-234-1242','2016-01-22 16:11:02','AC:86:74:47:A2:80'),(1298,'908D6CC26186','2018887255','2016-01-22 16:15:47','AC:86:74:47:4D:90'),(1299,'24E314622300','2012334573','2016-01-22 17:34:06','AC:86:74:47:A2:50'),(1300,'908D6CC26186','2018887255','2016-01-22 18:03:48','AC:86:74:47:4D:90'),(1301,'24E314622300','2012334573','2016-01-22 19:20:51','AC:86:74:47:A2:50'),(1302,'24E314622300','2012334573','2016-01-22 21:00:12','AC:86:74:47:A2:50'),(1303,'64A3CB313C5C','5162476560','2016-01-22 21:20:08','AC:86:74:43:61:B0'),(1304,'E83A1284BE7D','8629448222','2016-01-22 22:46:54','AC:86:74:47:4D:90'),(1305,'7CFADFA2D535','4073257865','2016-01-23 17:34:48','AC:86:74:47:46:10'),(1306,'20A2E4677419','9999999998','2016-01-23 17:38:13','AC:86:74:47:46:10'),(1307,'9068C3902726','3474662627','2016-01-24 00:42:21','AC:86:74:47:46:10'),(1308,'CC29F5C3D44F','5162344456','2016-01-24 01:25:58','AC:86:74:43:61:B0'),(1309,'A43135A76E07','9015507787','2016-01-24 02:39:26','AC:86:74:43:61:B0'),(1310,'2C1F23DEF217','3144961573','2016-01-24 02:40:51','AC:86:74:47:46:10'),(1311,'F8279356FE1D','901-550-1994','2016-01-24 02:43:07','AC:86:74:47:46:10'),(1312,'7C01919548AA','3144961573','2016-01-24 02:44:18','AC:86:74:47:46:10'),(1313,'A0EDCD6DC35B','901-319-4377','2016-01-24 02:45:21','AC:86:74:47:46:10'),(1314,'F437B79ACE72','314-442-9570','2016-01-24 02:45:52','AC:86:74:47:46:10'),(1315,'800184E83C52','5515873017','2016-01-24 03:38:46','AC:86:74:43:61:B0'),(1316,'A43135A76E07','9015507787','2016-01-24 03:40:41','AC:86:74:43:61:B0'),(1317,'A431357DD354','8472752285','2016-01-24 03:43:05','AC:86:74:43:61:B0'),(1318,'C0CECD3D92AD','7183373499','2016-01-24 03:48:22','AC:86:74:43:61:B0'),(1319,'A431357DD354','8472752285','2016-01-24 16:24:37','AC:86:74:47:46:10'),(1320,'908D6C8B00CE','9544962946','2016-01-24 17:23:21','AC:86:74:43:61:B0'),(1321,'34363B24ACEE','5162706157','2016-01-24 19:34:57','AC:86:74:47:46:10'),(1322,'087402BAEE60','5161234567','2016-01-24 19:39:25','AC:86:74:43:61:B0'),(1323,'006D52EF207D','7184153094','2016-01-24 19:45:49','AC:86:74:47:46:10'),(1324,'CC20E8BADB5E','9176796227','2016-01-24 19:46:06','AC:86:74:47:46:10'),(1325,'94942699C116','6462416438','2016-01-24 20:44:35','AC:86:74:43:61:B0'),(1326,'606944E62EB8','9292396296','2016-01-24 20:54:28','AC:86:74:47:A2:80'),(1327,'6C3E6DAE98A6','5616729492','2016-01-24 20:58:34','AC:86:74:47:46:10'),(1328,'789F703C4347','3476788888','2016-01-24 22:18:05','AC:86:74:47:A2:80'),(1674,'F437B786F1DD','973-424-3866','2016-03-18 00:34:24','AC:86:74:47:4D:90'),(1330,'00CDFE98F690','5615739041','2016-01-25 17:08:59','AC:86:74:43:61:B0'),(1331,'6C72E72316D1','9179689045','2016-01-25 17:43:00','AC:86:74:47:46:10'),(1332,'94E96AA22467','9756754321','2016-01-25 21:21:10','AC:86:74:43:61:B0'),(1333,'48E9F12D3BA2','7328483701','2016-01-25 21:49:20','AC:86:74:47:46:10'),(1334,'2C1F23CCC943','9177212314','2016-01-25 22:41:23','AC:86:74:47:46:10'),(1335,'4CBB5880B6B8','9177483695','2016-01-26 00:01:03','AC:86:74:47:78:A0'),(1336,'B065BDC06BD3','9546758907','2016-01-26 01:08:06','AC:86:74:47:46:10'),(1337,'A8667FA591DC','3478370285','2016-01-26 15:06:31','AC:86:74:47:62:48'),(1338,'28E14C4FBA83','9176267398','2016-01-26 16:46:41','AC:86:74:47:46:10'),(1339,'34BB26D127D0','5852221111','2016-01-26 17:49:54','AC:86:74:43:61:B0'),(1340,'5C8D4ECE1D60','5615743722','2016-01-26 18:31:27','AC:86:74:47:46:10'),(1341,'B09FBAF07141','9161480240','2016-01-26 18:47:03','AC:86:74:43:61:98'),(1342,'68AE2013E880','5105995578','2016-01-26 20:17:49','AC:86:74:47:46:10'),(1343,'5C8D4ECE1D60','5615743722','2016-01-26 20:25:08','AC:86:74:47:46:10'),(1344,'78FD941BAB89','8474177663','2016-01-26 22:01:08','AC:86:74:47:46:10'),(1345,'FC19107FFCAB','3052002848','2016-01-27 01:05:40','AC:86:74:47:46:10'),(1346,'98FE94223E9F','201-384-1253','2016-01-27 01:05:45','AC:86:74:47:46:10'),(1347,'00C6105DBC41','2016776886','2016-01-27 01:14:09','AC:86:74:43:61:B0'),(1348,'489D24784305','517-334-3434','2016-01-27 17:58:25','AC:86:74:43:61:B0'),(1349,'800184E83C52','5515873017','2016-01-27 19:37:09','AC:86:74:47:46:10'),(1350,'58B03574CAE0','917-626-5710','2016-01-27 21:08:34','AC:86:74:47:78:A0'),(1351,'E0C76716D536','3478821672','2016-01-27 23:33:33','AC:86:74:47:A2:80'),(1352,'5C97F32ED0E2','3477808938','2016-01-28 00:09:45','AC:86:74:47:A2:80'),(1353,'0CD746693197','6464793709','2016-01-28 16:40:53','AC:86:74:47:A2:80'),(1354,'3CA10D1A28C5','5169725917','2016-01-28 18:01:12','AC:86:74:47:46:10'),(1355,'6476BAE6DEB0','9172007539','2016-01-28 19:45:58','AC:86:74:47:46:10'),(1356,'00617147C89F','4164640716','2016-01-28 20:28:35','AC:86:74:47:46:10'),(1357,'C0CECD2B8A45','5166951698','2016-01-28 20:58:57','AC:86:74:47:46:10'),(1358,'C0CECD18E7B4','5167762563','2016-01-28 21:50:12','AC:86:74:43:61:B0'),(1359,'20A2E4B25FCB','9736346433','2016-01-29 00:05:57','AC:86:74:43:61:B0'),(1360,'F82793A44497','718-983-8516','2016-01-29 00:15:56','AC:86:74:47:46:10'),(1361,'00CDFED2F35B','3318117667','2016-01-29 17:31:23','AC:86:74:43:61:C0'),(1362,'8C5877C38E23','6465777375','2016-01-29 18:45:06','AC:86:74:47:A2:80'),(1363,'E8802E8AB35B','9176180077','2016-01-29 18:59:25','AC:86:74:43:61:B0'),(1364,'E498D6E8B1C4','9179297116','2016-01-29 19:04:58','AC:86:74:47:46:10'),(1365,'48E9F1077B61','7186777503','2016-01-29 19:06:07','AC:86:74:47:46:10'),(1366,'F41BA12B96D1','7188538444','2016-01-29 19:33:13','AC:86:74:47:46:10'),(1367,'A039F7695115','2019656817','2016-01-30 16:43:19','AC:86:74:47:46:10'),(1368,'C01ADA4D4A73','8457065500','2016-01-30 19:31:27','AC:86:74:43:61:70'),(1369,'ACCF5C41E7EC','914-466-0100','2016-01-30 19:33:49','AC:86:74:43:61:70'),(1370,'ACCF5C41E7EC','914-466-0100','2016-01-30 20:37:06','AC:86:74:43:61:70'),(1371,'C01ADA4D4A73','8457065500','2016-01-30 20:37:35','AC:86:74:43:61:70'),(1372,'549F13385CB5','5628627997','2016-01-30 21:01:22','AC:86:74:47:46:10'),(1373,'ACCF5C41E7EC','914-466-0100','2016-01-30 21:54:45','AC:86:74:43:61:70'),(1374,'549F13385CB5','5628627997','2016-01-30 22:15:43','AC:86:74:47:46:10'),(1375,'E8802E8AB35B','9176180077','2016-01-31 02:12:14','AC:86:74:43:61:B0'),(1376,'FCE998D31CB4','9176996246','2016-01-31 02:13:36','AC:86:74:43:61:B0'),(1377,'C01ADA94D7B2','9174145900','2016-01-31 02:14:35','AC:86:74:43:61:B0'),(1378,'A43135A787BA','1129905678','2016-01-31 02:15:07','AC:86:74:43:61:B0'),(1379,'70112440F744','3472545449','2016-01-31 02:15:30','AC:86:74:47:46:10'),(1380,'E498D6E8B1C4','9179297116','2016-01-31 02:16:15','AC:86:74:43:61:B0'),(1381,'48E9F1077B61','7186777503','2016-01-31 02:16:23','AC:86:74:47:46:10'),(1382,'20A2E4E4268F','2013205502','2016-01-31 02:48:22','AC:86:74:47:46:10'),(1383,'F41BA1D011EA','9547296527','2016-01-31 03:20:03','AC:86:74:47:46:10'),(1384,'606944E62EB8','9292396296','2016-01-31 15:01:05','AC:86:74:47:A2:80'),(1385,'E8802E8AB35B','9176180077','2016-01-31 15:11:56','AC:86:74:47:46:10'),(1386,'2C1F23BE1546','9178323256','2016-01-31 16:42:07','AC:86:74:47:62:48'),(1387,'0CD746BE7F10','5618565736','2016-01-31 17:07:06','AC:86:74:47:46:10'),(1388,'40B395766F4D','123-321-1234','2016-01-31 17:07:21','AC:86:74:43:61:B0'),(1389,'B844D92C27F5','5617779956','2016-01-31 20:02:48','AC:86:74:47:46:10'),(1390,'B844D91C5257','3057783131','2016-01-31 20:24:13','AC:86:74:43:61:B0'),(1391,'D0331169944D','954-803-8226','2016-01-31 21:29:53','AC:86:74:47:46:10'),(1392,'1C56FE87A107','3477979188','2016-01-31 21:56:00','AC:86:74:47:62:48'),(1393,'149A10ECA204','3478217673','2016-01-31 22:48:51','AC:86:74:47:A2:80'),(1394,'80E650C4B832','9175660591','2016-01-31 23:58:13','AC:86:74:43:61:B0'),(1395,'4C7C5F63453F','3479042122','2016-02-01 00:02:54','AC:86:74:47:A2:80'),(1396,'F409D8892E51','9177226364','2016-02-01 00:06:23','AC:86:74:47:46:10'),(1397,'7081EB7073A6','3476121600','2016-02-01 18:10:09','AC:86:74:47:4D:30'),(1398,'F409D8892E51','9177226364','2016-02-01 19:01:44','AC:86:74:47:46:10'),(1399,'80E650C5689B','9732491359','2016-02-01 19:02:30','AC:86:74:43:61:B0'),(1400,'C8B5B77CC835','9737732906','2016-02-01 19:03:14','AC:86:74:43:61:B0'),(1401,'7081EB7073A6','3476121600','2016-02-01 19:18:25','AC:86:74:47:4D:30'),(1402,'D087E205370F','2124510987','2016-02-01 19:50:22','AC:86:74:47:4D:30'),(1673,'28BAB586B827','9175486433','2016-03-17 23:27:04','AC:86:74:47:46:10'),(1404,'D087E205370F','2124510987','2016-02-01 20:58:09','AC:86:74:47:4D:30'),(1405,'A80600675277','9146756543','2016-02-01 21:44:00','AC:86:74:47:A2:80'),(1672,'C0CECD43BD9E','9739023977','2016-03-17 23:26:58','AC:86:74:47:4D:90'),(1407,'0C3E9FE37979','3477400563','2016-02-01 22:37:02','AC:86:74:47:62:48'),(1671,'F437B786F1DD','973-424-3866','2016-03-17 23:21:04','AC:86:74:47:4D:90'),(1409,'64BC0C0E5FB3','9144794063','2016-02-01 22:53:34','AC:86:74:47:62:48'),(1410,'B844D9D7E547','9178471700','2016-02-03 00:14:04','AC:86:74:43:61:B0'),(1411,'6C400850E91F','9543287341','2016-02-03 14:09:31','AC:86:74:43:61:B0'),(1412,'60512CA1D550','7184130844','2016-02-03 21:13:57','AC:86:74:47:A2:80'),(1679,'908D6CCC2658','9734613564','2016-03-18 11:42:45','AC:86:74:47:4D:90'),(1414,'4CBB5880B6B8','9177483695','2016-02-03 21:44:59','AC:86:74:47:78:A0'),(1415,'9CFC01829EA5','646-4945054','2016-02-03 22:36:34','AC:86:74:43:61:C0'),(1669,'F8279366ADA8','7281649164','2016-03-17 22:26:17','AC:86:74:47:45:E8'),(1668,'D0034B805D36','5271962718','2016-03-17 22:22:12','AC:86:74:47:45:E8'),(1418,'78FD94BA8FF1','9147172311','2016-02-04 14:08:13','AC:86:74:47:4D:30'),(1419,'78FD94BA8FF1','9147172311','2016-02-04 15:19:21','AC:86:74:47:4D:30'),(1420,'38CADA8A2B86','9542427278','2016-02-04 16:34:45','AC:86:74:43:61:B0'),(1421,'9CFC014F3922','516-458-2742','2016-02-04 17:23:42','AC:86:74:47:46:10'),(1422,'606944E62EB8','9292396296','2016-02-04 18:09:19','AC:86:74:47:A2:80'),(1423,'606944E62EB8','9292396296','2016-02-04 20:39:35','AC:86:74:47:A2:80'),(1424,'60512CA1D550','7184130844','2016-02-04 21:36:44','AC:86:74:47:A2:80'),(1425,'CC29F5881765','3479125714','2016-02-04 22:34:26','AC:86:74:47:62:48'),(1426,'58B03574CAE0','917-626-5710','2016-02-04 23:07:34','AC:86:74:47:4D:30'),(1678,'70ECE4630039','9176265710','2016-03-18 03:59:25','AC:86:74:47:57:A8'),(1428,'78FD942BE01B','650-207-1751','2016-02-04 23:59:49','AC:86:74:43:61:70'),(1429,'4CBB5880B6B8','9177483695','2016-02-05 00:04:09','AC:86:74:47:4D:30'),(1430,'34A3958B3A30','5164390634','2016-02-05 00:09:43','AC:86:74:47:4D:30'),(1431,'9060F15B6A12','715-579-4179','2016-02-05 00:10:20','AC:86:74:47:46:10'),(1432,'60512CA1D550','7184130844','2016-02-05 00:10:56','AC:86:74:47:A2:80'),(1433,'6C72E74FE9FA','5619004273','2016-02-05 00:31:01','AC:86:74:43:61:B0'),(1434,'34A3958B3A30','5164390634','2016-02-05 01:17:18','AC:86:74:47:4D:30'),(1435,'34A3958B3A30','5164390634','2016-02-05 02:04:00','AC:86:74:47:4D:30'),(1436,'6C400850E91F','9543287341','2016-02-05 13:54:49','AC:86:74:47:46:10'),(1437,'544E903B705F','9185349265','2016-02-05 17:45:32','AC:86:74:47:46:10'),(1438,'606944E62EB8','9292396296','2016-02-05 19:45:53','AC:86:74:47:62:48'),(1439,'CC3D82CDCFFD','5615721314','2016-02-05 19:59:24','AC:86:74:47:46:10'),(1440,'4C7C5F829392','7185190218','2016-02-05 21:01:43','AC:86:74:47:A2:80'),(1441,'4CBB5880B6B8','9177483695','2016-02-05 21:21:55','AC:86:74:47:78:A0'),(1442,'DC86D89E087B','5617029179','2016-02-05 23:32:04','AC:86:74:47:46:10'),(1443,'A018283AD982','6467719561','2016-02-07 19:25:41','AC:86:74:47:62:48'),(1444,'B8098AE3437D','5616170102','2016-02-07 21:33:18','AC:86:74:47:46:10'),(1445,'587F5737958F','9292482292','2016-02-08 15:45:07','AC:86:74:47:62:48'),(1446,'6C72E7B41CD6','7867739964','2016-02-08 16:22:02','AC:86:74:43:61:B0'),(1447,'6C72E79ED62B','3052970039','2016-02-08 16:24:43','AC:86:74:43:61:B0'),(1448,'A018289996FA','973-632-6198','2016-02-08 17:00:35','AC:86:74:47:4D:30'),(1449,'1C5CF290CF3D','4843731710','2016-02-08 17:43:13','AC:86:74:47:A2:80'),(1450,'58B03574CAE0','917-626-5710','2016-02-08 18:43:11','AC:86:74:47:4D:30'),(1667,'90B686893210','3052445419','2016-03-17 21:25:12','AC:86:74:47:46:10'),(1452,'D437D72BEF60','6469432017','2016-02-08 19:19:47','AC:86:74:47:62:48'),(1666,'38CADA661B4D','9179696982','2016-03-17 19:59:06','AC:86:74:47:A2:80'),(1665,'0C4885FDECC4','3473334545','2016-03-17 19:33:58','AC:86:74:47:4D:30'),(1455,'A4B805D301D1','2164103338','2016-02-08 21:24:20','AC:86:74:43:61:B0'),(1456,'B48B197CBF8E','9147140337','2016-02-08 21:35:24','AC:86:74:47:46:10'),(1457,'8C58775034B9','9177339466','2016-02-08 21:37:34','AC:86:74:47:46:10'),(1458,'C0639490BAAC','6464097166','2016-02-08 21:59:18','AC:86:74:47:62:48'),(1459,'606944E62EB8','9292396296','2016-02-09 14:53:13','AC:86:74:47:A2:80'),(1460,'881FA168A9A8','440-476-7553','2016-02-09 15:25:43','AC:86:74:47:46:10'),(1461,'1C5CF2198884','2124567654','2016-02-09 17:25:45','AC:86:74:47:4D:30'),(1462,'80006EC3A5AE','514-378-4804','2016-02-09 21:03:53','AC:86:74:43:61:B0'),(1463,'C01ADA66CCE9','3055022916','2016-02-09 22:15:54','AC:86:74:47:46:10'),(1464,'104A7DB68F41','5619049201','2016-02-09 23:11:46','AC:86:74:43:61:B0'),(1465,'8C7C9237D7DE','5185282457','2016-02-10 17:34:52','AC:86:74:47:4D:30'),(1466,'703EACAB286A','5513956676','2016-02-10 19:09:27','AC:86:74:47:46:10'),(1467,'344DF778589C','2067695242','2016-02-10 20:09:22','AC:86:74:47:46:10'),(1468,'CC29F558A650','7183243810','2016-02-10 22:30:55','AC:86:74:47:A2:80'),(1469,'F437B7D2658B','8134515862','2016-02-10 22:53:46','AC:86:74:47:46:10'),(1470,'142D27A57475','3035027872','2016-02-10 22:53:53','AC:86:74:47:46:10'),(1471,'60512CA1D550','7184130844','2016-02-10 23:44:37','AC:86:74:47:A2:80'),(1472,'20A2E4C237E0','2672545434','2016-02-11 12:09:22','AC:86:74:47:46:10'),(1473,'98E0D9AABA27','7187378319','2016-02-11 18:02:32','AC:86:74:47:4D:30'),(1474,'787E618652F5','3474786451','2016-02-11 20:00:47','AC:86:74:47:A2:80'),(1475,'5C969D04BA07','9178255275','2016-02-11 20:17:58','AC:86:74:47:4D:30'),(1476,'E8508B4D8317','3473580150','2016-02-11 20:36:24','AC:86:74:47:4D:30'),(1477,'34363B30E26A','5616280130','2016-02-11 20:49:44','AC:86:74:47:46:10'),(1478,'5C969D04BA07','9178255275','2016-02-11 21:18:32','AC:86:74:47:4D:30'),(1479,'4CBB5880B6B8','9177483695','2016-02-11 21:42:15','AC:86:74:47:78:A0'),(1480,'606944E62EB8','9292396296','2016-02-11 21:51:42','AC:86:74:47:A2:80'),(1481,'E8508B4D8317','3473580150','2016-02-11 22:01:21','AC:86:74:47:4D:30'),(1482,'B48B197CBF8E','9147140337','2016-02-11 22:28:18','AC:86:74:47:46:10'),(1483,'8C58775034B9','9177339466','2016-02-11 22:30:51','AC:86:74:47:46:10'),(1484,'64899A3632AB','347-339-6172','2016-02-11 23:15:09','AC:86:74:47:62:48'),(1485,'80006EAB05A9','7184906488','2016-02-11 23:36:45','AC:86:74:47:A2:80'),(1486,'606944E62EB8','9292396296','2016-02-11 23:49:46','AC:86:74:47:A2:80'),(1487,'A43135B53100','4103582681','2016-02-12 17:44:42','AC:86:74:43:61:B0'),(1488,'606944E62EB8','9292396296','2016-02-12 21:23:53','AC:86:74:47:A2:80'),(1489,'B4F0AB7770FB','4108187977','2016-02-14 01:26:28','AC:86:74:47:46:10'),(1490,'FCC2DEA58152','5619011165','2016-02-14 17:21:38','AC:86:74:47:46:10'),(1491,'2CB43A9ADFCC','9546116126','2016-02-14 19:41:24','AC:86:74:47:46:10'),(1492,'A0182870A0B5','3476074274','2016-02-14 21:18:08','AC:86:74:47:A2:80'),(1493,'14109FBFB8EA','6468534243','2016-02-15 16:34:11','AC:86:74:47:A2:80'),(1494,'64A3CB43421B','3476359805','2016-02-15 16:50:33','AC:86:74:47:A2:80'),(1495,'FCDBB3769623','9043091224','2016-02-15 17:26:08','AC:86:74:47:46:10'),(1496,'48E9F141156B','8023991281','2016-02-15 18:30:26','AC:86:74:47:46:10'),(1497,'60512CA1D550','7184130844','2016-02-15 21:17:53','AC:86:74:47:A2:80'),(1498,'985AEB9ECF3B','9293746576','2016-02-15 21:30:15','AC:86:74:47:A2:80'),(1499,'60512CA1D550','7184130844','2016-02-15 23:14:31','AC:86:74:47:A2:80'),(1500,'48437CC1F2AB','3472781748','2016-02-16 00:56:25','AC:86:74:47:A2:80'),(1501,'A88E24D852DE','8454018168','2016-02-16 00:58:22','AC:86:74:47:A2:80'),(1502,'FCE998BCE9C6','6478802900','2016-02-16 15:34:20','AC:86:74:47:46:10'),(1503,'34E2FDDCC031','917-340-1530','2016-02-16 16:32:29','AC:86:74:47:A2:80'),(1504,'ACBC3218927E','9544574685','2016-02-16 16:40:10','AC:86:74:47:46:10'),(1505,'0C47C9474341','718-938-7179','2016-02-16 16:57:02','AC:86:74:47:46:10'),(1506,'70ECE443217E','3472903511','2016-02-16 17:22:24','AC:86:74:47:A2:80'),(1507,'20A2E405401D','2153427043','2016-02-16 19:25:31','AC:86:74:47:46:10'),(1508,'60512CA1D550','7184130844','2016-02-16 20:13:39','AC:86:74:47:A2:80'),(1509,'606944E62EB8','9292396296','2016-02-16 20:56:35','AC:86:74:47:A2:80'),(1510,'70ECE47380CB','9864204600','2016-02-16 21:01:11','AC:86:74:47:46:10'),(1511,'F409D88568CD','7669815300','2016-02-16 21:09:43','AC:86:74:47:46:10'),(1512,'ACFDEC6A7454','7183858783','2016-02-17 14:26:24','AC:86:74:47:4D:30'),(1513,'34A395015652','7183858783','2016-02-17 14:39:58','AC:86:74:47:4D:30'),(1514,'ACFDEC6A7454','7183858783','2016-02-17 16:55:50','AC:86:74:47:4D:30'),(1515,'C81EE77DA8FA','9148868114','2016-02-17 20:31:39','AC:86:74:47:4D:30'),(1516,'C885508460BB','917-345-6376','2016-02-17 23:41:18','AC:86:74:47:A2:80'),(1517,'606944E62EB8','9292396296','2016-02-18 20:14:09','AC:86:74:47:A2:80'),(1518,'60512CA1D550','7184130844','2016-02-19 00:27:28','AC:86:74:47:A2:80'),(1519,'5C8D4E6572F2','3472104043','2016-02-19 15:58:46','AC:86:74:47:A2:80'),(1520,'1C5CF290CF3D','4843731710','2016-02-19 16:21:27','AC:86:74:47:A2:80'),(1521,'400E852BDDEA','5162052740','2016-02-19 18:04:37','AC:86:74:47:A2:80'),(1522,'1C5CF290CF3D','4843731710','2016-02-19 20:04:17','AC:86:74:47:A2:80'),(1664,'800184E4D6F2','9737556652','2016-03-17 19:25:29','AC:86:74:47:4D:90'),(1524,'A4B80587B52B','3478520632','2016-02-19 21:54:05','AC:86:74:47:A2:80'),(1525,'5C8D4E42F5D3','8579309448','2016-02-20 19:22:05','AC:86:74:43:61:C0'),(1526,'48437CBEBF6D','3471846184','2016-02-20 21:49:07','AC:86:74:43:61:98'),(1527,'AC293AC31AB8','6463382723','2016-02-21 23:37:34','AC:86:74:47:A2:80'),(1528,'60512CA1D550','7184130844','2016-02-22 22:12:56','AC:86:74:47:A2:80'),(1529,'587F57BE14FF','9177367046','2016-02-22 23:12:35','AC:86:74:47:A2:80'),(1530,'E0C76712A5D0','917-924-0172','2016-02-23 00:15:51','AC:86:74:47:A2:80'),(1531,'EC1F727B239C','3473226311','2016-02-23 16:42:52','AC:86:74:47:A2:80'),(1532,'CC785F5DE4B0','6463238237','2016-02-23 19:51:29','AC:86:74:47:A2:80'),(1533,'5C97F312C4BA','203-863-8200','2016-02-24 16:21:16','AC:86:74:47:4D:30'),(1534,'FCFC48AAEDC1','9145841973','2016-02-24 16:24:19','AC:86:74:47:4D:30'),(1535,'FCFC48AAEDC1','9145841973','2016-02-24 17:28:46','AC:86:74:47:4D:30'),(1536,'5C97F312C4BA','203-863-8200','2016-02-24 17:41:55','AC:86:74:47:4D:30'),(1537,'60512CA1D550','7184130844','2016-02-24 21:20:27','AC:86:74:47:A2:80'),(1538,'2C54CFD35D38','3474782217','2016-02-24 22:11:46','AC:86:74:47:A2:80'),(1539,'606944E62EB8','9292396296','2016-02-25 19:59:58','AC:86:74:47:A2:80'),(1540,'18E7F43BA0FE','3476147861','2016-02-25 20:52:07','AC:86:74:47:A2:80'),(1541,'38CADA661B4D','9179696982','2016-02-25 21:04:29','AC:86:74:47:A2:80'),(1542,'60512CA1D550','7184130844','2016-02-25 23:54:40','AC:86:74:47:A2:80'),(1543,'10417F75BDBF','7328828525','2016-02-26 01:34:25','AC:86:74:43:61:98'),(1544,'5CADCF17B65F','6467141477','2016-02-26 01:38:31','AC:86:74:43:61:70'),(1545,'606944E62EB8','9292396296','2016-02-28 22:07:18','AC:86:74:47:A2:80'),(1546,'78D75F1C6AE3','201-314-0604','2016-02-29 17:15:42','AC:86:74:47:4D:30'),(1547,'A0999B30E350','2012809821','2016-02-29 17:25:15','AC:86:74:47:4D:30'),(1548,'90B686E7FDD8','2017053431','2016-02-29 17:35:23','AC:86:74:47:4D:30'),(1549,'78D75F1C6AE3','201-314-0604','2016-02-29 18:23:19','AC:86:74:47:4D:30'),(1550,'A0999B30E350','2012809821','2016-02-29 18:56:44','AC:86:74:47:4D:30'),(1551,'60512CA1D550','7184130844','2016-02-29 23:14:35','AC:86:74:47:A2:80'),(1552,'38AA3C37D0CA','7186900165','2016-03-01 15:08:34','AC:86:74:47:A2:80'),(1553,'1C5CF290CF3D','4843731710','2016-03-01 19:12:02','AC:86:74:47:A2:80'),(1554,'606944E62EB8','9292396296','2016-03-01 19:12:15','AC:86:74:47:A2:80'),(1555,'60512CA1D550','7184130844','2016-03-03 14:41:41','AC:86:74:47:A2:80'),(1556,'60512CA1D550','7184130844','2016-03-03 15:45:16','AC:86:74:47:A2:80'),(1557,'C885509B7253','7183386222','2016-03-03 16:06:41','AC:86:74:47:4D:30'),(1558,'60512CA1D550','7184130844','2016-03-03 18:11:19','AC:86:74:47:A2:80'),(1559,'684898B562D1','5169469779','2016-03-03 19:15:23','AC:86:74:47:46:10'),(1560,'A4313580C18E','5613505965','2016-03-03 22:01:24','AC:86:74:43:61:B0'),(1663,'0C4885FDECC4','3473334545','2016-03-17 17:06:05','AC:86:74:47:4D:30'),(1562,'606944E62EB8','9292396296','2016-03-04 00:02:34','AC:86:74:47:A2:80'),(1563,'64899A8594AC','0015667892','2016-03-04 00:22:31','AC:86:74:43:61:C0'),(1564,'E0CBEE4269DF','5162045819','2016-03-04 00:23:52','AC:86:74:47:45:E8'),(1565,'1CB09412BBFA','0167745747','2016-03-04 00:25:07','AC:86:74:43:61:C0'),(1566,'BC6C21D2B552','5614609455','2016-03-04 15:55:39','AC:86:74:43:61:B0'),(1567,'78E8B6F54ADD','347-972-9692','2016-03-04 16:24:38','AC:86:74:47:A2:80'),(1568,'9CFC014F3922','516-458-2742','2016-03-04 16:29:32','AC:86:74:47:46:10'),(1569,'BC6C21D2B552','5614609455','2016-03-04 17:02:03','AC:86:74:43:61:B0'),(1570,'60512CA1D550','7184130844','2016-03-04 19:39:05','AC:86:74:47:A2:80'),(1571,'BC6C21D2B552','5614609455','2016-03-04 20:33:18','AC:86:74:43:61:B0'),(1572,'60512CA1D550','7184130844','2016-03-04 21:23:46','AC:86:74:47:A2:80'),(1573,'8C5877288E31','5617016087','2016-03-04 21:37:09','AC:86:74:47:46:10'),(1574,'8C5877288E31','5617016087','2016-03-04 22:45:48','AC:86:74:47:46:10'),(1575,'BC6C21D2B552','5614609455','2016-03-04 23:49:48','AC:86:74:47:46:10'),(1576,'FCDBB33F15BC','3057250043','2016-03-05 16:16:20','AC:86:74:43:61:B0'),(1577,'BC6C21D2B552','5614609455','2016-03-05 17:32:30','AC:86:74:43:61:B0'),(1578,'549F133ACE28','7546102897','2016-03-05 18:23:32','AC:86:74:43:61:B0'),(1579,'7CC3A1829467','9545127056','2016-03-05 18:28:55','AC:86:74:47:46:10'),(1580,'A8667FB735A7','9545515121','2016-03-06 18:56:01','AC:86:74:43:61:B0'),(1581,'60512CA1D550','7184130844','2016-03-06 19:43:55','AC:86:74:47:A2:80'),(1582,'60512CA1D550','7184130844','2016-03-06 23:03:45','AC:86:74:47:A2:80'),(1583,'C0BDD117BDCA','3473035398','2016-03-07 19:10:04','AC:86:74:47:A2:80'),(1584,'60512CA1D550','7184130844','2016-03-07 19:55:31','AC:86:74:47:A2:80'),(1585,'BC6C21D2B552','5614609455','2016-03-07 19:57:53','AC:86:74:47:46:10'),(1586,'E48B7FD542BD','7326915201','2016-03-07 21:13:06','AC:86:74:43:61:B0'),(1587,'70ECE48465F4','610-331-3664','2016-03-07 22:23:55','AC:86:74:47:46:10'),(1588,'D02598E42632','5617892670','2016-03-08 15:55:51','AC:86:74:47:46:10'),(1589,'FCE998D60067','3478205411','2016-03-08 17:40:11','AC:86:74:47:A2:80'),(1590,'1C5CF2E5518F','5616549083','2016-03-08 19:41:32','AC:86:74:47:46:10'),(1591,'60512CA1D550','7184130844','2016-03-08 20:05:31','AC:86:74:47:A2:80'),(1592,'A0999B1E156B','3058796604','2016-03-08 20:32:47','AC:86:74:47:46:10'),(1593,'606944E62EB8','9292396296','2016-03-08 21:08:25','AC:86:74:47:A2:80'),(1594,'544E9092B8E7','9543838690','2016-03-08 21:38:40','AC:86:74:43:61:B0'),(1595,'ACBC32BABC5B','2154000349','2016-03-08 22:33:02','AC:86:74:43:61:98'),(1596,'A45E6071E41E','6464891490','2016-03-08 23:18:28','AC:86:74:47:A2:80'),(1597,'FCE998D60067','3478205411','2016-03-08 23:19:13','AC:86:74:47:A2:80'),(1598,'485A3F7ED536','8509025455','2016-03-09 15:44:30','AC:86:74:47:46:10'),(1599,'BC6C21D2B552','5614609455','2016-03-09 17:04:16','AC:86:74:43:61:B0'),(1600,'BC6C21D2B552','5614609455','2016-03-09 17:56:24','AC:86:74:47:46:10'),(1601,'FCE998D60067','3478205411','2016-03-09 20:12:10','AC:86:74:47:A2:80'),(1602,'600308A44664','908-635-1515','2016-03-10 13:35:13','AC:86:74:43:61:70'),(1603,'10417F50501B','347-275-7747','2016-03-10 17:31:03','AC:86:74:47:A2:80'),(1604,'B8098AE3437D','5616170102','2016-03-10 19:50:13','AC:86:74:43:61:B0'),(1605,'C421C860AB50','8625793541','2016-03-10 20:59:33','AC:86:74:47:4D:90'),(1606,'60512CA1D550','7184130844','2016-03-10 21:18:07','AC:86:74:47:A2:80'),(1607,'F832E42C4777','3478830671','2016-03-10 21:47:08','AC:86:74:43:61:C0'),(1608,'60512CA1D550','7184130844','2016-03-11 00:01:45','AC:86:74:47:A2:80'),(1609,'CC29F55F370E','2016268070','2016-03-11 14:19:28','AC:86:74:47:4D:90'),(1610,'400E852BDDEA','5162052738','2016-03-11 14:20:51','AC:86:74:47:A2:80'),(1611,'CC29F55F370E','2016268070','2016-03-11 16:52:26','AC:86:74:47:4D:90'),(1612,'F0DBE282DF50','9012406216','2016-03-11 17:14:35','AC:86:74:43:61:B0'),(1613,'FCE998D60067','3478205411','2016-03-11 17:40:03','AC:86:74:47:A2:80'),(1614,'044BED277888','9176623457','2016-03-11 22:26:35','AC:86:74:47:A2:80'),(1615,'FCDBB33F15BC','3057250043','2016-03-12 16:19:52','AC:86:74:47:46:10'),(1616,'784B8740D87A','5618707997','2016-03-12 20:57:06','AC:86:74:47:46:10'),(1617,'382DE8178554','5613051303','2016-03-12 23:57:27','AC:86:74:43:61:B0'),(1618,'F8F1B61A3074','917-566-0474','2016-03-13 01:18:17','AC:86:74:43:61:B0'),(1619,'50CCF86A41E4','347-595-5522','2016-03-13 01:22:37','AC:86:74:43:61:B0'),(1620,'6476BABCF80F','9175667367','2016-03-13 04:39:03','AC:86:74:43:61:B0'),(1621,'3423BA13283C','9175668448','2016-03-13 04:41:45','AC:86:74:47:46:10'),(1622,'28BAB586B827','9175486433','2016-03-13 18:21:00','AC:86:74:47:46:10'),(1623,'D03311B35F29','7872217533','2016-03-13 18:44:08','AC:86:74:43:61:B0'),(1624,'606944E62EB8','9292396296','2016-03-13 19:29:22','AC:86:74:47:A2:80'),(1625,'6C72E799C70A','3477350093','2016-03-13 19:33:21','AC:86:74:47:A2:80'),(1626,'FCDBB34C705C','5613506191','2016-03-13 19:33:51','AC:86:74:47:46:10'),(1627,'F02765993845','646-474-6267','2016-03-13 20:33:23','AC:86:74:47:A2:80'),(1628,'1C5CF241EA95','7184902263','2016-03-13 22:52:26','AC:86:74:47:A2:80'),(1629,'48E9F1DD9BF1','9739910846','2016-03-14 13:28:21','AC:86:74:47:4D:90'),(1630,'FCE998D60067','3478205411','2016-03-14 16:36:01','AC:86:74:47:A2:80'),(1631,'446D6C67503F','9543832848','2016-03-14 18:41:06','AC:86:74:47:46:10'),(1632,'6C94F85D6BBF','917-275-2000','2016-03-14 19:57:56','AC:86:74:47:A2:80'),(1633,'60512CA1D550','7184130844','2016-03-14 21:18:22','AC:86:74:47:A2:80'),(1634,'50F0D36FF798','6466247128','2016-03-15 13:48:06','AC:86:74:47:4D:90'),(1635,'CC29F53C64FF','8622676722','2016-03-15 13:56:32','AC:86:74:47:4D:90'),(1636,'2C8A7283734D','8622369931','2016-03-15 14:07:23','AC:86:74:47:4D:90'),(1637,'CC29F53C64FF','8622676722','2016-03-15 15:02:23','AC:86:74:47:4D:90'),(1638,'B48B193FBC1C','7187895408','2016-03-15 15:43:08','AC:86:74:47:4D:30'),(1639,'60512CA1D550','7184130844','2016-03-15 16:26:43','AC:86:74:47:A2:80'),(1640,'B48B193FBC1C','7187895408','2016-03-15 16:45:52','AC:86:74:47:4D:30'),(1641,'24E314E1AD34','9737691337','2016-03-15 19:05:36','AC:86:74:47:4D:90'),(1642,'2055312AEF01','9737574626','2016-03-15 19:18:26','AC:86:74:47:4D:90'),(1643,'A4B805DFE8A1','6096781243','2016-03-15 19:50:16','AC:86:74:47:4D:30'),(1644,'D4F46FC9F790','2124720086','2016-03-15 19:52:32','AC:86:74:47:4D:30'),(1645,'C0BDD13E4FB4','7189900845','2016-03-16 14:02:02','AC:86:74:47:4D:30'),(1646,'A4B8058966E7','9179390068','2016-03-16 14:07:19','AC:86:74:47:4D:90'),(1647,'60F189120A03','9738973660','2016-03-16 15:38:48','AC:86:74:47:4D:90'),(1648,'FCDBB3200AC9','2016479911','2016-03-16 15:58:33','AC:86:74:47:4D:90'),(1649,'24A2E1CC3B72','6465320794','2016-03-16 16:47:18','AC:86:74:47:A2:80'),(1650,'F05B7B9A8B06','2012216513','2016-03-16 17:18:59','AC:86:74:47:45:E8'),(1651,'FCC2DE54591A','9736538605','2016-03-16 17:50:33','AC:86:74:47:4D:90'),(1652,'A45E6044C423','3472937592','2016-03-16 19:16:25','AC:86:74:47:A2:80'),(1653,'90FD61AA3623','9738096679','2016-03-16 21:32:38','AC:86:74:47:4D:90'),(1654,'60512CA1D550','7184130844','2016-03-16 22:18:34','AC:86:74:47:A2:80'),(1659,'2C8A7283734D','8622369931','2016-03-17 14:40:16','AC:86:74:47:4D:90'),(1693,'1C5CF2E5518F','5616549083','2016-03-19 11:56:08','AC:86:74:47:46:10'),(1694,'9CFC014F3922','516-458-2742','2016-03-19 17:05:43','AC:86:74:47:46:10'),(1695,'9CFC014F3922','516-458-2742','2016-03-19 18:16:49','AC:86:74:47:46:10'),(1696,'9072408DC481','3475555555','2016-03-20 01:43:26','AC:86:74:47:46:10'),(1697,'0C3021079CB8','561-305-7346','2016-03-20 16:19:54','AC:86:74:47:46:10'),(1698,'6476BABDB10D','7723406316','2016-03-20 20:15:38','AC:86:74:47:46:10'),(1699,'18F643AAB95B','9143598108','2016-03-20 20:35:11','AC:86:74:47:A2:80'),(1700,'FCE998D60067','3478205411','2016-03-20 21:42:30','AC:86:74:47:A2:80'),(1701,'60512CA1D550','7184130844','2016-03-20 23:37:11','AC:86:74:47:A2:80'),(1702,'00CDFE03EB42','9738300307','2016-03-21 12:47:57','AC:86:74:47:4D:90'),(1703,'EC1F7284E92D','9722451179','2016-03-21 13:04:42','AC:86:74:47:4D:90'),(1704,'00CDFE03EB42','9738300307','2016-03-21 15:10:40','AC:86:74:47:4D:90'),(1705,'4C7C5F2D99B0','9732487428','2016-03-21 15:24:57','AC:86:74:47:4D:90'),(1706,'440010043504','6463864793','2016-03-21 15:34:52','AC:86:74:47:A2:80'),(1707,'2CF0EEA2740C','9733427519','2016-03-21 15:49:22','AC:86:74:47:4D:90'),(1708,'6C72E78373D2','9733427519','2016-03-21 15:51:48','AC:86:74:47:4D:90'),(1709,'0C4885FDECC4','3473334545','2016-03-21 16:51:25','AC:86:74:47:4D:30'),(1710,'400E852BDDEA','5162056789','2016-03-21 17:25:20','AC:86:74:47:A2:80'),(1711,'3871DE20106C','5516451312','2016-03-21 19:43:53','AC:86:74:47:4D:90'),(1712,'087045D5EC1A','9173703127','2016-03-21 21:24:05','AC:86:74:47:A2:80'),(1713,'908D6CC26186','2018887255','2016-03-22 12:38:44','AC:86:74:47:4D:90'),(1714,'9CFC01E0F3C8','9082203589','2016-03-22 13:01:03','AC:86:74:47:4D:90'),(1715,'60512CA1D550','7184130844','2016-03-22 13:22:57','AC:86:74:47:A2:80'),(1730,'0C4885FDECC4','3473334545','2016-03-23 12:59:24','AC:86:74:47:4D:30'),(1717,'1430C6C198D2','2012507820','2016-03-22 14:28:41','AC:86:74:47:4D:90'),(1718,'2C8A7283734D','8622369931','2016-03-22 15:16:45','AC:86:74:47:4D:90'),(1719,'0C4885FDECC4','3473334545','2016-03-22 16:42:57','AC:86:74:47:4D:30'),(1720,'60512CA1D550','7184130844','2016-03-22 16:59:13','AC:86:74:47:A2:80'),(1721,'0C3E9F5391EB','9179437323','2016-03-22 17:45:23','AC:86:74:47:4D:30'),(1722,'0C4885FDECC4','3473334545','2016-03-22 17:46:19','AC:86:74:47:4D:30'),(1723,'FCC2DE62DADF','2018776618','2016-03-22 17:52:10','AC:86:74:47:4D:90'),(1724,'FCC2DE62DADF','2018776618','2016-03-22 19:16:01','AC:86:74:47:4D:90'),(1725,'0C4885FDECC4','3473334545','2016-03-22 20:47:55','AC:86:74:47:4D:30'),(1726,'903C92A7CE0D','9148307202','2016-03-22 21:20:52','AC:86:74:47:A2:80'),(1727,'60512CA1D550','7184130844','2016-03-22 21:25:25','AC:86:74:47:A2:80'),(1728,'784B87B958FB','646-287-5465','2016-03-22 22:26:29','AC:86:74:47:A2:80'),(1729,'24A2E1C8FE43','3473920140','2016-03-22 23:13:33','AC:86:74:47:A2:80'),(1731,'B03495875D5F','8622024795','2016-03-23 13:33:48','AC:86:74:47:4D:90'),(1732,'D81D7211CBB9','2016284218','2016-03-23 13:36:20','AC:86:74:47:4D:90'),(1733,'0C153923830D','2017070421','2016-03-23 13:36:44','AC:86:74:47:4D:90'),(1734,'38CADA8962F7','8626863869','2016-03-23 13:42:33','AC:86:74:47:4D:90'),(1735,'0C4885FDECC4','3473334545','2016-03-23 14:06:40','AC:86:74:47:4D:30'),(1736,'E0B52DADD261','2016829990','2016-03-23 15:06:24','AC:86:74:47:4D:90'),(1737,'B898F7050DA9','9176153612','2016-03-23 15:10:14','AC:86:74:47:A2:80'),(1738,'CC20E811A31B','2012142741','2016-03-23 15:16:09','AC:86:74:47:4D:90'),(1739,'7831C16EED05','9088927487','2016-03-23 15:34:48','AC:86:74:47:4D:90'),(1740,'2C8A7283734D','8622369931','2016-03-23 16:07:45','AC:86:74:47:4D:90'),(1741,'FCE998D60067','3478205411','2016-03-23 16:32:20','AC:86:74:47:A2:80'),(1742,'C0CECD3C9D3B','8622353987','2016-03-23 17:40:52','AC:86:74:47:4D:90'),(1743,'3871DE20106C','5516451312','2016-03-23 17:41:26','AC:86:74:47:4D:90'),(1744,'34363B397925','3475857740','2016-03-23 17:47:34','AC:86:74:47:4D:30'),(1745,'0C4885FDECC4','3473334545','2016-03-23 18:21:35','AC:86:74:47:4D:30'),(1746,'60512CA1D550','7184130844','2016-03-23 19:24:33','AC:86:74:47:A2:80'),(1747,'70ECE48465F4','610-331-3664','2016-03-23 19:36:45','AC:86:74:47:46:10'),(1748,'0C4885FDECC4','3473334545','2016-03-23 19:54:59','AC:86:74:47:4D:30'),(1749,'C0CECD3C9D3B','8622353987','2016-03-23 20:03:08','AC:86:74:47:4D:90'),(1750,'E8508BC8610E','9178460331','2016-03-23 20:21:30','AC:86:74:47:46:10'),(1751,'60512CA1D550','7184130844','2016-03-23 21:05:26','AC:86:74:47:A2:80'),(1752,'FCE998D60067','3478205411','2016-03-23 21:30:58','AC:86:74:47:A2:80'),(1753,'6C72E7B2716E','7323950264','2016-03-23 22:04:14','AC:86:74:47:4D:90'),(1754,'2C8A7283734D','8622369931','2016-03-24 14:10:37','AC:86:74:47:4D:90'),(1755,'B48B19197813','6099153663','2016-03-24 16:03:04','AC:86:74:47:4D:30'),(1756,'C81EE7E11871','3107738894','2016-03-24 16:45:52','AC:86:74:47:46:10'),(1757,'087402D026F8','201-788-7939','2016-03-24 18:38:24','AC:86:74:47:4D:90'),(1758,'1C5CF23C1DD2','9148193854','2016-03-24 19:46:51','AC:86:74:47:A2:80'),(1759,'1430C6C198D2','2012507820','2016-03-24 20:50:57','AC:86:74:47:4D:90'),(1760,'0C3E9FAE5DC7','5614798979','2016-03-24 21:26:48','AC:86:74:47:46:10'),(1761,'60512CA1D550','7184130844','2016-03-24 21:37:51','AC:86:74:47:A2:80'),(1762,'00CDFEE264FB','9297321236','2016-03-24 23:20:10','AC:86:74:47:A2:80'),(1763,'FCE998D60067','3478205411','2016-03-24 23:22:49','AC:86:74:47:A2:80'),(1764,'0C3E9F9624CB','3476410839','2016-03-24 23:51:11','AC:86:74:47:A2:80'),(1765,'60512CA1D550','7184130844','2016-03-25 00:09:17','AC:86:74:47:A2:80'),(1766,'2C8A7283734D','8622369931','2016-03-25 15:57:42','AC:86:74:47:4D:90'),(1767,'FCE998D60067','3478205411','2016-03-25 16:31:40','AC:86:74:47:A2:80'),(1768,'E0ACCBDE8921','917-900-8928','2016-03-25 17:55:52','AC:86:74:47:A2:80'),(1769,'9060F15DFE92','347-777-9807','2016-03-25 17:57:42','AC:86:74:47:A2:80'),(1770,'A4B805684305','862-755-4278','2016-03-25 18:09:30','AC:86:74:47:4D:90'),(1771,'C0639420F443','6462585337','2016-03-25 18:28:53','AC:86:74:43:61:B0'),(1772,'6C72E74DD346','9146491604','2016-03-25 18:43:02','AC:86:74:43:61:B0'),(1773,'B48B199249D4','9176207480','2016-03-25 19:52:21','AC:86:74:47:A2:80'),(1774,'5C8D4E72D633','3475975526','2016-03-25 20:00:36','AC:86:74:47:A2:80'),(1775,'FCE998D60067','3478205411','2016-03-25 20:39:52','AC:86:74:47:A2:80'),(1776,'4CBB5880B6B8','9177483695','2016-03-25 21:00:59','AC:86:74:47:7A:B0'),(1777,'FCE998D60067','3478205411','2016-03-25 22:31:30','AC:86:74:47:A2:80'),(1778,'549F138220A9','5612714671','2016-03-26 13:21:08','AC:86:74:47:46:10'),(1779,'703EAC07ECB4','9736194784','2016-03-26 13:28:08','AC:86:74:47:4D:90'),(1780,'703EAC07ECB4','9736194784','2016-03-26 14:33:07','AC:86:74:47:4D:90'),(1781,'C86F1DEB5953','9735087140','2016-03-26 14:38:28','AC:86:74:47:4D:90'),(1782,'285AEB7030B7','9172254388','2016-03-26 15:12:41','AC:86:74:47:46:10'),(1783,'587F57367CB0','5145866532','2016-03-26 16:10:26','AC:86:74:47:78:A0'),(1784,'B8098AE4967C','7186298138','2016-03-26 18:46:38','AC:86:74:47:4D:30'),(1785,'701124C5AC6E','5169741800','2016-03-26 18:58:59','AC:86:74:47:78:A0'),(1786,'FCDBB34C705C','5613506191','2016-03-26 19:54:53','AC:86:74:47:46:10'),(1787,'703EACC8295F','561-289-3237','2016-03-26 20:19:26','AC:86:74:47:46:10'),(1788,'A4B805D9C116','9548180850','2016-03-26 20:31:04','AC:86:74:47:46:10'),(1789,'2CBE08B5F88C','9156463334','2016-03-26 21:32:10','AC:86:74:47:46:10'),(1790,'BC6C21CAB39B','845-422-1248','2016-03-27 02:13:21','AC:86:74:43:61:B0'),(1791,'70ECE4630039','9176265710','2016-03-27 03:15:34','AC:86:74:43:61:B0'),(1792,'544E903BB3FE','5165678221','2016-03-27 19:20:41','AC:86:74:47:45:E8'),(1793,'A0999B1E156B','3058796604','2016-03-27 19:25:14','AC:86:74:47:46:10'),(1794,'908D6CCC2658','9734613564','2016-03-28 11:50:13','AC:86:74:47:4D:90'),(1795,'48E9F1DD9BF1','9739910846','2016-03-28 12:57:40','AC:86:74:47:4D:90'),(1796,'48E9F1A26CDF','9733561026','2016-03-28 13:39:47','AC:86:74:47:4D:90'),(1797,'48E9F1DD9BF1','9739910846','2016-03-28 14:15:59','AC:86:74:47:4D:90'),(1798,'2C8A7283734D','8622369931','2016-03-28 14:25:11','AC:86:74:47:4D:90'),(1799,'48E9F1DD9BF1','9739910846','2016-03-28 15:18:26','AC:86:74:47:4D:90'),(1800,'B48B1950733C','9734930049','2016-03-28 15:32:21','AC:86:74:47:4D:90'),(1801,'00CDFE88AC36','862-202-8221','2016-03-28 18:30:48','AC:86:74:47:4D:90'),(1802,'703EAC5F20C4','3472522011','2016-03-28 19:17:40','AC:86:74:47:A2:80'),(1803,'00CDFE88AC36','862-202-8221','2016-03-28 19:36:37','AC:86:74:47:4D:90'),(1804,'C01ADA9382C9','9089561236','2016-03-28 20:24:51','AC:86:74:47:4D:90'),(1805,'544E90D92580','5612718499','2016-03-28 20:41:50','AC:86:74:47:46:10'),(1806,'D0034BA5ED96','5166804755','2016-03-28 21:20:53','AC:86:74:47:4D:30'),(1807,'C01ADA9382C9','9089561236','2016-03-28 21:26:32','AC:86:74:47:4D:90'),(1808,'B8098AE4967C','7186298138','2016-03-29 00:20:36','AC:86:74:47:4D:30'),(1809,'5CF5DA688074','9732191362','2016-03-29 12:29:37','AC:86:74:47:4D:90'),(1810,'5CF5DA688074','9732191362','2016-03-29 13:30:07','AC:86:74:47:4D:90'),(1811,'0C3E9F5242FC','201-777-7879','2016-03-29 13:59:10','AC:86:74:47:4D:90'),(1812,'1430C6C198D2','2012507820','2016-03-29 14:06:17','AC:86:74:47:4D:90'),(1813,'087402D026F8','201-788-7939','2016-03-29 14:13:20','AC:86:74:47:4D:90'),(1814,'DC2B2A597D1E','2138178000','2016-03-29 15:53:32','AC:86:74:47:4D:30'),(1815,'087402D026F8','201-788-7939','2016-03-29 16:26:04','AC:86:74:47:4D:90'),(1816,'A88E24CBF496','6319181672','2016-03-29 16:37:14','AC:86:74:47:4D:30'),(1817,'78D75F1674CF','901-550-2952','2016-03-29 17:25:43','AC:86:74:43:61:B0'),(1818,'FCC2DE62DADF','2018776618','2016-03-29 19:07:49','AC:86:74:47:4D:90'),(1819,'88CB8712617F','3476183092','2016-03-29 19:26:02','AC:86:74:47:A2:80'),(1820,'087402D026F8','201-788-7939','2016-03-29 19:27:15','AC:86:74:47:4D:90'),(1821,'78F882F23AB9','8625765650','2016-03-29 19:31:20','AC:86:74:47:4D:90'),(1822,'A039F7817F61','9176036553','2016-03-29 20:35:54','AC:86:74:47:78:A0'),(1823,'F0DBE28F9F12','9737800531','2016-03-29 21:18:40','AC:86:74:47:4D:90'),(1824,'A039F7817F61','9176036553','2016-03-29 21:38:22','AC:86:74:47:7A:B0'),(1825,'D0034BC7775F','9733959549','2016-03-29 22:38:32','AC:86:74:47:4D:90'),(1826,'908D6CCC2658','9734613564','2016-03-30 11:46:57','AC:86:74:47:4D:90'),(1827,'DC536065CC0A','9733033003','2016-03-30 14:03:41','AC:86:74:47:4D:30'),(1828,'1C994C6A415A','rodriguez.au','2016-03-30 14:18:54','AC:86:74:47:4D:90'),(1829,'CC20E8D861C0','9174349481','2016-03-30 14:21:32','AC:86:74:47:4C:C8'),(1830,'FCC2DE62DADF','2018776618','2016-03-30 14:32:20','AC:86:74:47:4D:90'),(1831,'CC20E8D861C0','9174349481','2016-03-30 15:51:19','AC:86:74:47:4C:C8'),(1832,'00AEFACE9390','201-249-1705','2016-03-30 18:42:45','AC:86:74:47:4C:C8'),(1833,'20A2E4F26E0C','862-202-5275','2016-03-30 20:07:01','AC:86:74:47:4D:90'),(1834,'FCC2DE50B5E5','6462292184','2016-03-30 21:14:35','AC:86:74:47:A2:80'),(1835,'A018288D856F','5618430893','2016-03-30 22:26:22','AC:86:74:47:46:10'),(1836,'0C3E9F649062','6465321828','2016-03-30 23:09:41','AC:86:74:47:A2:80'),(1837,'24E314DBBDC5','9175724082','2016-03-31 12:05:12','AC:86:74:47:4D:30'),(1838,'7C0191B1FC3E','7186172121','2016-03-31 14:19:23','AC:86:74:47:4D:30'),(1839,'A45E603FE349','3472777236','2016-03-31 14:24:03','AC:86:74:47:4D:30'),(1840,'34A395322330','201-249-9857','2016-03-31 14:48:55','AC:86:74:47:4D:90'),(1841,'F025B7E77C6C','3367576910','2016-03-31 15:23:31','AC:86:74:47:4D:30'),(1842,'A45E603FE349','3472777236','2016-03-31 15:29:37','AC:86:74:47:4D:30'),(1843,'7C0191B1FC3E','7186172121','2016-03-31 15:30:04','AC:86:74:47:4D:30'),(1844,'28E14C567D6C','862-271-3093','2016-03-31 15:55:15','AC:86:74:47:4D:90'),(1845,'1430C6C198D2','2012507820','2016-03-31 16:01:20','AC:86:74:47:4D:90'),(1846,'68DBCA2E1DC0','2016470254','2016-03-31 18:42:02','AC:86:74:47:4D:90'),(1847,'8C7C9237D7DE','5185282457','2016-03-31 19:41:49','AC:86:74:47:4D:30'),(1848,'A43135BFFDFD','7862662984','2016-03-31 19:56:53','AC:86:74:47:46:10'),(1849,'A0999B3011F5','9738092210','2016-03-31 19:58:54','AC:86:74:47:4D:90'),(1850,'CC25EF98CD7F','954-3737222','2016-03-31 20:03:10','AC:86:74:47:46:10'),(1851,'64899A1921F5','9582937586','2016-03-31 20:26:40','AC:86:74:47:4D:90'),(1853,'84B1536982BD','917-626-5710','2016-03-31 21:36:11','AC:86:74:47:46:10'),(1854,'D81D7243385D','3474661219','2016-03-31 23:40:32','AC:86:74:47:46:10'),(1855,'00C61022800F','213-897-2456','2016-03-31 23:52:03','AC:86:74:47:4D:90'),(1856,'0C3E9F5242FC','201-777-7879','2016-04-01 15:20:56','AC:86:74:47:4D:90'),(1857,'C8B5B7704C5E','9732872513','2016-04-01 15:57:45','AC:86:74:47:4D:90'),(1858,'34FCEFC2DB42','9732872513','2016-04-01 15:58:25','AC:86:74:47:4D:90'),(1859,'587F57355779','5165922901','2016-04-01 16:26:25','AC:86:74:47:46:10'),(1860,'90B6867A9C9D','2015555565','2016-04-01 17:11:27','AC:86:74:47:4D:90'),(1861,'B48B190CF148','6666666666','2016-04-01 17:12:21','AC:86:74:47:4D:90'),(1862,'4CCBF5AF1D1F','7325109059','2016-04-01 17:28:04','AC:86:74:47:4D:90'),(1863,'64A5C3DC0BBC','9739143367','2016-04-01 18:23:41','AC:86:74:47:4D:90'),(1864,'A018283E3E27','3474035676','2016-04-01 19:02:17','AC:86:74:47:A2:80'),(1865,'BC6C21D2B552','5614609455','2016-04-01 19:11:26','AC:86:74:47:46:10'),(1866,'A85B7835FE76','8627547320','2016-04-01 19:26:26','AC:86:74:47:4D:90'),(1867,'60512CA1D550','7184130844','2016-04-01 20:11:13','AC:86:74:47:A2:80'),(1868,'A0999B1E156B','3058796604','2016-04-01 20:50:19','AC:86:74:47:46:10'),(1869,'3CAB8EA830A5','754-242-4296','2016-04-01 20:51:32','AC:86:74:47:46:10'),(1870,'60512CA1D550','7184130844','2016-04-01 21:56:14','AC:86:74:47:A2:80'),(1871,'68AE2015DB20','9145367992','2016-04-01 22:05:01','AC:86:74:47:A2:80'),(1872,'689C709A1086','5614004319','2016-04-01 22:46:42','AC:86:74:43:61:B0'),(1874,'A4B8056C1175','7327571371','2016-04-03 15:50:09','AC:86:74:43:61:B0'),(1875,'B8098AE4967C','7186298138','2016-04-03 15:51:25','AC:86:74:47:4D:30'),(1877,'A0999B1E156B','3058796604','2016-04-03 19:58:48','AC:86:74:47:46:10'),(1878,'FCC2DE50B5E5','6462292184','2016-04-03 23:01:03','AC:86:74:47:A2:80'),(1879,'54724FC4CC5D','2012818462','2016-04-04 14:06:02','AC:86:74:47:4D:90'),(1880,'F0DBE2678511','6466214203','2016-04-04 14:22:22','AC:86:74:47:4D:30'),(1881,'78FD941FB9AF','2125551212','2016-04-04 15:10:55','AC:86:74:47:4D:30'),(1882,'F0DBE2678511','6466214203','2016-04-04 15:27:11','AC:86:74:47:4D:30'),(1883,'CC29F549D6A5','9083296656','2016-04-04 15:39:34','AC:86:74:47:4D:30'),(1884,'98E0D98AE38F','9083298872','2016-04-04 15:43:00','AC:86:74:47:4D:30'),(1885,'98E0D98AE38F','9083298872','2016-04-04 16:49:09','AC:86:74:47:4D:30'),(1886,'F0DBE2678511','6466214203','2016-04-04 16:50:03','AC:86:74:47:4D:30'),(1887,'CC29F549D6A5','9083296656','2016-04-04 16:57:06','AC:86:74:47:4D:30'),(1888,'507A55456A9B','973-715-9497','2016-04-04 17:07:34','AC:86:74:47:4D:90'),(1889,'7014A6B0740B','3475534764','2016-04-04 17:36:38','AC:86:74:47:4D:30'),(1890,'F0DBE2678511','6466214203','2016-04-04 17:55:19','AC:86:74:47:4D:30'),(1891,'7014A6B0740B','3475534764','2016-04-04 18:37:25','AC:86:74:47:4D:30'),(1892,'7014A6B0740B','3475534764','2016-04-04 19:41:40','AC:86:74:47:4D:30'),(1893,'CC20E8D861C0','9174349481','2016-04-04 20:06:13','AC:86:74:47:4C:C8'),(1894,'D8BB2C896F71','5612359667','2016-04-04 20:11:55','AC:86:74:43:61:B0'),(1895,'606944E62EB8','9292396296','2016-04-04 21:02:48','AC:86:74:47:A2:80'),(1896,'CC29F538F5E3','8015187512','2016-04-04 21:34:22','AC:86:74:47:4D:30'),(1897,'D8BB2C896F71','5612359667','2016-04-04 21:41:19','AC:86:74:43:61:B0'),(1898,'94E96ABAD30D','3477588162','2016-04-04 22:21:39','AC:86:74:47:A2:80'),(1899,'D8BB2C896F71','5612359667','2016-04-04 22:57:13','AC:86:74:43:61:B0'),(1900,'94E96ABAD30D','3477588162','2016-04-04 23:42:21','AC:86:74:47:A2:80'),(1901,'0C4885CA4527','5615031049','2016-04-05 00:54:18','AC:86:74:43:61:B0'),(1902,'D8BB2C896F71','5612359667','2016-04-05 01:14:13','AC:86:74:47:46:10'),(1903,'0C4885CA4527','5615031049','2016-04-05 02:38:12','AC:86:74:47:46:10');


